--
-- Host: localhost    Database: maitsvqb_asepong
-- ------------------------------------------------------


--
-- Current Database: `maitsvqb_asepong`
--


--
-- Table structure for table `wp_actionscheduler_actions`
--

CREATE TABLE `wp_actionscheduler_actions` (
  `action_id` bigint(20) unsigned NOT NULL AUTO_INCREMENT,
  `hook` varchar(191) NOT NULL,
  `status` varchar(20) NOT NULL,
  `scheduled_date_gmt` datetime DEFAULT '0000-00-00 00:00:00',
  `scheduled_date_local` datetime DEFAULT '0000-00-00 00:00:00',
  `args` varchar(191) DEFAULT NULL,
  `schedule` longtext DEFAULT NULL,
  `group_id` bigint(20) unsigned NOT NULL DEFAULT 0,
  `attempts` int(11) NOT NULL DEFAULT 0,
  `last_attempt_gmt` datetime DEFAULT '0000-00-00 00:00:00',
  `last_attempt_local` datetime DEFAULT '0000-00-00 00:00:00',
  `claim_id` bigint(20) unsigned NOT NULL DEFAULT 0,
  `extended_args` varchar(8000) DEFAULT NULL,
  `priority` tinyint(3) unsigned NOT NULL DEFAULT 10,
  PRIMARY KEY (`action_id`),
  KEY `hook` (`hook`),
  KEY `status` (`status`),
  KEY `scheduled_date_gmt` (`scheduled_date_gmt`),
  KEY `args` (`args`),
  KEY `group_id` (`group_id`),
  KEY `last_attempt_gmt` (`last_attempt_gmt`),
  KEY `claim_id` (`claim_id`),
  KEY `claim_id_status_scheduled_date_gmt` (`claim_id`,`status`,`scheduled_date_gmt`)
) ENGINE=InnoDB AUTO_INCREMENT=1041 DEFAULT CHARSET=utf8mb4 COLLATE=utf8mb4_unicode_ci;

--
-- Dumping data for table `wp_actionscheduler_actions`
--

INSERT INTO `wp_actionscheduler_actions` (`action_id`, `hook`, `status`, `scheduled_date_gmt`, `scheduled_date_local`, `args`, `schedule`, `group_id`, `attempts`, `last_attempt_gmt`, `last_attempt_local`, `claim_id`, `extended_args`, `priority`) VALUES (140,'action_scheduler/migration_hook','failed','2021-12-22 07:33:25','2021-12-22 07:33:25','[]','O:30:\"ActionScheduler_SimpleSchedule\":2:{s:22:\"\0*\0scheduled_timestamp\";i:1640158405;s:41:\"\0ActionScheduler_SimpleSchedule\0timestamp\";i:1640158405;}',1,1,'2023-06-22 11:25:24','2023-06-22 11:25:24',0,NULL,10),(148,'action_scheduler/migration_hook','failed','2023-06-23 12:05:49','2023-06-23 12:05:49','[]','O:30:\"ActionScheduler_SimpleSchedule\":2:{s:22:\"\0*\0scheduled_timestamp\";i:1687521949;s:41:\"\0ActionScheduler_SimpleSchedule\0timestamp\";i:1687521949;}',1,1,'2023-06-23 12:05:51','2023-06-23 12:05:51',0,NULL,10),(922,'wpforms_admin_addons_cache_update','complete','2024-02-10 19:17:18','2024-02-10 19:17:18','{\"tasks_meta_id\":17}','O:32:\"ActionScheduler_IntervalSchedule\":5:{s:22:\"\0*\0scheduled_timestamp\";i:1707592638;s:18:\"\0*\0first_timestamp\";i:1689334012;s:13:\"\0*\0recurrence\";i:604800;s:49:\"\0ActionScheduler_IntervalSchedule\0start_timestamp\";i:1707592638;s:53:\"\0ActionScheduler_IntervalSchedule\0interval_in_seconds\";i:604800;}',5,1,'2024-02-10 20:41:12','2024-02-10 20:41:12',0,NULL,10),(923,'wpforms_builder_help_cache_update','complete','2024-02-10 19:17:19','2024-02-10 19:17:19','{\"tasks_meta_id\":19}','O:32:\"ActionScheduler_IntervalSchedule\":5:{s:22:\"\0*\0scheduled_timestamp\";i:1707592639;s:18:\"\0*\0first_timestamp\";i:1689334031;s:13:\"\0*\0recurrence\";i:604800;s:49:\"\0ActionScheduler_IntervalSchedule\0start_timestamp\";i:1707592639;s:53:\"\0ActionScheduler_IntervalSchedule\0interval_in_seconds\";i:604800;}',5,1,'2024-02-10 20:41:12','2024-02-10 20:41:12',0,NULL,10),(924,'wpforms_admin_builder_templates_cache_update','complete','2024-02-10 19:17:20','2024-02-10 19:17:20','{\"tasks_meta_id\":20}','O:32:\"ActionScheduler_IntervalSchedule\":5:{s:22:\"\0*\0scheduled_timestamp\";i:1707592640;s:18:\"\0*\0first_timestamp\";i:1689334031;s:13:\"\0*\0recurrence\";i:604800;s:49:\"\0ActionScheduler_IntervalSchedule\0start_timestamp\";i:1707592640;s:53:\"\0ActionScheduler_IntervalSchedule\0interval_in_seconds\";i:604800;}',5,1,'2024-02-10 20:41:13','2024-02-10 20:41:13',0,NULL,10),(925,'wpforms_email_summaries_fetch_info_blocks','complete','2024-02-11 14:23:59','2024-02-11 14:23:59','{\"tasks_meta_id\":null}','O:32:\"ActionScheduler_IntervalSchedule\":5:{s:22:\"\0*\0scheduled_timestamp\";i:1707661439;s:18:\"\0*\0first_timestamp\";i:1688833961;s:13:\"\0*\0recurrence\";i:604800;s:49:\"\0ActionScheduler_IntervalSchedule\0start_timestamp\";i:1707661439;s:53:\"\0ActionScheduler_IntervalSchedule\0interval_in_seconds\";i:604800;}',5,1,'2024-02-11 16:00:17','2024-02-11 16:00:17',0,NULL,10),(930,'wpforms_process_forms_locator_scan','complete','2024-02-06 16:50:24','2024-02-06 16:50:24','{\"tasks_meta_id\":16}','O:32:\"ActionScheduler_IntervalSchedule\":5:{s:22:\"\0*\0scheduled_timestamp\";i:1707238224;s:18:\"\0*\0first_timestamp\";i:1688729210;s:13:\"\0*\0recurrence\";i:86400;s:49:\"\0ActionScheduler_IntervalSchedule\0start_timestamp\";i:1707238224;s:53:\"\0ActionScheduler_IntervalSchedule\0interval_in_seconds\";i:86400;}',5,1,'2024-02-06 19:48:11','2024-02-06 19:48:11',0,NULL,10),(931,'woocommerce_cleanup_draft_orders','complete','2024-02-06 16:50:24','2024-02-06 16:50:24','[]','O:32:\"ActionScheduler_IntervalSchedule\":5:{s:22:\"\0*\0scheduled_timestamp\";i:1707238224;s:18:\"\0*\0first_timestamp\";i:1687433124;s:13:\"\0*\0recurrence\";i:86400;s:49:\"\0ActionScheduler_IntervalSchedule\0start_timestamp\";i:1707238224;s:53:\"\0ActionScheduler_IntervalSchedule\0interval_in_seconds\";i:86400;}',6,1,'2024-02-06 19:48:11','2024-02-06 19:48:11',0,NULL,10),(932,'wpforms_process_forms_locator_save','complete','2024-02-06 19:48:11','2024-02-06 19:48:11','{\"tasks_meta_id\":245}','O:28:\"ActionScheduler_NullSchedule\":0:{}',5,1,'2024-02-06 19:48:11','2024-02-06 19:48:11',0,NULL,10),(933,'wpforms_process_forms_locator_scan','complete','2024-02-07 19:48:11','2024-02-07 19:48:11','{\"tasks_meta_id\":16}','O:32:\"ActionScheduler_IntervalSchedule\":5:{s:22:\"\0*\0scheduled_timestamp\";i:1707335291;s:18:\"\0*\0first_timestamp\";i:1688729210;s:13:\"\0*\0recurrence\";i:86400;s:49:\"\0ActionScheduler_IntervalSchedule\0start_timestamp\";i:1707335291;s:53:\"\0ActionScheduler_IntervalSchedule\0interval_in_seconds\";i:86400;}',5,1,'2024-02-07 19:54:21','2024-02-07 19:54:21',0,NULL,10),(934,'woocommerce_cleanup_draft_orders','complete','2024-02-07 19:48:11','2024-02-07 19:48:11','[]','O:32:\"ActionScheduler_IntervalSchedule\":5:{s:22:\"\0*\0scheduled_timestamp\";i:1707335291;s:18:\"\0*\0first_timestamp\";i:1687433124;s:13:\"\0*\0recurrence\";i:86400;s:49:\"\0ActionScheduler_IntervalSchedule\0start_timestamp\";i:1707335291;s:53:\"\0ActionScheduler_IntervalSchedule\0interval_in_seconds\";i:86400;}',6,1,'2024-02-07 19:54:21','2024-02-07 19:54:21',0,NULL,10),(935,'wpforms_process_forms_locator_save','complete','2024-02-07 19:54:21','2024-02-07 19:54:21','{\"tasks_meta_id\":246}','O:28:\"ActionScheduler_NullSchedule\":0:{}',5,1,'2024-02-07 19:54:21','2024-02-07 19:54:21',0,NULL,10),(936,'wpforms_process_forms_locator_scan','complete','2024-02-08 19:54:21','2024-02-08 19:54:21','{\"tasks_meta_id\":16}','O:32:\"ActionScheduler_IntervalSchedule\":5:{s:22:\"\0*\0scheduled_timestamp\";i:1707422061;s:18:\"\0*\0first_timestamp\";i:1688729210;s:13:\"\0*\0recurrence\";i:86400;s:49:\"\0ActionScheduler_IntervalSchedule\0start_timestamp\";i:1707422061;s:53:\"\0ActionScheduler_IntervalSchedule\0interval_in_seconds\";i:86400;}',5,1,'2024-02-08 20:07:25','2024-02-08 20:07:25',0,NULL,10),(937,'woocommerce_cleanup_draft_orders','complete','2024-02-08 19:54:21','2024-02-08 19:54:21','[]','O:32:\"ActionScheduler_IntervalSchedule\":5:{s:22:\"\0*\0scheduled_timestamp\";i:1707422061;s:18:\"\0*\0first_timestamp\";i:1687433124;s:13:\"\0*\0recurrence\";i:86400;s:49:\"\0ActionScheduler_IntervalSchedule\0start_timestamp\";i:1707422061;s:53:\"\0ActionScheduler_IntervalSchedule\0interval_in_seconds\";i:86400;}',6,1,'2024-02-08 20:07:25','2024-02-08 20:07:25',0,NULL,10),(938,'wpforms_process_forms_locator_save','complete','2024-02-08 20:07:25','2024-02-08 20:07:25','{\"tasks_meta_id\":247}','O:28:\"ActionScheduler_NullSchedule\":0:{}',5,1,'2024-02-08 20:07:25','2024-02-08 20:07:25',0,NULL,10),(939,'wpforms_process_forms_locator_scan','complete','2024-02-09 20:07:25','2024-02-09 20:07:25','{\"tasks_meta_id\":16}','O:32:\"ActionScheduler_IntervalSchedule\":5:{s:22:\"\0*\0scheduled_timestamp\";i:1707509245;s:18:\"\0*\0first_timestamp\";i:1688729210;s:13:\"\0*\0recurrence\";i:86400;s:49:\"\0ActionScheduler_IntervalSchedule\0start_timestamp\";i:1707509245;s:53:\"\0ActionScheduler_IntervalSchedule\0interval_in_seconds\";i:86400;}',5,1,'2024-02-09 20:23:55','2024-02-09 20:23:55',0,NULL,10),(940,'woocommerce_cleanup_draft_orders','complete','2024-02-09 20:07:25','2024-02-09 20:07:25','[]','O:32:\"ActionScheduler_IntervalSchedule\":5:{s:22:\"\0*\0scheduled_timestamp\";i:1707509245;s:18:\"\0*\0first_timestamp\";i:1687433124;s:13:\"\0*\0recurrence\";i:86400;s:49:\"\0ActionScheduler_IntervalSchedule\0start_timestamp\";i:1707509245;s:53:\"\0ActionScheduler_IntervalSchedule\0interval_in_seconds\";i:86400;}',6,1,'2024-02-09 20:23:55','2024-02-09 20:23:55',0,NULL,10),(941,'wpforms_process_forms_locator_save','complete','2024-02-09 20:23:55','2024-02-09 20:23:55','{\"tasks_meta_id\":248}','O:28:\"ActionScheduler_NullSchedule\":0:{}',5,1,'2024-02-09 20:23:55','2024-02-09 20:23:55',0,NULL,10),(942,'wpforms_process_forms_locator_scan','complete','2024-02-10 20:23:55','2024-02-10 20:23:55','{\"tasks_meta_id\":16}','O:32:\"ActionScheduler_IntervalSchedule\":5:{s:22:\"\0*\0scheduled_timestamp\";i:1707596635;s:18:\"\0*\0first_timestamp\";i:1688729210;s:13:\"\0*\0recurrence\";i:86400;s:49:\"\0ActionScheduler_IntervalSchedule\0start_timestamp\";i:1707596635;s:53:\"\0ActionScheduler_IntervalSchedule\0interval_in_seconds\";i:86400;}',5,1,'2024-02-10 20:41:13','2024-02-10 20:41:13',0,NULL,10),(943,'woocommerce_cleanup_draft_orders','complete','2024-02-10 20:23:55','2024-02-10 20:23:55','[]','O:32:\"ActionScheduler_IntervalSchedule\":5:{s:22:\"\0*\0scheduled_timestamp\";i:1707596635;s:18:\"\0*\0first_timestamp\";i:1687433124;s:13:\"\0*\0recurrence\";i:86400;s:49:\"\0ActionScheduler_IntervalSchedule\0start_timestamp\";i:1707596635;s:53:\"\0ActionScheduler_IntervalSchedule\0interval_in_seconds\";i:86400;}',6,1,'2024-02-10 20:41:13','2024-02-10 20:41:13',0,NULL,10),(944,'wpforms_admin_addons_cache_update','complete','2024-02-17 20:41:12','2024-02-17 20:41:12','{\"tasks_meta_id\":17}','O:32:\"ActionScheduler_IntervalSchedule\":5:{s:22:\"\0*\0scheduled_timestamp\";i:1708202472;s:18:\"\0*\0first_timestamp\";i:1689334012;s:13:\"\0*\0recurrence\";i:604800;s:49:\"\0ActionScheduler_IntervalSchedule\0start_timestamp\";i:1708202472;s:53:\"\0ActionScheduler_IntervalSchedule\0interval_in_seconds\";i:604800;}',5,1,'2024-02-17 21:05:53','2024-02-17 21:05:53',0,NULL,10),(945,'wpforms_builder_help_cache_update','complete','2024-02-17 20:41:12','2024-02-17 20:41:12','{\"tasks_meta_id\":19}','O:32:\"ActionScheduler_IntervalSchedule\":5:{s:22:\"\0*\0scheduled_timestamp\";i:1708202472;s:18:\"\0*\0first_timestamp\";i:1689334031;s:13:\"\0*\0recurrence\";i:604800;s:49:\"\0ActionScheduler_IntervalSchedule\0start_timestamp\";i:1708202472;s:53:\"\0ActionScheduler_IntervalSchedule\0interval_in_seconds\";i:604800;}',5,1,'2024-02-17 21:05:54','2024-02-17 21:05:54',0,NULL,10),(946,'wpforms_admin_builder_templates_cache_update','complete','2024-02-17 20:41:13','2024-02-17 20:41:13','{\"tasks_meta_id\":20}','O:32:\"ActionScheduler_IntervalSchedule\":5:{s:22:\"\0*\0scheduled_timestamp\";i:1708202473;s:18:\"\0*\0first_timestamp\";i:1689334031;s:13:\"\0*\0recurrence\";i:604800;s:49:\"\0ActionScheduler_IntervalSchedule\0start_timestamp\";i:1708202473;s:53:\"\0ActionScheduler_IntervalSchedule\0interval_in_seconds\";i:604800;}',5,1,'2024-02-17 21:05:54','2024-02-17 21:05:54',0,NULL,10),(947,'wpforms_process_forms_locator_save','complete','2024-02-10 20:41:13','2024-02-10 20:41:13','{\"tasks_meta_id\":249}','O:28:\"ActionScheduler_NullSchedule\":0:{}',5,1,'2024-02-10 20:41:13','2024-02-10 20:41:13',0,NULL,10),(948,'wpforms_process_forms_locator_scan','complete','2024-02-11 20:41:13','2024-02-11 20:41:13','{\"tasks_meta_id\":16}','O:32:\"ActionScheduler_IntervalSchedule\":5:{s:22:\"\0*\0scheduled_timestamp\";i:1707684073;s:18:\"\0*\0first_timestamp\";i:1688729210;s:13:\"\0*\0recurrence\";i:86400;s:49:\"\0ActionScheduler_IntervalSchedule\0start_timestamp\";i:1707684073;s:53:\"\0ActionScheduler_IntervalSchedule\0interval_in_seconds\";i:86400;}',5,1,'2024-02-11 23:07:07','2024-02-11 23:07:07',0,NULL,10),(949,'woocommerce_cleanup_draft_orders','complete','2024-02-11 20:41:13','2024-02-11 20:41:13','[]','O:32:\"ActionScheduler_IntervalSchedule\":5:{s:22:\"\0*\0scheduled_timestamp\";i:1707684073;s:18:\"\0*\0first_timestamp\";i:1687433124;s:13:\"\0*\0recurrence\";i:86400;s:49:\"\0ActionScheduler_IntervalSchedule\0start_timestamp\";i:1707684073;s:53:\"\0ActionScheduler_IntervalSchedule\0interval_in_seconds\";i:86400;}',6,1,'2024-02-11 23:07:07','2024-02-11 23:07:07',0,NULL,10),(950,'wpforms_email_summaries_fetch_info_blocks','complete','2024-02-18 16:00:17','2024-02-18 16:00:17','{\"tasks_meta_id\":null}','O:32:\"ActionScheduler_IntervalSchedule\":5:{s:22:\"\0*\0scheduled_timestamp\";i:1708272017;s:18:\"\0*\0first_timestamp\";i:1688833961;s:13:\"\0*\0recurrence\";i:604800;s:49:\"\0ActionScheduler_IntervalSchedule\0start_timestamp\";i:1708272017;s:53:\"\0ActionScheduler_IntervalSchedule\0interval_in_seconds\";i:604800;}',5,1,'2024-02-18 16:28:43','2024-02-18 16:28:43',0,NULL,10),(951,'wpforms_process_forms_locator_save','complete','2024-02-11 23:07:07','2024-02-11 23:07:07','{\"tasks_meta_id\":250}','O:28:\"ActionScheduler_NullSchedule\":0:{}',5,1,'2024-02-11 23:07:07','2024-02-11 23:07:07',0,NULL,10),(952,'wpforms_process_forms_locator_scan','complete','2024-02-12 23:07:07','2024-02-12 23:07:07','{\"tasks_meta_id\":16}','O:32:\"ActionScheduler_IntervalSchedule\":5:{s:22:\"\0*\0scheduled_timestamp\";i:1707779227;s:18:\"\0*\0first_timestamp\";i:1688729210;s:13:\"\0*\0recurrence\";i:86400;s:49:\"\0ActionScheduler_IntervalSchedule\0start_timestamp\";i:1707779227;s:53:\"\0ActionScheduler_IntervalSchedule\0interval_in_seconds\";i:86400;}',5,1,'2024-02-12 23:21:23','2024-02-12 23:21:23',0,NULL,10),(953,'woocommerce_cleanup_draft_orders','complete','2024-02-12 23:07:07','2024-02-12 23:07:07','[]','O:32:\"ActionScheduler_IntervalSchedule\":5:{s:22:\"\0*\0scheduled_timestamp\";i:1707779227;s:18:\"\0*\0first_timestamp\";i:1687433124;s:13:\"\0*\0recurrence\";i:86400;s:49:\"\0ActionScheduler_IntervalSchedule\0start_timestamp\";i:1707779227;s:53:\"\0ActionScheduler_IntervalSchedule\0interval_in_seconds\";i:86400;}',6,1,'2024-02-12 23:21:23','2024-02-12 23:21:23',0,NULL,10),(954,'wpforms_process_forms_locator_save','complete','2024-02-12 23:21:23','2024-02-12 23:21:23','{\"tasks_meta_id\":251}','O:28:\"ActionScheduler_NullSchedule\":0:{}',5,1,'2024-02-12 23:21:23','2024-02-12 23:21:23',0,NULL,10),(955,'wpforms_process_forms_locator_scan','complete','2024-02-13 23:21:23','2024-02-13 23:21:23','{\"tasks_meta_id\":16}','O:32:\"ActionScheduler_IntervalSchedule\":5:{s:22:\"\0*\0scheduled_timestamp\";i:1707866483;s:18:\"\0*\0first_timestamp\";i:1688729210;s:13:\"\0*\0recurrence\";i:86400;s:49:\"\0ActionScheduler_IntervalSchedule\0start_timestamp\";i:1707866483;s:53:\"\0ActionScheduler_IntervalSchedule\0interval_in_seconds\";i:86400;}',5,1,'2024-02-14 00:15:46','2024-02-14 00:15:46',0,NULL,10),(956,'woocommerce_cleanup_draft_orders','complete','2024-02-13 23:21:23','2024-02-13 23:21:23','[]','O:32:\"ActionScheduler_IntervalSchedule\":5:{s:22:\"\0*\0scheduled_timestamp\";i:1707866483;s:18:\"\0*\0first_timestamp\";i:1687433124;s:13:\"\0*\0recurrence\";i:86400;s:49:\"\0ActionScheduler_IntervalSchedule\0start_timestamp\";i:1707866483;s:53:\"\0ActionScheduler_IntervalSchedule\0interval_in_seconds\";i:86400;}',6,1,'2024-02-14 00:15:46','2024-02-14 00:15:46',0,NULL,10),(957,'wpforms_process_forms_locator_save','complete','2024-02-14 00:15:46','2024-02-14 00:15:46','{\"tasks_meta_id\":252}','O:28:\"ActionScheduler_NullSchedule\":0:{}',5,1,'2024-02-14 00:15:46','2024-02-14 00:15:46',0,NULL,10),(958,'wpforms_process_forms_locator_scan','complete','2024-02-15 00:15:46','2024-02-15 00:15:46','{\"tasks_meta_id\":16}','O:32:\"ActionScheduler_IntervalSchedule\":5:{s:22:\"\0*\0scheduled_timestamp\";i:1707956146;s:18:\"\0*\0first_timestamp\";i:1688729210;s:13:\"\0*\0recurrence\";i:86400;s:49:\"\0ActionScheduler_IntervalSchedule\0start_timestamp\";i:1707956146;s:53:\"\0ActionScheduler_IntervalSchedule\0interval_in_seconds\";i:86400;}',5,1,'2024-02-15 00:43:16','2024-02-15 00:43:16',0,NULL,10),(959,'woocommerce_cleanup_draft_orders','complete','2024-02-15 00:15:46','2024-02-15 00:15:46','[]','O:32:\"ActionScheduler_IntervalSchedule\":5:{s:22:\"\0*\0scheduled_timestamp\";i:1707956146;s:18:\"\0*\0first_timestamp\";i:1687433124;s:13:\"\0*\0recurrence\";i:86400;s:49:\"\0ActionScheduler_IntervalSchedule\0start_timestamp\";i:1707956146;s:53:\"\0ActionScheduler_IntervalSchedule\0interval_in_seconds\";i:86400;}',6,1,'2024-02-15 00:43:16','2024-02-15 00:43:16',0,NULL,10),(960,'wpforms_process_forms_locator_save','complete','2024-02-15 00:43:16','2024-02-15 00:43:16','{\"tasks_meta_id\":253}','O:28:\"ActionScheduler_NullSchedule\":0:{}',5,1,'2024-02-15 00:43:16','2024-02-15 00:43:16',0,NULL,10),(961,'wpforms_process_forms_locator_scan','complete','2024-02-16 00:43:16','2024-02-16 00:43:16','{\"tasks_meta_id\":16}','O:32:\"ActionScheduler_IntervalSchedule\":5:{s:22:\"\0*\0scheduled_timestamp\";i:1708044196;s:18:\"\0*\0first_timestamp\";i:1688729210;s:13:\"\0*\0recurrence\";i:86400;s:49:\"\0ActionScheduler_IntervalSchedule\0start_timestamp\";i:1708044196;s:53:\"\0ActionScheduler_IntervalSchedule\0interval_in_seconds\";i:86400;}',5,1,'2024-02-16 01:38:56','2024-02-16 01:38:56',0,NULL,10),(962,'woocommerce_cleanup_draft_orders','complete','2024-02-16 00:43:16','2024-02-16 00:43:16','[]','O:32:\"ActionScheduler_IntervalSchedule\":5:{s:22:\"\0*\0scheduled_timestamp\";i:1708044196;s:18:\"\0*\0first_timestamp\";i:1687433124;s:13:\"\0*\0recurrence\";i:86400;s:49:\"\0ActionScheduler_IntervalSchedule\0start_timestamp\";i:1708044196;s:53:\"\0ActionScheduler_IntervalSchedule\0interval_in_seconds\";i:86400;}',6,1,'2024-02-16 01:38:56','2024-02-16 01:38:56',0,NULL,10),(963,'wpforms_process_forms_locator_save','complete','2024-02-16 01:38:56','2024-02-16 01:38:56','{\"tasks_meta_id\":254}','O:28:\"ActionScheduler_NullSchedule\":0:{}',5,1,'2024-02-16 01:38:56','2024-02-16 01:38:56',0,NULL,10),(964,'wpforms_process_forms_locator_scan','complete','2024-02-17 01:38:56','2024-02-17 01:38:56','{\"tasks_meta_id\":16}','O:32:\"ActionScheduler_IntervalSchedule\":5:{s:22:\"\0*\0scheduled_timestamp\";i:1708133936;s:18:\"\0*\0first_timestamp\";i:1688729210;s:13:\"\0*\0recurrence\";i:86400;s:49:\"\0ActionScheduler_IntervalSchedule\0start_timestamp\";i:1708133936;s:53:\"\0ActionScheduler_IntervalSchedule\0interval_in_seconds\";i:86400;}',5,1,'2024-02-17 05:09:38','2024-02-17 05:09:38',0,NULL,10),(965,'woocommerce_cleanup_draft_orders','complete','2024-02-17 01:38:56','2024-02-17 01:38:56','[]','O:32:\"ActionScheduler_IntervalSchedule\":5:{s:22:\"\0*\0scheduled_timestamp\";i:1708133936;s:18:\"\0*\0first_timestamp\";i:1687433124;s:13:\"\0*\0recurrence\";i:86400;s:49:\"\0ActionScheduler_IntervalSchedule\0start_timestamp\";i:1708133936;s:53:\"\0ActionScheduler_IntervalSchedule\0interval_in_seconds\";i:86400;}',6,1,'2024-02-17 05:09:38','2024-02-17 05:09:38',0,NULL,10),(966,'wpforms_process_forms_locator_save','complete','2024-02-17 05:09:38','2024-02-17 05:09:38','{\"tasks_meta_id\":255}','O:28:\"ActionScheduler_NullSchedule\":0:{}',5,1,'2024-02-17 05:09:38','2024-02-17 05:09:38',0,NULL,10),(967,'wpforms_process_forms_locator_scan','complete','2024-02-18 05:09:38','2024-02-18 05:09:38','{\"tasks_meta_id\":16}','O:32:\"ActionScheduler_IntervalSchedule\":5:{s:22:\"\0*\0scheduled_timestamp\";i:1708232978;s:18:\"\0*\0first_timestamp\";i:1688729210;s:13:\"\0*\0recurrence\";i:86400;s:49:\"\0ActionScheduler_IntervalSchedule\0start_timestamp\";i:1708232978;s:53:\"\0ActionScheduler_IntervalSchedule\0interval_in_seconds\";i:86400;}',5,1,'2024-02-18 05:17:37','2024-02-18 05:17:37',0,NULL,10),(968,'woocommerce_cleanup_draft_orders','complete','2024-02-18 05:09:38','2024-02-18 05:09:38','[]','O:32:\"ActionScheduler_IntervalSchedule\":5:{s:22:\"\0*\0scheduled_timestamp\";i:1708232978;s:18:\"\0*\0first_timestamp\";i:1687433124;s:13:\"\0*\0recurrence\";i:86400;s:49:\"\0ActionScheduler_IntervalSchedule\0start_timestamp\";i:1708232978;s:53:\"\0ActionScheduler_IntervalSchedule\0interval_in_seconds\";i:86400;}',6,1,'2024-02-18 05:17:37','2024-02-18 05:17:37',0,NULL,10),(969,'wpforms_admin_addons_cache_update','complete','2024-02-24 21:05:53','2024-02-24 21:05:53','{\"tasks_meta_id\":17}','O:32:\"ActionScheduler_IntervalSchedule\":5:{s:22:\"\0*\0scheduled_timestamp\";i:1708808753;s:18:\"\0*\0first_timestamp\";i:1689334012;s:13:\"\0*\0recurrence\";i:604800;s:49:\"\0ActionScheduler_IntervalSchedule\0start_timestamp\";i:1708808753;s:53:\"\0ActionScheduler_IntervalSchedule\0interval_in_seconds\";i:604800;}',5,1,'2024-02-24 22:25:22','2024-02-24 22:25:22',0,NULL,10),(970,'wpforms_builder_help_cache_update','complete','2024-02-24 21:05:54','2024-02-24 21:05:54','{\"tasks_meta_id\":19}','O:32:\"ActionScheduler_IntervalSchedule\":5:{s:22:\"\0*\0scheduled_timestamp\";i:1708808754;s:18:\"\0*\0first_timestamp\";i:1689334031;s:13:\"\0*\0recurrence\";i:604800;s:49:\"\0ActionScheduler_IntervalSchedule\0start_timestamp\";i:1708808754;s:53:\"\0ActionScheduler_IntervalSchedule\0interval_in_seconds\";i:604800;}',5,1,'2024-02-24 22:25:22','2024-02-24 22:25:22',0,NULL,10),(971,'wpforms_admin_builder_templates_cache_update','complete','2024-02-24 21:05:54','2024-02-24 21:05:54','{\"tasks_meta_id\":20}','O:32:\"ActionScheduler_IntervalSchedule\":5:{s:22:\"\0*\0scheduled_timestamp\";i:1708808754;s:18:\"\0*\0first_timestamp\";i:1689334031;s:13:\"\0*\0recurrence\";i:604800;s:49:\"\0ActionScheduler_IntervalSchedule\0start_timestamp\";i:1708808754;s:53:\"\0ActionScheduler_IntervalSchedule\0interval_in_seconds\";i:604800;}',5,1,'2024-02-24 22:25:23','2024-02-24 22:25:23',0,NULL,10),(972,'wpforms_process_forms_locator_save','complete','2024-02-18 05:17:37','2024-02-18 05:17:37','{\"tasks_meta_id\":256}','O:28:\"ActionScheduler_NullSchedule\":0:{}',5,1,'2024-02-18 05:17:37','2024-02-18 05:17:37',0,NULL,10),(973,'wpforms_process_forms_locator_scan','complete','2024-02-19 05:17:37','2024-02-19 05:17:37','{\"tasks_meta_id\":16}','O:32:\"ActionScheduler_IntervalSchedule\":5:{s:22:\"\0*\0scheduled_timestamp\";i:1708319857;s:18:\"\0*\0first_timestamp\";i:1688729210;s:13:\"\0*\0recurrence\";i:86400;s:49:\"\0ActionScheduler_IntervalSchedule\0start_timestamp\";i:1708319857;s:53:\"\0ActionScheduler_IntervalSchedule\0interval_in_seconds\";i:86400;}',5,1,'2024-02-19 05:39:32','2024-02-19 05:39:32',0,NULL,10),(974,'woocommerce_cleanup_draft_orders','complete','2024-02-19 05:17:37','2024-02-19 05:17:37','[]','O:32:\"ActionScheduler_IntervalSchedule\":5:{s:22:\"\0*\0scheduled_timestamp\";i:1708319857;s:18:\"\0*\0first_timestamp\";i:1687433124;s:13:\"\0*\0recurrence\";i:86400;s:49:\"\0ActionScheduler_IntervalSchedule\0start_timestamp\";i:1708319857;s:53:\"\0ActionScheduler_IntervalSchedule\0interval_in_seconds\";i:86400;}',6,1,'2024-02-19 05:39:32','2024-02-19 05:39:32',0,NULL,10),(975,'wpforms_email_summaries_fetch_info_blocks','complete','2024-02-25 16:28:43','2024-02-25 16:28:43','{\"tasks_meta_id\":null}','O:32:\"ActionScheduler_IntervalSchedule\":5:{s:22:\"\0*\0scheduled_timestamp\";i:1708878523;s:18:\"\0*\0first_timestamp\";i:1688833961;s:13:\"\0*\0recurrence\";i:604800;s:49:\"\0ActionScheduler_IntervalSchedule\0start_timestamp\";i:1708878523;s:53:\"\0ActionScheduler_IntervalSchedule\0interval_in_seconds\";i:604800;}',5,1,'2024-02-25 16:37:15','2024-02-25 16:37:15',0,NULL,10),(976,'wpforms_process_forms_locator_save','complete','2024-02-19 05:39:32','2024-02-19 05:39:32','{\"tasks_meta_id\":257}','O:28:\"ActionScheduler_NullSchedule\":0:{}',5,1,'2024-02-19 05:39:32','2024-02-19 05:39:32',0,NULL,10),(977,'wpforms_process_forms_locator_scan','complete','2024-02-20 05:39:32','2024-02-20 05:39:32','{\"tasks_meta_id\":16}','O:32:\"ActionScheduler_IntervalSchedule\":5:{s:22:\"\0*\0scheduled_timestamp\";i:1708407572;s:18:\"\0*\0first_timestamp\";i:1688729210;s:13:\"\0*\0recurrence\";i:86400;s:49:\"\0ActionScheduler_IntervalSchedule\0start_timestamp\";i:1708407572;s:53:\"\0ActionScheduler_IntervalSchedule\0interval_in_seconds\";i:86400;}',5,1,'2024-02-20 05:40:15','2024-02-20 05:40:15',0,NULL,10),(978,'woocommerce_cleanup_draft_orders','complete','2024-02-20 05:39:32','2024-02-20 05:39:32','[]','O:32:\"ActionScheduler_IntervalSchedule\":5:{s:22:\"\0*\0scheduled_timestamp\";i:1708407572;s:18:\"\0*\0first_timestamp\";i:1687433124;s:13:\"\0*\0recurrence\";i:86400;s:49:\"\0ActionScheduler_IntervalSchedule\0start_timestamp\";i:1708407572;s:53:\"\0ActionScheduler_IntervalSchedule\0interval_in_seconds\";i:86400;}',6,1,'2024-02-20 05:40:15','2024-02-20 05:40:15',0,NULL,10),(979,'wpforms_process_forms_locator_save','complete','2024-02-20 05:40:15','2024-02-20 05:40:15','{\"tasks_meta_id\":258}','O:28:\"ActionScheduler_NullSchedule\":0:{}',5,1,'2024-02-20 05:40:16','2024-02-20 05:40:16',0,NULL,10),(980,'wpforms_process_forms_locator_scan','complete','2024-02-21 05:40:15','2024-02-21 05:40:15','{\"tasks_meta_id\":16}','O:32:\"ActionScheduler_IntervalSchedule\":5:{s:22:\"\0*\0scheduled_timestamp\";i:1708494015;s:18:\"\0*\0first_timestamp\";i:1688729210;s:13:\"\0*\0recurrence\";i:86400;s:49:\"\0ActionScheduler_IntervalSchedule\0start_timestamp\";i:1708494015;s:53:\"\0ActionScheduler_IntervalSchedule\0interval_in_seconds\";i:86400;}',5,1,'2024-02-21 06:17:28','2024-02-21 06:17:28',0,NULL,10),(981,'woocommerce_cleanup_draft_orders','complete','2024-02-21 05:40:15','2024-02-21 05:40:15','[]','O:32:\"ActionScheduler_IntervalSchedule\":5:{s:22:\"\0*\0scheduled_timestamp\";i:1708494015;s:18:\"\0*\0first_timestamp\";i:1687433124;s:13:\"\0*\0recurrence\";i:86400;s:49:\"\0ActionScheduler_IntervalSchedule\0start_timestamp\";i:1708494015;s:53:\"\0ActionScheduler_IntervalSchedule\0interval_in_seconds\";i:86400;}',6,1,'2024-02-21 06:17:28','2024-02-21 06:17:28',0,NULL,10),(982,'wpforms_process_forms_locator_save','complete','2024-02-21 06:17:28','2024-02-21 06:17:28','{\"tasks_meta_id\":259}','O:28:\"ActionScheduler_NullSchedule\":0:{}',5,1,'2024-02-21 06:17:28','2024-02-21 06:17:28',0,NULL,10),(983,'wpforms_process_forms_locator_scan','complete','2024-02-22 06:17:28','2024-02-22 06:17:28','{\"tasks_meta_id\":16}','O:32:\"ActionScheduler_IntervalSchedule\":5:{s:22:\"\0*\0scheduled_timestamp\";i:1708582648;s:18:\"\0*\0first_timestamp\";i:1688729210;s:13:\"\0*\0recurrence\";i:86400;s:49:\"\0ActionScheduler_IntervalSchedule\0start_timestamp\";i:1708582648;s:53:\"\0ActionScheduler_IntervalSchedule\0interval_in_seconds\";i:86400;}',5,1,'2024-02-22 07:15:53','2024-02-22 07:15:53',0,NULL,10),(984,'woocommerce_cleanup_draft_orders','complete','2024-02-22 06:17:28','2024-02-22 06:17:28','[]','O:32:\"ActionScheduler_IntervalSchedule\":5:{s:22:\"\0*\0scheduled_timestamp\";i:1708582648;s:18:\"\0*\0first_timestamp\";i:1687433124;s:13:\"\0*\0recurrence\";i:86400;s:49:\"\0ActionScheduler_IntervalSchedule\0start_timestamp\";i:1708582648;s:53:\"\0ActionScheduler_IntervalSchedule\0interval_in_seconds\";i:86400;}',6,1,'2024-02-22 07:15:53','2024-02-22 07:15:53',0,NULL,10),(985,'wpforms_process_forms_locator_save','complete','2024-02-22 07:15:53','2024-02-22 07:15:53','{\"tasks_meta_id\":260}','O:28:\"ActionScheduler_NullSchedule\":0:{}',5,1,'2024-02-22 07:15:53','2024-02-22 07:15:53',0,NULL,10),(986,'wpforms_process_forms_locator_scan','complete','2024-02-23 07:15:53','2024-02-23 07:15:53','{\"tasks_meta_id\":16}','O:32:\"ActionScheduler_IntervalSchedule\":5:{s:22:\"\0*\0scheduled_timestamp\";i:1708672553;s:18:\"\0*\0first_timestamp\";i:1688729210;s:13:\"\0*\0recurrence\";i:86400;s:49:\"\0ActionScheduler_IntervalSchedule\0start_timestamp\";i:1708672553;s:53:\"\0ActionScheduler_IntervalSchedule\0interval_in_seconds\";i:86400;}',5,1,'2024-02-23 08:25:25','2024-02-23 08:25:25',0,NULL,10),(987,'woocommerce_cleanup_draft_orders','complete','2024-02-23 07:15:53','2024-02-23 07:15:53','[]','O:32:\"ActionScheduler_IntervalSchedule\":5:{s:22:\"\0*\0scheduled_timestamp\";i:1708672553;s:18:\"\0*\0first_timestamp\";i:1687433124;s:13:\"\0*\0recurrence\";i:86400;s:49:\"\0ActionScheduler_IntervalSchedule\0start_timestamp\";i:1708672553;s:53:\"\0ActionScheduler_IntervalSchedule\0interval_in_seconds\";i:86400;}',6,1,'2024-02-23 08:25:25','2024-02-23 08:25:25',0,NULL,10),(988,'wpforms_process_forms_locator_save','complete','2024-02-23 08:25:25','2024-02-23 08:25:25','{\"tasks_meta_id\":261}','O:28:\"ActionScheduler_NullSchedule\":0:{}',5,1,'2024-02-23 08:25:25','2024-02-23 08:25:25',0,NULL,10),(989,'wpforms_process_forms_locator_scan','complete','2024-02-24 08:25:25','2024-02-24 08:25:25','{\"tasks_meta_id\":16}','O:32:\"ActionScheduler_IntervalSchedule\":5:{s:22:\"\0*\0scheduled_timestamp\";i:1708763125;s:18:\"\0*\0first_timestamp\";i:1688729210;s:13:\"\0*\0recurrence\";i:86400;s:49:\"\0ActionScheduler_IntervalSchedule\0start_timestamp\";i:1708763125;s:53:\"\0ActionScheduler_IntervalSchedule\0interval_in_seconds\";i:86400;}',5,1,'2024-02-24 10:51:02','2024-02-24 10:51:02',0,NULL,10),(990,'woocommerce_cleanup_draft_orders','complete','2024-02-24 08:25:25','2024-02-24 08:25:25','[]','O:32:\"ActionScheduler_IntervalSchedule\":5:{s:22:\"\0*\0scheduled_timestamp\";i:1708763125;s:18:\"\0*\0first_timestamp\";i:1687433124;s:13:\"\0*\0recurrence\";i:86400;s:49:\"\0ActionScheduler_IntervalSchedule\0start_timestamp\";i:1708763125;s:53:\"\0ActionScheduler_IntervalSchedule\0interval_in_seconds\";i:86400;}',6,1,'2024-02-24 10:51:02','2024-02-24 10:51:02',0,NULL,10),(991,'wpforms_process_forms_locator_save','complete','2024-02-24 10:51:02','2024-02-24 10:51:02','{\"tasks_meta_id\":262}','O:28:\"ActionScheduler_NullSchedule\":0:{}',5,1,'2024-02-24 10:51:02','2024-02-24 10:51:02',0,NULL,10),(992,'wpforms_process_forms_locator_scan','complete','2024-02-25 10:51:02','2024-02-25 10:51:02','{\"tasks_meta_id\":16}','O:32:\"ActionScheduler_IntervalSchedule\":5:{s:22:\"\0*\0scheduled_timestamp\";i:1708858262;s:18:\"\0*\0first_timestamp\";i:1688729210;s:13:\"\0*\0recurrence\";i:86400;s:49:\"\0ActionScheduler_IntervalSchedule\0start_timestamp\";i:1708858262;s:53:\"\0ActionScheduler_IntervalSchedule\0interval_in_seconds\";i:86400;}',5,1,'2024-02-25 10:51:58','2024-02-25 10:51:58',0,NULL,10),(993,'woocommerce_cleanup_draft_orders','complete','2024-02-25 10:51:02','2024-02-25 10:51:02','[]','O:32:\"ActionScheduler_IntervalSchedule\":5:{s:22:\"\0*\0scheduled_timestamp\";i:1708858262;s:18:\"\0*\0first_timestamp\";i:1687433124;s:13:\"\0*\0recurrence\";i:86400;s:49:\"\0ActionScheduler_IntervalSchedule\0start_timestamp\";i:1708858262;s:53:\"\0ActionScheduler_IntervalSchedule\0interval_in_seconds\";i:86400;}',6,1,'2024-02-25 10:51:58','2024-02-25 10:51:58',0,NULL,10),(994,'wpforms_admin_addons_cache_update','complete','2024-03-02 22:25:22','2024-03-02 22:25:22','{\"tasks_meta_id\":17}','O:32:\"ActionScheduler_IntervalSchedule\":5:{s:22:\"\0*\0scheduled_timestamp\";i:1709418322;s:18:\"\0*\0first_timestamp\";i:1689334012;s:13:\"\0*\0recurrence\";i:604800;s:49:\"\0ActionScheduler_IntervalSchedule\0start_timestamp\";i:1709418322;s:53:\"\0ActionScheduler_IntervalSchedule\0interval_in_seconds\";i:604800;}',5,1,'2024-03-02 22:54:50','2024-03-02 22:54:50',0,NULL,10),(995,'wpforms_builder_help_cache_update','complete','2024-03-02 22:25:22','2024-03-02 22:25:22','{\"tasks_meta_id\":19}','O:32:\"ActionScheduler_IntervalSchedule\":5:{s:22:\"\0*\0scheduled_timestamp\";i:1709418322;s:18:\"\0*\0first_timestamp\";i:1689334031;s:13:\"\0*\0recurrence\";i:604800;s:49:\"\0ActionScheduler_IntervalSchedule\0start_timestamp\";i:1709418322;s:53:\"\0ActionScheduler_IntervalSchedule\0interval_in_seconds\";i:604800;}',5,1,'2024-03-02 22:54:51','2024-03-02 22:54:51',0,NULL,10),(996,'wpforms_admin_builder_templates_cache_update','complete','2024-03-02 22:25:23','2024-03-02 22:25:23','{\"tasks_meta_id\":20}','O:32:\"ActionScheduler_IntervalSchedule\":5:{s:22:\"\0*\0scheduled_timestamp\";i:1709418323;s:18:\"\0*\0first_timestamp\";i:1689334031;s:13:\"\0*\0recurrence\";i:604800;s:49:\"\0ActionScheduler_IntervalSchedule\0start_timestamp\";i:1709418323;s:53:\"\0ActionScheduler_IntervalSchedule\0interval_in_seconds\";i:604800;}',5,1,'2024-03-02 22:54:51','2024-03-02 22:54:51',0,NULL,10),(997,'wpforms_process_forms_locator_save','complete','2024-02-25 10:51:58','2024-02-25 10:51:58','{\"tasks_meta_id\":263}','O:28:\"ActionScheduler_NullSchedule\":0:{}',5,1,'2024-02-25 10:51:58','2024-02-25 10:51:58',0,NULL,10),(998,'wpforms_process_forms_locator_scan','complete','2024-02-26 10:51:58','2024-02-26 10:51:58','{\"tasks_meta_id\":16}','O:32:\"ActionScheduler_IntervalSchedule\":5:{s:22:\"\0*\0scheduled_timestamp\";i:1708944718;s:18:\"\0*\0first_timestamp\";i:1688729210;s:13:\"\0*\0recurrence\";i:86400;s:49:\"\0ActionScheduler_IntervalSchedule\0start_timestamp\";i:1708944718;s:53:\"\0ActionScheduler_IntervalSchedule\0interval_in_seconds\";i:86400;}',5,1,'2024-02-26 11:16:34','2024-02-26 11:16:34',0,NULL,10),(999,'woocommerce_cleanup_draft_orders','complete','2024-02-26 10:51:58','2024-02-26 10:51:58','[]','O:32:\"ActionScheduler_IntervalSchedule\":5:{s:22:\"\0*\0scheduled_timestamp\";i:1708944718;s:18:\"\0*\0first_timestamp\";i:1687433124;s:13:\"\0*\0recurrence\";i:86400;s:49:\"\0ActionScheduler_IntervalSchedule\0start_timestamp\";i:1708944718;s:53:\"\0ActionScheduler_IntervalSchedule\0interval_in_seconds\";i:86400;}',6,1,'2024-02-26 11:16:34','2024-02-26 11:16:34',0,NULL,10),(1000,'wpforms_email_summaries_fetch_info_blocks','complete','2024-03-03 16:37:15','2024-03-03 16:37:15','{\"tasks_meta_id\":null}','O:32:\"ActionScheduler_IntervalSchedule\":5:{s:22:\"\0*\0scheduled_timestamp\";i:1709483835;s:18:\"\0*\0first_timestamp\";i:1688833961;s:13:\"\0*\0recurrence\";i:604800;s:49:\"\0ActionScheduler_IntervalSchedule\0start_timestamp\";i:1709483835;s:53:\"\0ActionScheduler_IntervalSchedule\0interval_in_seconds\";i:604800;}',5,1,'2024-03-03 16:52:24','2024-03-03 16:52:24',0,NULL,10),(1001,'wpforms_process_forms_locator_save','complete','2024-02-26 11:16:34','2024-02-26 11:16:34','{\"tasks_meta_id\":264}','O:28:\"ActionScheduler_NullSchedule\":0:{}',5,1,'2024-02-26 11:16:35','2024-02-26 11:16:35',0,NULL,10),(1002,'wpforms_process_forms_locator_scan','complete','2024-02-27 11:16:34','2024-02-27 11:16:34','{\"tasks_meta_id\":16}','O:32:\"ActionScheduler_IntervalSchedule\":5:{s:22:\"\0*\0scheduled_timestamp\";i:1709032594;s:18:\"\0*\0first_timestamp\";i:1688729210;s:13:\"\0*\0recurrence\";i:86400;s:49:\"\0ActionScheduler_IntervalSchedule\0start_timestamp\";i:1709032594;s:53:\"\0ActionScheduler_IntervalSchedule\0interval_in_seconds\";i:86400;}',5,1,'2024-02-27 11:18:33','2024-02-27 11:18:33',0,NULL,10),(1003,'woocommerce_cleanup_draft_orders','complete','2024-02-27 11:16:34','2024-02-27 11:16:34','[]','O:32:\"ActionScheduler_IntervalSchedule\":5:{s:22:\"\0*\0scheduled_timestamp\";i:1709032594;s:18:\"\0*\0first_timestamp\";i:1687433124;s:13:\"\0*\0recurrence\";i:86400;s:49:\"\0ActionScheduler_IntervalSchedule\0start_timestamp\";i:1709032594;s:53:\"\0ActionScheduler_IntervalSchedule\0interval_in_seconds\";i:86400;}',6,1,'2024-02-27 11:18:33','2024-02-27 11:18:33',0,NULL,10),(1004,'wpforms_process_forms_locator_save','complete','2024-02-27 11:18:33','2024-02-27 11:18:33','{\"tasks_meta_id\":265}','O:28:\"ActionScheduler_NullSchedule\":0:{}',5,1,'2024-02-27 11:18:33','2024-02-27 11:18:33',0,NULL,10),(1005,'wpforms_process_forms_locator_scan','complete','2024-02-28 11:18:33','2024-02-28 11:18:33','{\"tasks_meta_id\":16}','O:32:\"ActionScheduler_IntervalSchedule\":5:{s:22:\"\0*\0scheduled_timestamp\";i:1709119113;s:18:\"\0*\0first_timestamp\";i:1688729210;s:13:\"\0*\0recurrence\";i:86400;s:49:\"\0ActionScheduler_IntervalSchedule\0start_timestamp\";i:1709119113;s:53:\"\0ActionScheduler_IntervalSchedule\0interval_in_seconds\";i:86400;}',5,1,'2024-02-28 11:23:27','2024-02-28 11:23:27',0,NULL,10),(1006,'woocommerce_cleanup_draft_orders','complete','2024-02-28 11:18:33','2024-02-28 11:18:33','[]','O:32:\"ActionScheduler_IntervalSchedule\":5:{s:22:\"\0*\0scheduled_timestamp\";i:1709119113;s:18:\"\0*\0first_timestamp\";i:1687433124;s:13:\"\0*\0recurrence\";i:86400;s:49:\"\0ActionScheduler_IntervalSchedule\0start_timestamp\";i:1709119113;s:53:\"\0ActionScheduler_IntervalSchedule\0interval_in_seconds\";i:86400;}',6,1,'2024-02-28 11:23:27','2024-02-28 11:23:27',0,NULL,10),(1007,'wpforms_process_forms_locator_save','complete','2024-02-28 11:23:27','2024-02-28 11:23:27','{\"tasks_meta_id\":266}','O:28:\"ActionScheduler_NullSchedule\":0:{}',5,1,'2024-02-28 11:23:27','2024-02-28 11:23:27',0,NULL,10),(1008,'wpforms_process_forms_locator_scan','complete','2024-02-29 11:23:27','2024-02-29 11:23:27','{\"tasks_meta_id\":16}','O:32:\"ActionScheduler_IntervalSchedule\":5:{s:22:\"\0*\0scheduled_timestamp\";i:1709205807;s:18:\"\0*\0first_timestamp\";i:1688729210;s:13:\"\0*\0recurrence\";i:86400;s:49:\"\0ActionScheduler_IntervalSchedule\0start_timestamp\";i:1709205807;s:53:\"\0ActionScheduler_IntervalSchedule\0interval_in_seconds\";i:86400;}',5,1,'2024-02-29 11:25:33','2024-02-29 11:25:33',0,NULL,10),(1009,'woocommerce_cleanup_draft_orders','complete','2024-02-29 11:23:27','2024-02-29 11:23:27','[]','O:32:\"ActionScheduler_IntervalSchedule\":5:{s:22:\"\0*\0scheduled_timestamp\";i:1709205807;s:18:\"\0*\0first_timestamp\";i:1687433124;s:13:\"\0*\0recurrence\";i:86400;s:49:\"\0ActionScheduler_IntervalSchedule\0start_timestamp\";i:1709205807;s:53:\"\0ActionScheduler_IntervalSchedule\0interval_in_seconds\";i:86400;}',6,1,'2024-02-29 11:25:33','2024-02-29 11:25:33',0,NULL,10),(1010,'wpforms_process_forms_locator_save','complete','2024-02-29 11:25:33','2024-02-29 11:25:33','{\"tasks_meta_id\":267}','O:28:\"ActionScheduler_NullSchedule\":0:{}',5,1,'2024-02-29 11:25:34','2024-02-29 11:25:34',0,NULL,10),(1011,'wpforms_process_forms_locator_scan','complete','2024-03-01 11:25:33','2024-03-01 11:25:33','{\"tasks_meta_id\":16}','O:32:\"ActionScheduler_IntervalSchedule\":5:{s:22:\"\0*\0scheduled_timestamp\";i:1709292333;s:18:\"\0*\0first_timestamp\";i:1688729210;s:13:\"\0*\0recurrence\";i:86400;s:49:\"\0ActionScheduler_IntervalSchedule\0start_timestamp\";i:1709292333;s:53:\"\0ActionScheduler_IntervalSchedule\0interval_in_seconds\";i:86400;}',5,1,'2024-03-01 11:31:37','2024-03-01 11:31:37',0,NULL,10),(1012,'woocommerce_cleanup_draft_orders','complete','2024-03-01 11:25:33','2024-03-01 11:25:33','[]','O:32:\"ActionScheduler_IntervalSchedule\":5:{s:22:\"\0*\0scheduled_timestamp\";i:1709292333;s:18:\"\0*\0first_timestamp\";i:1687433124;s:13:\"\0*\0recurrence\";i:86400;s:49:\"\0ActionScheduler_IntervalSchedule\0start_timestamp\";i:1709292333;s:53:\"\0ActionScheduler_IntervalSchedule\0interval_in_seconds\";i:86400;}',6,1,'2024-03-01 11:31:37','2024-03-01 11:31:37',0,NULL,10),(1013,'wpforms_process_forms_locator_save','complete','2024-03-01 11:31:37','2024-03-01 11:31:37','{\"tasks_meta_id\":268}','O:28:\"ActionScheduler_NullSchedule\":0:{}',5,1,'2024-03-01 11:31:37','2024-03-01 11:31:37',0,NULL,10),(1014,'wpforms_process_forms_locator_scan','complete','2024-03-02 11:31:37','2024-03-02 11:31:37','{\"tasks_meta_id\":16}','O:32:\"ActionScheduler_IntervalSchedule\":5:{s:22:\"\0*\0scheduled_timestamp\";i:1709379097;s:18:\"\0*\0first_timestamp\";i:1688729210;s:13:\"\0*\0recurrence\";i:86400;s:49:\"\0ActionScheduler_IntervalSchedule\0start_timestamp\";i:1709379097;s:53:\"\0ActionScheduler_IntervalSchedule\0interval_in_seconds\";i:86400;}',5,1,'2024-03-02 11:34:19','2024-03-02 11:34:19',0,NULL,10),(1015,'woocommerce_cleanup_draft_orders','complete','2024-03-02 11:31:37','2024-03-02 11:31:37','[]','O:32:\"ActionScheduler_IntervalSchedule\":5:{s:22:\"\0*\0scheduled_timestamp\";i:1709379097;s:18:\"\0*\0first_timestamp\";i:1687433124;s:13:\"\0*\0recurrence\";i:86400;s:49:\"\0ActionScheduler_IntervalSchedule\0start_timestamp\";i:1709379097;s:53:\"\0ActionScheduler_IntervalSchedule\0interval_in_seconds\";i:86400;}',6,1,'2024-03-02 11:34:19','2024-03-02 11:34:19',0,NULL,10),(1016,'wpforms_process_forms_locator_save','complete','2024-03-02 11:34:19','2024-03-02 11:34:19','{\"tasks_meta_id\":269}','O:28:\"ActionScheduler_NullSchedule\":0:{}',5,1,'2024-03-02 11:34:20','2024-03-02 11:34:20',0,NULL,10),(1017,'wpforms_process_forms_locator_scan','complete','2024-03-03 11:34:19','2024-03-03 11:34:19','{\"tasks_meta_id\":16}','O:32:\"ActionScheduler_IntervalSchedule\":5:{s:22:\"\0*\0scheduled_timestamp\";i:1709465659;s:18:\"\0*\0first_timestamp\";i:1688729210;s:13:\"\0*\0recurrence\";i:86400;s:49:\"\0ActionScheduler_IntervalSchedule\0start_timestamp\";i:1709465659;s:53:\"\0ActionScheduler_IntervalSchedule\0interval_in_seconds\";i:86400;}',5,1,'2024-03-03 12:05:10','2024-03-03 12:05:10',0,NULL,10),(1018,'woocommerce_cleanup_draft_orders','complete','2024-03-03 11:34:19','2024-03-03 11:34:19','[]','O:32:\"ActionScheduler_IntervalSchedule\":5:{s:22:\"\0*\0scheduled_timestamp\";i:1709465659;s:18:\"\0*\0first_timestamp\";i:1687433124;s:13:\"\0*\0recurrence\";i:86400;s:49:\"\0ActionScheduler_IntervalSchedule\0start_timestamp\";i:1709465659;s:53:\"\0ActionScheduler_IntervalSchedule\0interval_in_seconds\";i:86400;}',6,1,'2024-03-03 12:05:10','2024-03-03 12:05:10',0,NULL,10),(1019,'wpforms_admin_addons_cache_update','pending','2024-03-09 22:54:50','2024-03-09 22:54:50','{\"tasks_meta_id\":17}','O:32:\"ActionScheduler_IntervalSchedule\":5:{s:22:\"\0*\0scheduled_timestamp\";i:1710024890;s:18:\"\0*\0first_timestamp\";i:1689334012;s:13:\"\0*\0recurrence\";i:604800;s:49:\"\0ActionScheduler_IntervalSchedule\0start_timestamp\";i:1710024890;s:53:\"\0ActionScheduler_IntervalSchedule\0interval_in_seconds\";i:604800;}',5,0,'0000-00-00 00:00:00','0000-00-00 00:00:00',0,NULL,10),(1020,'wpforms_builder_help_cache_update','pending','2024-03-09 22:54:51','2024-03-09 22:54:51','{\"tasks_meta_id\":19}','O:32:\"ActionScheduler_IntervalSchedule\":5:{s:22:\"\0*\0scheduled_timestamp\";i:1710024891;s:18:\"\0*\0first_timestamp\";i:1689334031;s:13:\"\0*\0recurrence\";i:604800;s:49:\"\0ActionScheduler_IntervalSchedule\0start_timestamp\";i:1710024891;s:53:\"\0ActionScheduler_IntervalSchedule\0interval_in_seconds\";i:604800;}',5,0,'0000-00-00 00:00:00','0000-00-00 00:00:00',0,NULL,10),(1021,'wpforms_admin_builder_templates_cache_update','pending','2024-03-09 22:54:51','2024-03-09 22:54:51','{\"tasks_meta_id\":20}','O:32:\"ActionScheduler_IntervalSchedule\":5:{s:22:\"\0*\0scheduled_timestamp\";i:1710024891;s:18:\"\0*\0first_timestamp\";i:1689334031;s:13:\"\0*\0recurrence\";i:604800;s:49:\"\0ActionScheduler_IntervalSchedule\0start_timestamp\";i:1710024891;s:53:\"\0ActionScheduler_IntervalSchedule\0interval_in_seconds\";i:604800;}',5,0,'0000-00-00 00:00:00','0000-00-00 00:00:00',0,NULL,10),(1022,'wpforms_process_forms_locator_save','complete','2024-03-03 12:05:10','2024-03-03 12:05:10','{\"tasks_meta_id\":270}','O:28:\"ActionScheduler_NullSchedule\":0:{}',5,1,'2024-03-03 12:05:10','2024-03-03 12:05:10',0,NULL,10),(1023,'wpforms_process_forms_locator_scan','complete','2024-03-04 12:05:10','2024-03-04 12:05:10','{\"tasks_meta_id\":16}','O:32:\"ActionScheduler_IntervalSchedule\":5:{s:22:\"\0*\0scheduled_timestamp\";i:1709553910;s:18:\"\0*\0first_timestamp\";i:1688729210;s:13:\"\0*\0recurrence\";i:86400;s:49:\"\0ActionScheduler_IntervalSchedule\0start_timestamp\";i:1709553910;s:53:\"\0ActionScheduler_IntervalSchedule\0interval_in_seconds\";i:86400;}',5,1,'2024-03-04 12:20:17','2024-03-04 12:20:17',0,NULL,10),(1024,'woocommerce_cleanup_draft_orders','complete','2024-03-04 12:05:10','2024-03-04 12:05:10','[]','O:32:\"ActionScheduler_IntervalSchedule\":5:{s:22:\"\0*\0scheduled_timestamp\";i:1709553910;s:18:\"\0*\0first_timestamp\";i:1687433124;s:13:\"\0*\0recurrence\";i:86400;s:49:\"\0ActionScheduler_IntervalSchedule\0start_timestamp\";i:1709553910;s:53:\"\0ActionScheduler_IntervalSchedule\0interval_in_seconds\";i:86400;}',6,1,'2024-03-04 12:20:17','2024-03-04 12:20:17',0,NULL,10),(1025,'wpforms_email_summaries_fetch_info_blocks','pending','2024-03-10 16:52:24','2024-03-10 16:52:24','{\"tasks_meta_id\":null}','O:32:\"ActionScheduler_IntervalSchedule\":5:{s:22:\"\0*\0scheduled_timestamp\";i:1710089544;s:18:\"\0*\0first_timestamp\";i:1688833961;s:13:\"\0*\0recurrence\";i:604800;s:49:\"\0ActionScheduler_IntervalSchedule\0start_timestamp\";i:1710089544;s:53:\"\0ActionScheduler_IntervalSchedule\0interval_in_seconds\";i:604800;}',5,0,'0000-00-00 00:00:00','0000-00-00 00:00:00',0,NULL,10),(1026,'wpforms_process_forms_locator_save','complete','2024-03-04 12:20:16','2024-03-04 12:20:16','{\"tasks_meta_id\":271}','O:28:\"ActionScheduler_NullSchedule\":0:{}',5,1,'2024-03-04 12:20:17','2024-03-04 12:20:17',0,NULL,10),(1027,'wpforms_process_forms_locator_scan','complete','2024-03-05 12:20:17','2024-03-05 12:20:17','{\"tasks_meta_id\":16}','O:32:\"ActionScheduler_IntervalSchedule\":5:{s:22:\"\0*\0scheduled_timestamp\";i:1709641217;s:18:\"\0*\0first_timestamp\";i:1688729210;s:13:\"\0*\0recurrence\";i:86400;s:49:\"\0ActionScheduler_IntervalSchedule\0start_timestamp\";i:1709641217;s:53:\"\0ActionScheduler_IntervalSchedule\0interval_in_seconds\";i:86400;}',5,1,'2024-03-05 14:49:23','2024-03-05 14:49:23',0,NULL,10),(1028,'woocommerce_cleanup_draft_orders','complete','2024-03-05 12:20:17','2024-03-05 12:20:17','[]','O:32:\"ActionScheduler_IntervalSchedule\":5:{s:22:\"\0*\0scheduled_timestamp\";i:1709641217;s:18:\"\0*\0first_timestamp\";i:1687433124;s:13:\"\0*\0recurrence\";i:86400;s:49:\"\0ActionScheduler_IntervalSchedule\0start_timestamp\";i:1709641217;s:53:\"\0ActionScheduler_IntervalSchedule\0interval_in_seconds\";i:86400;}',6,1,'2024-03-05 14:49:23','2024-03-05 14:49:23',0,NULL,10),(1029,'wpforms_process_forms_locator_save','complete','2024-03-05 14:49:23','2024-03-05 14:49:23','{\"tasks_meta_id\":272}','O:28:\"ActionScheduler_NullSchedule\":0:{}',5,1,'2024-03-05 14:49:23','2024-03-05 14:49:23',0,NULL,10),(1030,'wpforms_process_forms_locator_scan','complete','2024-03-06 14:49:23','2024-03-06 14:49:23','{\"tasks_meta_id\":16}','O:32:\"ActionScheduler_IntervalSchedule\":5:{s:22:\"\0*\0scheduled_timestamp\";i:1709736563;s:18:\"\0*\0first_timestamp\";i:1688729210;s:13:\"\0*\0recurrence\";i:86400;s:49:\"\0ActionScheduler_IntervalSchedule\0start_timestamp\";i:1709736563;s:53:\"\0ActionScheduler_IntervalSchedule\0interval_in_seconds\";i:86400;}',5,1,'2024-03-06 15:58:15','2024-03-06 15:58:15',0,NULL,10),(1031,'woocommerce_cleanup_draft_orders','complete','2024-03-06 14:49:23','2024-03-06 14:49:23','[]','O:32:\"ActionScheduler_IntervalSchedule\":5:{s:22:\"\0*\0scheduled_timestamp\";i:1709736563;s:18:\"\0*\0first_timestamp\";i:1687433124;s:13:\"\0*\0recurrence\";i:86400;s:49:\"\0ActionScheduler_IntervalSchedule\0start_timestamp\";i:1709736563;s:53:\"\0ActionScheduler_IntervalSchedule\0interval_in_seconds\";i:86400;}',6,1,'2024-03-06 15:58:15','2024-03-06 15:58:15',0,NULL,10),(1032,'wpforms_process_forms_locator_save','complete','2024-03-06 15:58:15','2024-03-06 15:58:15','{\"tasks_meta_id\":273}','O:28:\"ActionScheduler_NullSchedule\":0:{}',5,1,'2024-03-06 15:58:15','2024-03-06 15:58:15',0,NULL,10),(1033,'wpforms_process_forms_locator_scan','complete','2024-03-07 15:58:15','2024-03-07 15:58:15','{\"tasks_meta_id\":16}','O:32:\"ActionScheduler_IntervalSchedule\":5:{s:22:\"\0*\0scheduled_timestamp\";i:1709827095;s:18:\"\0*\0first_timestamp\";i:1688729210;s:13:\"\0*\0recurrence\";i:86400;s:49:\"\0ActionScheduler_IntervalSchedule\0start_timestamp\";i:1709827095;s:53:\"\0ActionScheduler_IntervalSchedule\0interval_in_seconds\";i:86400;}',5,1,'2024-03-07 16:43:10','2024-03-07 16:43:10',0,NULL,10),(1034,'woocommerce_cleanup_draft_orders','complete','2024-03-07 15:58:15','2024-03-07 15:58:15','[]','O:32:\"ActionScheduler_IntervalSchedule\":5:{s:22:\"\0*\0scheduled_timestamp\";i:1709827095;s:18:\"\0*\0first_timestamp\";i:1687433124;s:13:\"\0*\0recurrence\";i:86400;s:49:\"\0ActionScheduler_IntervalSchedule\0start_timestamp\";i:1709827095;s:53:\"\0ActionScheduler_IntervalSchedule\0interval_in_seconds\";i:86400;}',6,1,'2024-03-07 16:43:10','2024-03-07 16:43:10',0,NULL,10),(1035,'wpforms_process_forms_locator_save','complete','2024-03-07 16:43:09','2024-03-07 16:43:09','{\"tasks_meta_id\":274}','O:28:\"ActionScheduler_NullSchedule\":0:{}',5,1,'2024-03-07 16:43:10','2024-03-07 16:43:10',0,NULL,10),(1036,'wpforms_process_forms_locator_scan','complete','2024-03-08 16:43:10','2024-03-08 16:43:10','{\"tasks_meta_id\":16}','O:32:\"ActionScheduler_IntervalSchedule\":5:{s:22:\"\0*\0scheduled_timestamp\";i:1709916190;s:18:\"\0*\0first_timestamp\";i:1688729210;s:13:\"\0*\0recurrence\";i:86400;s:49:\"\0ActionScheduler_IntervalSchedule\0start_timestamp\";i:1709916190;s:53:\"\0ActionScheduler_IntervalSchedule\0interval_in_seconds\";i:86400;}',5,1,'2024-03-08 16:44:50','2024-03-08 16:44:50',0,NULL,10),(1037,'woocommerce_cleanup_draft_orders','complete','2024-03-08 16:43:10','2024-03-08 16:43:10','[]','O:32:\"ActionScheduler_IntervalSchedule\":5:{s:22:\"\0*\0scheduled_timestamp\";i:1709916190;s:18:\"\0*\0first_timestamp\";i:1687433124;s:13:\"\0*\0recurrence\";i:86400;s:49:\"\0ActionScheduler_IntervalSchedule\0start_timestamp\";i:1709916190;s:53:\"\0ActionScheduler_IntervalSchedule\0interval_in_seconds\";i:86400;}',6,1,'2024-03-08 16:44:50','2024-03-08 16:44:50',0,NULL,10),(1038,'wpforms_process_forms_locator_save','complete','2024-03-08 16:44:50','2024-03-08 16:44:50','{\"tasks_meta_id\":275}','O:28:\"ActionScheduler_NullSchedule\":0:{}',5,1,'2024-03-08 16:44:50','2024-03-08 16:44:50',0,NULL,10),(1039,'wpforms_process_forms_locator_scan','pending','2024-03-09 16:44:50','2024-03-09 16:44:50','{\"tasks_meta_id\":16}','O:32:\"ActionScheduler_IntervalSchedule\":5:{s:22:\"\0*\0scheduled_timestamp\";i:1710002690;s:18:\"\0*\0first_timestamp\";i:1688729210;s:13:\"\0*\0recurrence\";i:86400;s:49:\"\0ActionScheduler_IntervalSchedule\0start_timestamp\";i:1710002690;s:53:\"\0ActionScheduler_IntervalSchedule\0interval_in_seconds\";i:86400;}',5,0,'0000-00-00 00:00:00','0000-00-00 00:00:00',0,NULL,10),(1040,'woocommerce_cleanup_draft_orders','pending','2024-03-09 16:44:50','2024-03-09 16:44:50','[]','O:32:\"ActionScheduler_IntervalSchedule\":5:{s:22:\"\0*\0scheduled_timestamp\";i:1710002690;s:18:\"\0*\0first_timestamp\";i:1687433124;s:13:\"\0*\0recurrence\";i:86400;s:49:\"\0ActionScheduler_IntervalSchedule\0start_timestamp\";i:1710002690;s:53:\"\0ActionScheduler_IntervalSchedule\0interval_in_seconds\";i:86400;}',6,0,'0000-00-00 00:00:00','0000-00-00 00:00:00',0,NULL,10);

--
-- Table structure for table `wp_actionscheduler_claims`
--

CREATE TABLE `wp_actionscheduler_claims` (
  `claim_id` bigint(20) unsigned NOT NULL AUTO_INCREMENT,
  `date_created_gmt` datetime NOT NULL DEFAULT '0000-00-00 00:00:00',
  PRIMARY KEY (`claim_id`),
  KEY `date_created_gmt` (`date_created_gmt`)
) ENGINE=InnoDB AUTO_INCREMENT=24535 DEFAULT CHARSET=utf8mb4 COLLATE=utf8mb4_unicode_ci;

--
-- Dumping data for table `wp_actionscheduler_claims`
--

INSERT INTO `wp_actionscheduler_claims` (`claim_id`, `date_created_gmt`) VALUES (9135,'2023-06-22 11:21:59'),(9136,'2023-06-22 11:23:09');

--
-- Table structure for table `wp_actionscheduler_groups`
--

CREATE TABLE `wp_actionscheduler_groups` (
  `group_id` bigint(20) unsigned NOT NULL AUTO_INCREMENT,
  `slug` varchar(255) NOT NULL,
  PRIMARY KEY (`group_id`),
  KEY `slug` (`slug`(191))
) ENGINE=InnoDB AUTO_INCREMENT=8 DEFAULT CHARSET=utf8mb4 COLLATE=utf8mb4_unicode_ci;

--
-- Dumping data for table `wp_actionscheduler_groups`
--

INSERT INTO `wp_actionscheduler_groups` (`group_id`, `slug`) VALUES (1,'action-scheduler-migration'),(2,'action-scheduler-migration'),(3,'woocommerce-db-updates'),(4,'wc-admin-data'),(5,'wpforms'),(6,''),(7,'woocommerce-remote-inbox-engine');

--
-- Table structure for table `wp_actionscheduler_logs`
--

CREATE TABLE `wp_actionscheduler_logs` (
  `log_id` bigint(20) unsigned NOT NULL AUTO_INCREMENT,
  `action_id` bigint(20) unsigned NOT NULL,
  `message` text NOT NULL,
  `log_date_gmt` datetime DEFAULT '0000-00-00 00:00:00',
  `log_date_local` datetime DEFAULT '0000-00-00 00:00:00',
  PRIMARY KEY (`log_id`),
  KEY `action_id` (`action_id`),
  KEY `log_date_gmt` (`log_date_gmt`)
) ENGINE=InnoDB AUTO_INCREMENT=3109 DEFAULT CHARSET=utf8mb4 COLLATE=utf8mb4_unicode_ci;

--
-- Dumping data for table `wp_actionscheduler_logs`
--

INSERT INTO `wp_actionscheduler_logs` (`log_id`, `action_id`, `message`, `log_date_gmt`, `log_date_local`) VALUES (418,140,'action created','2021-12-22 07:32:25','2021-12-22 07:32:25'),(422,140,'action started via Async Request','2023-06-22 11:25:24','2023-06-22 11:25:24'),(423,140,'action failed via Async Request: Scheduled action for action_scheduler/migration_hook will not be executed as no callbacks are registered.','2023-06-22 11:25:24','2023-06-22 11:25:24'),(440,148,'action created','2023-06-23 12:04:49','2023-06-23 12:04:49'),(441,148,'action started via WP Cron','2023-06-23 12:05:51','2023-06-23 12:05:51'),(442,148,'action failed via WP Cron: Scheduled action for action_scheduler/migration_hook will not be executed as no callbacks are registered.','2023-06-23 12:05:51','2023-06-23 12:05:51'),(2754,922,'action created','2024-02-03 19:17:18','2024-02-03 19:17:18'),(2757,923,'action created','2024-02-03 19:17:19','2024-02-03 19:17:19'),(2760,924,'action created','2024-02-03 19:17:20','2024-02-03 19:17:20'),(2763,925,'action created','2024-02-04 14:23:59','2024-02-04 14:23:59'),(2776,930,'action created','2024-02-05 16:50:24','2024-02-05 16:50:24'),(2779,931,'action created','2024-02-05 16:50:25','2024-02-05 16:50:25'),(2782,930,'action started via WP Cron','2024-02-06 19:48:10','2024-02-06 19:48:10'),(2783,932,'action created','2024-02-06 19:48:11','2024-02-06 19:48:11'),(2784,930,'action complete via WP Cron','2024-02-06 19:48:11','2024-02-06 19:48:11'),(2785,933,'action created','2024-02-06 19:48:11','2024-02-06 19:48:11'),(2786,931,'action started via WP Cron','2024-02-06 19:48:11','2024-02-06 19:48:11'),(2787,931,'action complete via WP Cron','2024-02-06 19:48:11','2024-02-06 19:48:11'),(2788,934,'action created','2024-02-06 19:48:11','2024-02-06 19:48:11'),(2789,932,'action started via WP Cron','2024-02-06 19:48:11','2024-02-06 19:48:11'),(2790,932,'action complete via WP Cron','2024-02-06 19:48:11','2024-02-06 19:48:11'),(2791,933,'action started via WP Cron','2024-02-07 19:54:20','2024-02-07 19:54:20'),(2792,935,'action created','2024-02-07 19:54:21','2024-02-07 19:54:21'),(2793,933,'action complete via WP Cron','2024-02-07 19:54:21','2024-02-07 19:54:21'),(2794,936,'action created','2024-02-07 19:54:21','2024-02-07 19:54:21'),(2795,934,'action started via WP Cron','2024-02-07 19:54:21','2024-02-07 19:54:21'),(2796,934,'action complete via WP Cron','2024-02-07 19:54:21','2024-02-07 19:54:21'),(2797,937,'action created','2024-02-07 19:54:21','2024-02-07 19:54:21'),(2798,935,'action started via WP Cron','2024-02-07 19:54:21','2024-02-07 19:54:21'),(2799,935,'action complete via WP Cron','2024-02-07 19:54:21','2024-02-07 19:54:21'),(2800,936,'action started via WP Cron','2024-02-08 20:07:25','2024-02-08 20:07:25'),(2801,938,'action created','2024-02-08 20:07:25','2024-02-08 20:07:25'),(2802,936,'action complete via WP Cron','2024-02-08 20:07:25','2024-02-08 20:07:25'),(2803,939,'action created','2024-02-08 20:07:25','2024-02-08 20:07:25'),(2804,937,'action started via WP Cron','2024-02-08 20:07:25','2024-02-08 20:07:25'),(2805,937,'action complete via WP Cron','2024-02-08 20:07:25','2024-02-08 20:07:25'),(2806,940,'action created','2024-02-08 20:07:25','2024-02-08 20:07:25'),(2807,938,'action started via WP Cron','2024-02-08 20:07:25','2024-02-08 20:07:25'),(2808,938,'action complete via WP Cron','2024-02-08 20:07:25','2024-02-08 20:07:25'),(2809,939,'action started via WP Cron','2024-02-09 20:23:55','2024-02-09 20:23:55'),(2810,941,'action created','2024-02-09 20:23:55','2024-02-09 20:23:55'),(2811,939,'action complete via WP Cron','2024-02-09 20:23:55','2024-02-09 20:23:55'),(2812,942,'action created','2024-02-09 20:23:55','2024-02-09 20:23:55'),(2813,940,'action started via WP Cron','2024-02-09 20:23:55','2024-02-09 20:23:55'),(2814,940,'action complete via WP Cron','2024-02-09 20:23:55','2024-02-09 20:23:55'),(2815,943,'action created','2024-02-09 20:23:55','2024-02-09 20:23:55'),(2816,941,'action started via WP Cron','2024-02-09 20:23:55','2024-02-09 20:23:55'),(2817,941,'action complete via WP Cron','2024-02-09 20:23:55','2024-02-09 20:23:55'),(2818,922,'action started via WP Cron','2024-02-10 20:41:12','2024-02-10 20:41:12'),(2819,922,'action complete via WP Cron','2024-02-10 20:41:12','2024-02-10 20:41:12'),(2820,944,'action created','2024-02-10 20:41:12','2024-02-10 20:41:12'),(2821,923,'action started via WP Cron','2024-02-10 20:41:12','2024-02-10 20:41:12'),(2822,923,'action complete via WP Cron','2024-02-10 20:41:12','2024-02-10 20:41:12'),(2823,945,'action created','2024-02-10 20:41:12','2024-02-10 20:41:12'),(2824,924,'action started via WP Cron','2024-02-10 20:41:12','2024-02-10 20:41:12'),(2825,924,'action complete via WP Cron','2024-02-10 20:41:13','2024-02-10 20:41:13'),(2826,946,'action created','2024-02-10 20:41:13','2024-02-10 20:41:13'),(2827,942,'action started via WP Cron','2024-02-10 20:41:13','2024-02-10 20:41:13'),(2828,947,'action created','2024-02-10 20:41:13','2024-02-10 20:41:13'),(2829,942,'action complete via WP Cron','2024-02-10 20:41:13','2024-02-10 20:41:13'),(2830,948,'action created','2024-02-10 20:41:13','2024-02-10 20:41:13'),(2831,943,'action started via WP Cron','2024-02-10 20:41:13','2024-02-10 20:41:13'),(2832,943,'action complete via WP Cron','2024-02-10 20:41:13','2024-02-10 20:41:13'),(2833,949,'action created','2024-02-10 20:41:13','2024-02-10 20:41:13'),(2834,947,'action started via WP Cron','2024-02-10 20:41:13','2024-02-10 20:41:13'),(2835,947,'action complete via WP Cron','2024-02-10 20:41:13','2024-02-10 20:41:13'),(2836,925,'action started via WP Cron','2024-02-11 16:00:16','2024-02-11 16:00:16'),(2837,925,'action complete via WP Cron','2024-02-11 16:00:17','2024-02-11 16:00:17'),(2838,950,'action created','2024-02-11 16:00:17','2024-02-11 16:00:17'),(2839,948,'action started via WP Cron','2024-02-11 23:07:07','2024-02-11 23:07:07'),(2840,951,'action created','2024-02-11 23:07:07','2024-02-11 23:07:07'),(2841,948,'action complete via WP Cron','2024-02-11 23:07:07','2024-02-11 23:07:07'),(2842,952,'action created','2024-02-11 23:07:07','2024-02-11 23:07:07'),(2843,949,'action started via WP Cron','2024-02-11 23:07:07','2024-02-11 23:07:07'),(2844,949,'action complete via WP Cron','2024-02-11 23:07:07','2024-02-11 23:07:07'),(2845,953,'action created','2024-02-11 23:07:07','2024-02-11 23:07:07'),(2846,951,'action started via WP Cron','2024-02-11 23:07:07','2024-02-11 23:07:07'),(2847,951,'action complete via WP Cron','2024-02-11 23:07:07','2024-02-11 23:07:07'),(2848,952,'action started via WP Cron','2024-02-12 23:21:23','2024-02-12 23:21:23'),(2849,954,'action created','2024-02-12 23:21:23','2024-02-12 23:21:23'),(2850,952,'action complete via WP Cron','2024-02-12 23:21:23','2024-02-12 23:21:23'),(2851,955,'action created','2024-02-12 23:21:23','2024-02-12 23:21:23'),(2852,953,'action started via WP Cron','2024-02-12 23:21:23','2024-02-12 23:21:23'),(2853,953,'action complete via WP Cron','2024-02-12 23:21:23','2024-02-12 23:21:23'),(2854,956,'action created','2024-02-12 23:21:23','2024-02-12 23:21:23'),(2855,954,'action started via WP Cron','2024-02-12 23:21:23','2024-02-12 23:21:23'),(2856,954,'action complete via WP Cron','2024-02-12 23:21:23','2024-02-12 23:21:23'),(2857,955,'action started via WP Cron','2024-02-14 00:15:46','2024-02-14 00:15:46'),(2858,957,'action created','2024-02-14 00:15:46','2024-02-14 00:15:46'),(2859,955,'action complete via WP Cron','2024-02-14 00:15:46','2024-02-14 00:15:46'),(2860,958,'action created','2024-02-14 00:15:46','2024-02-14 00:15:46'),(2861,956,'action started via WP Cron','2024-02-14 00:15:46','2024-02-14 00:15:46'),(2862,956,'action complete via WP Cron','2024-02-14 00:15:46','2024-02-14 00:15:46'),(2863,959,'action created','2024-02-14 00:15:46','2024-02-14 00:15:46'),(2864,957,'action started via WP Cron','2024-02-14 00:15:46','2024-02-14 00:15:46'),(2865,957,'action complete via WP Cron','2024-02-14 00:15:46','2024-02-14 00:15:46'),(2866,958,'action started via WP Cron','2024-02-15 00:43:16','2024-02-15 00:43:16'),(2867,960,'action created','2024-02-15 00:43:16','2024-02-15 00:43:16'),(2868,958,'action complete via WP Cron','2024-02-15 00:43:16','2024-02-15 00:43:16'),(2869,961,'action created','2024-02-15 00:43:16','2024-02-15 00:43:16'),(2870,959,'action started via WP Cron','2024-02-15 00:43:16','2024-02-15 00:43:16'),(2871,959,'action complete via WP Cron','2024-02-15 00:43:16','2024-02-15 00:43:16'),(2872,962,'action created','2024-02-15 00:43:16','2024-02-15 00:43:16'),(2873,960,'action started via WP Cron','2024-02-15 00:43:16','2024-02-15 00:43:16'),(2874,960,'action complete via WP Cron','2024-02-15 00:43:16','2024-02-15 00:43:16'),(2875,961,'action started via WP Cron','2024-02-16 01:38:56','2024-02-16 01:38:56'),(2876,963,'action created','2024-02-16 01:38:56','2024-02-16 01:38:56'),(2877,961,'action complete via WP Cron','2024-02-16 01:38:56','2024-02-16 01:38:56'),(2878,964,'action created','2024-02-16 01:38:56','2024-02-16 01:38:56'),(2879,962,'action started via WP Cron','2024-02-16 01:38:56','2024-02-16 01:38:56'),(2880,962,'action complete via WP Cron','2024-02-16 01:38:56','2024-02-16 01:38:56'),(2881,965,'action created','2024-02-16 01:38:56','2024-02-16 01:38:56'),(2882,963,'action started via WP Cron','2024-02-16 01:38:56','2024-02-16 01:38:56'),(2883,963,'action complete via WP Cron','2024-02-16 01:38:56','2024-02-16 01:38:56'),(2884,964,'action started via WP Cron','2024-02-17 05:09:38','2024-02-17 05:09:38'),(2885,966,'action created','2024-02-17 05:09:38','2024-02-17 05:09:38'),(2886,964,'action complete via WP Cron','2024-02-17 05:09:38','2024-02-17 05:09:38'),(2887,967,'action created','2024-02-17 05:09:38','2024-02-17 05:09:38'),(2888,965,'action started via WP Cron','2024-02-17 05:09:38','2024-02-17 05:09:38'),(2889,965,'action complete via WP Cron','2024-02-17 05:09:38','2024-02-17 05:09:38'),(2890,968,'action created','2024-02-17 05:09:38','2024-02-17 05:09:38'),(2891,966,'action started via WP Cron','2024-02-17 05:09:38','2024-02-17 05:09:38'),(2892,966,'action complete via WP Cron','2024-02-17 05:09:38','2024-02-17 05:09:38'),(2893,944,'action started via WP Cron','2024-02-17 21:05:53','2024-02-17 21:05:53'),(2894,944,'action complete via WP Cron','2024-02-17 21:05:53','2024-02-17 21:05:53'),(2895,969,'action created','2024-02-17 21:05:53','2024-02-17 21:05:53'),(2896,945,'action started via WP Cron','2024-02-17 21:05:53','2024-02-17 21:05:53'),(2897,945,'action complete via WP Cron','2024-02-17 21:05:54','2024-02-17 21:05:54'),(2898,970,'action created','2024-02-17 21:05:54','2024-02-17 21:05:54'),(2899,946,'action started via WP Cron','2024-02-17 21:05:54','2024-02-17 21:05:54'),(2900,946,'action complete via WP Cron','2024-02-17 21:05:54','2024-02-17 21:05:54'),(2901,971,'action created','2024-02-17 21:05:54','2024-02-17 21:05:54'),(2902,967,'action started via WP Cron','2024-02-18 05:17:36','2024-02-18 05:17:36'),(2903,972,'action created','2024-02-18 05:17:37','2024-02-18 05:17:37'),(2904,967,'action complete via WP Cron','2024-02-18 05:17:37','2024-02-18 05:17:37'),(2905,973,'action created','2024-02-18 05:17:37','2024-02-18 05:17:37'),(2906,968,'action started via WP Cron','2024-02-18 05:17:37','2024-02-18 05:17:37'),(2907,968,'action complete via WP Cron','2024-02-18 05:17:37','2024-02-18 05:17:37'),(2908,974,'action created','2024-02-18 05:17:37','2024-02-18 05:17:37'),(2909,972,'action started via WP Cron','2024-02-18 05:17:37','2024-02-18 05:17:37'),(2910,972,'action complete via WP Cron','2024-02-18 05:17:37','2024-02-18 05:17:37'),(2911,950,'action started via WP Cron','2024-02-18 16:28:43','2024-02-18 16:28:43'),(2912,950,'action complete via WP Cron','2024-02-18 16:28:43','2024-02-18 16:28:43'),(2913,975,'action created','2024-02-18 16:28:43','2024-02-18 16:28:43'),(2914,973,'action started via WP Cron','2024-02-19 05:39:32','2024-02-19 05:39:32'),(2915,976,'action created','2024-02-19 05:39:32','2024-02-19 05:39:32'),(2916,973,'action complete via WP Cron','2024-02-19 05:39:32','2024-02-19 05:39:32'),(2917,977,'action created','2024-02-19 05:39:32','2024-02-19 05:39:32'),(2918,974,'action started via WP Cron','2024-02-19 05:39:32','2024-02-19 05:39:32'),(2919,974,'action complete via WP Cron','2024-02-19 05:39:32','2024-02-19 05:39:32'),(2920,978,'action created','2024-02-19 05:39:32','2024-02-19 05:39:32'),(2921,976,'action started via WP Cron','2024-02-19 05:39:32','2024-02-19 05:39:32'),(2922,976,'action complete via WP Cron','2024-02-19 05:39:32','2024-02-19 05:39:32'),(2923,977,'action started via WP Cron','2024-02-20 05:40:15','2024-02-20 05:40:15'),(2924,979,'action created','2024-02-20 05:40:15','2024-02-20 05:40:15'),(2925,977,'action complete via WP Cron','2024-02-20 05:40:15','2024-02-20 05:40:15'),(2926,980,'action created','2024-02-20 05:40:15','2024-02-20 05:40:15'),(2927,978,'action started via WP Cron','2024-02-20 05:40:15','2024-02-20 05:40:15'),(2928,978,'action complete via WP Cron','2024-02-20 05:40:15','2024-02-20 05:40:15'),(2929,981,'action created','2024-02-20 05:40:15','2024-02-20 05:40:15'),(2930,979,'action started via WP Cron','2024-02-20 05:40:15','2024-02-20 05:40:15'),(2931,979,'action complete via WP Cron','2024-02-20 05:40:16','2024-02-20 05:40:16'),(2932,980,'action started via WP Cron','2024-02-21 06:17:28','2024-02-21 06:17:28'),(2933,982,'action created','2024-02-21 06:17:28','2024-02-21 06:17:28'),(2934,980,'action complete via WP Cron','2024-02-21 06:17:28','2024-02-21 06:17:28'),(2935,983,'action created','2024-02-21 06:17:28','2024-02-21 06:17:28'),(2936,981,'action started via WP Cron','2024-02-21 06:17:28','2024-02-21 06:17:28'),(2937,981,'action complete via WP Cron','2024-02-21 06:17:28','2024-02-21 06:17:28'),(2938,984,'action created','2024-02-21 06:17:28','2024-02-21 06:17:28'),(2939,982,'action started via WP Cron','2024-02-21 06:17:28','2024-02-21 06:17:28'),(2940,982,'action complete via WP Cron','2024-02-21 06:17:28','2024-02-21 06:17:28'),(2941,983,'action started via WP Cron','2024-02-22 07:15:53','2024-02-22 07:15:53'),(2942,985,'action created','2024-02-22 07:15:53','2024-02-22 07:15:53'),(2943,983,'action complete via WP Cron','2024-02-22 07:15:53','2024-02-22 07:15:53'),(2944,986,'action created','2024-02-22 07:15:53','2024-02-22 07:15:53'),(2945,984,'action started via WP Cron','2024-02-22 07:15:53','2024-02-22 07:15:53'),(2946,984,'action complete via WP Cron','2024-02-22 07:15:53','2024-02-22 07:15:53'),(2947,987,'action created','2024-02-22 07:15:53','2024-02-22 07:15:53'),(2948,985,'action started via WP Cron','2024-02-22 07:15:53','2024-02-22 07:15:53'),(2949,985,'action complete via WP Cron','2024-02-22 07:15:53','2024-02-22 07:15:53'),(2950,986,'action started via WP Cron','2024-02-23 08:25:25','2024-02-23 08:25:25'),(2951,988,'action created','2024-02-23 08:25:25','2024-02-23 08:25:25'),(2952,986,'action complete via WP Cron','2024-02-23 08:25:25','2024-02-23 08:25:25'),(2953,989,'action created','2024-02-23 08:25:25','2024-02-23 08:25:25'),(2954,987,'action started via WP Cron','2024-02-23 08:25:25','2024-02-23 08:25:25'),(2955,987,'action complete via WP Cron','2024-02-23 08:25:25','2024-02-23 08:25:25'),(2956,990,'action created','2024-02-23 08:25:25','2024-02-23 08:25:25'),(2957,988,'action started via WP Cron','2024-02-23 08:25:25','2024-02-23 08:25:25'),(2958,988,'action complete via WP Cron','2024-02-23 08:25:25','2024-02-23 08:25:25'),(2959,989,'action started via WP Cron','2024-02-24 10:51:02','2024-02-24 10:51:02'),(2960,991,'action created','2024-02-24 10:51:02','2024-02-24 10:51:02'),(2961,989,'action complete via WP Cron','2024-02-24 10:51:02','2024-02-24 10:51:02'),(2962,992,'action created','2024-02-24 10:51:02','2024-02-24 10:51:02'),(2963,990,'action started via WP Cron','2024-02-24 10:51:02','2024-02-24 10:51:02'),(2964,990,'action complete via WP Cron','2024-02-24 10:51:02','2024-02-24 10:51:02'),(2965,993,'action created','2024-02-24 10:51:02','2024-02-24 10:51:02'),(2966,991,'action started via WP Cron','2024-02-24 10:51:02','2024-02-24 10:51:02'),(2967,991,'action complete via WP Cron','2024-02-24 10:51:02','2024-02-24 10:51:02'),(2968,969,'action started via WP Cron','2024-02-24 22:25:21','2024-02-24 22:25:21'),(2969,969,'action complete via WP Cron','2024-02-24 22:25:22','2024-02-24 22:25:22'),(2970,994,'action created','2024-02-24 22:25:22','2024-02-24 22:25:22'),(2971,970,'action started via WP Cron','2024-02-24 22:25:22','2024-02-24 22:25:22'),(2972,970,'action complete via WP Cron','2024-02-24 22:25:22','2024-02-24 22:25:22'),(2973,995,'action created','2024-02-24 22:25:22','2024-02-24 22:25:22'),(2974,971,'action started via WP Cron','2024-02-24 22:25:22','2024-02-24 22:25:22'),(2975,971,'action complete via WP Cron','2024-02-24 22:25:23','2024-02-24 22:25:23'),(2976,996,'action created','2024-02-24 22:25:23','2024-02-24 22:25:23'),(2977,992,'action started via WP Cron','2024-02-25 10:51:58','2024-02-25 10:51:58'),(2978,997,'action created','2024-02-25 10:51:58','2024-02-25 10:51:58'),(2979,992,'action complete via WP Cron','2024-02-25 10:51:58','2024-02-25 10:51:58'),(2980,998,'action created','2024-02-25 10:51:58','2024-02-25 10:51:58'),(2981,993,'action started via WP Cron','2024-02-25 10:51:58','2024-02-25 10:51:58'),(2982,993,'action complete via WP Cron','2024-02-25 10:51:58','2024-02-25 10:51:58'),(2983,999,'action created','2024-02-25 10:51:58','2024-02-25 10:51:58'),(2984,997,'action started via WP Cron','2024-02-25 10:51:58','2024-02-25 10:51:58'),(2985,997,'action complete via WP Cron','2024-02-25 10:51:58','2024-02-25 10:51:58'),(2986,975,'action started via WP Cron','2024-02-25 16:37:14','2024-02-25 16:37:14'),(2987,975,'action complete via WP Cron','2024-02-25 16:37:15','2024-02-25 16:37:15'),(2988,1000,'action created','2024-02-25 16:37:15','2024-02-25 16:37:15'),(2989,998,'action started via WP Cron','2024-02-26 11:16:34','2024-02-26 11:16:34'),(2990,1001,'action created','2024-02-26 11:16:34','2024-02-26 11:16:34'),(2991,998,'action complete via WP Cron','2024-02-26 11:16:34','2024-02-26 11:16:34'),(2992,1002,'action created','2024-02-26 11:16:34','2024-02-26 11:16:34'),(2993,999,'action started via WP Cron','2024-02-26 11:16:34','2024-02-26 11:16:34'),(2994,999,'action complete via WP Cron','2024-02-26 11:16:34','2024-02-26 11:16:34'),(2995,1003,'action created','2024-02-26 11:16:34','2024-02-26 11:16:34'),(2996,1001,'action started via WP Cron','2024-02-26 11:16:35','2024-02-26 11:16:35'),(2997,1001,'action complete via WP Cron','2024-02-26 11:16:35','2024-02-26 11:16:35'),(2998,1002,'action started via WP Cron','2024-02-27 11:18:33','2024-02-27 11:18:33'),(2999,1004,'action created','2024-02-27 11:18:33','2024-02-27 11:18:33'),(3000,1002,'action complete via WP Cron','2024-02-27 11:18:33','2024-02-27 11:18:33'),(3001,1005,'action created','2024-02-27 11:18:33','2024-02-27 11:18:33'),(3002,1003,'action started via WP Cron','2024-02-27 11:18:33','2024-02-27 11:18:33'),(3003,1003,'action complete via WP Cron','2024-02-27 11:18:33','2024-02-27 11:18:33'),(3004,1006,'action created','2024-02-27 11:18:33','2024-02-27 11:18:33'),(3005,1004,'action started via WP Cron','2024-02-27 11:18:33','2024-02-27 11:18:33'),(3006,1004,'action complete via WP Cron','2024-02-27 11:18:33','2024-02-27 11:18:33'),(3007,1005,'action started via WP Cron','2024-02-28 11:23:27','2024-02-28 11:23:27'),(3008,1007,'action created','2024-02-28 11:23:27','2024-02-28 11:23:27'),(3009,1005,'action complete via WP Cron','2024-02-28 11:23:27','2024-02-28 11:23:27'),(3010,1008,'action created','2024-02-28 11:23:27','2024-02-28 11:23:27'),(3011,1006,'action started via WP Cron','2024-02-28 11:23:27','2024-02-28 11:23:27'),(3012,1006,'action complete via WP Cron','2024-02-28 11:23:27','2024-02-28 11:23:27'),(3013,1009,'action created','2024-02-28 11:23:27','2024-02-28 11:23:27'),(3014,1007,'action started via WP Cron','2024-02-28 11:23:27','2024-02-28 11:23:27'),(3015,1007,'action complete via WP Cron','2024-02-28 11:23:27','2024-02-28 11:23:27'),(3016,1008,'action started via WP Cron','2024-02-29 11:25:33','2024-02-29 11:25:33'),(3017,1010,'action created','2024-02-29 11:25:33','2024-02-29 11:25:33'),(3018,1008,'action complete via WP Cron','2024-02-29 11:25:33','2024-02-29 11:25:33'),(3019,1011,'action created','2024-02-29 11:25:33','2024-02-29 11:25:33'),(3020,1009,'action started via WP Cron','2024-02-29 11:25:33','2024-02-29 11:25:33'),(3021,1009,'action complete via WP Cron','2024-02-29 11:25:33','2024-02-29 11:25:33'),(3022,1012,'action created','2024-02-29 11:25:33','2024-02-29 11:25:33'),(3023,1010,'action started via WP Cron','2024-02-29 11:25:34','2024-02-29 11:25:34'),(3024,1010,'action complete via WP Cron','2024-02-29 11:25:34','2024-02-29 11:25:34'),(3025,1011,'action started via WP Cron','2024-03-01 11:31:37','2024-03-01 11:31:37'),(3026,1013,'action created','2024-03-01 11:31:37','2024-03-01 11:31:37'),(3027,1011,'action complete via WP Cron','2024-03-01 11:31:37','2024-03-01 11:31:37'),(3028,1014,'action created','2024-03-01 11:31:37','2024-03-01 11:31:37'),(3029,1012,'action started via WP Cron','2024-03-01 11:31:37','2024-03-01 11:31:37'),(3030,1012,'action complete via WP Cron','2024-03-01 11:31:37','2024-03-01 11:31:37'),(3031,1015,'action created','2024-03-01 11:31:37','2024-03-01 11:31:37'),(3032,1013,'action started via WP Cron','2024-03-01 11:31:37','2024-03-01 11:31:37'),(3033,1013,'action complete via WP Cron','2024-03-01 11:31:37','2024-03-01 11:31:37'),(3034,1014,'action started via WP Cron','2024-03-02 11:34:19','2024-03-02 11:34:19'),(3035,1016,'action created','2024-03-02 11:34:19','2024-03-02 11:34:19'),(3036,1014,'action complete via WP Cron','2024-03-02 11:34:19','2024-03-02 11:34:19'),(3037,1017,'action created','2024-03-02 11:34:19','2024-03-02 11:34:19'),(3038,1015,'action started via WP Cron','2024-03-02 11:34:19','2024-03-02 11:34:19'),(3039,1015,'action complete via WP Cron','2024-03-02 11:34:19','2024-03-02 11:34:19'),(3040,1018,'action created','2024-03-02 11:34:19','2024-03-02 11:34:19'),(3041,1016,'action started via WP Cron','2024-03-02 11:34:19','2024-03-02 11:34:19'),(3042,1016,'action complete via WP Cron','2024-03-02 11:34:20','2024-03-02 11:34:20'),(3043,994,'action started via WP Cron','2024-03-02 22:54:50','2024-03-02 22:54:50'),(3044,994,'action complete via WP Cron','2024-03-02 22:54:50','2024-03-02 22:54:50'),(3045,1019,'action created','2024-03-02 22:54:50','2024-03-02 22:54:50'),(3046,995,'action started via WP Cron','2024-03-02 22:54:50','2024-03-02 22:54:50'),(3047,995,'action complete via WP Cron','2024-03-02 22:54:51','2024-03-02 22:54:51'),(3048,1020,'action created','2024-03-02 22:54:51','2024-03-02 22:54:51'),(3049,996,'action started via WP Cron','2024-03-02 22:54:51','2024-03-02 22:54:51'),(3050,996,'action complete via WP Cron','2024-03-02 22:54:51','2024-03-02 22:54:51'),(3051,1021,'action created','2024-03-02 22:54:51','2024-03-02 22:54:51'),(3052,1017,'action started via WP Cron','2024-03-03 12:05:10','2024-03-03 12:05:10'),(3053,1022,'action created','2024-03-03 12:05:10','2024-03-03 12:05:10'),(3054,1017,'action complete via WP Cron','2024-03-03 12:05:10','2024-03-03 12:05:10'),(3055,1023,'action created','2024-03-03 12:05:10','2024-03-03 12:05:10'),(3056,1018,'action started via WP Cron','2024-03-03 12:05:10','2024-03-03 12:05:10'),(3057,1018,'action complete via WP Cron','2024-03-03 12:05:10','2024-03-03 12:05:10'),(3058,1024,'action created','2024-03-03 12:05:10','2024-03-03 12:05:10'),(3059,1022,'action started via WP Cron','2024-03-03 12:05:10','2024-03-03 12:05:10'),(3060,1022,'action complete via WP Cron','2024-03-03 12:05:10','2024-03-03 12:05:10'),(3061,1000,'action started via WP Cron','2024-03-03 16:52:23','2024-03-03 16:52:23'),(3062,1000,'action complete via WP Cron','2024-03-03 16:52:24','2024-03-03 16:52:24'),(3063,1025,'action created','2024-03-03 16:52:24','2024-03-03 16:52:24'),(3064,1023,'action started via WP Cron','2024-03-04 12:20:16','2024-03-04 12:20:16'),(3065,1026,'action created','2024-03-04 12:20:16','2024-03-04 12:20:16'),(3066,1023,'action complete via WP Cron','2024-03-04 12:20:17','2024-03-04 12:20:17'),(3067,1027,'action created','2024-03-04 12:20:17','2024-03-04 12:20:17'),(3068,1024,'action started via WP Cron','2024-03-04 12:20:17','2024-03-04 12:20:17'),(3069,1024,'action complete via WP Cron','2024-03-04 12:20:17','2024-03-04 12:20:17'),(3070,1028,'action created','2024-03-04 12:20:17','2024-03-04 12:20:17'),(3071,1026,'action started via WP Cron','2024-03-04 12:20:17','2024-03-04 12:20:17'),(3072,1026,'action complete via WP Cron','2024-03-04 12:20:17','2024-03-04 12:20:17'),(3073,1027,'action started via WP Cron','2024-03-05 14:49:22','2024-03-05 14:49:22'),(3074,1029,'action created','2024-03-05 14:49:23','2024-03-05 14:49:23'),(3075,1027,'action complete via WP Cron','2024-03-05 14:49:23','2024-03-05 14:49:23'),(3076,1030,'action created','2024-03-05 14:49:23','2024-03-05 14:49:23'),(3077,1028,'action started via WP Cron','2024-03-05 14:49:23','2024-03-05 14:49:23'),(3078,1028,'action complete via WP Cron','2024-03-05 14:49:23','2024-03-05 14:49:23'),(3079,1031,'action created','2024-03-05 14:49:23','2024-03-05 14:49:23'),(3080,1029,'action started via WP Cron','2024-03-05 14:49:23','2024-03-05 14:49:23'),(3081,1029,'action complete via WP Cron','2024-03-05 14:49:23','2024-03-05 14:49:23'),(3082,1030,'action started via WP Cron','2024-03-06 15:58:14','2024-03-06 15:58:14'),(3083,1032,'action created','2024-03-06 15:58:15','2024-03-06 15:58:15'),(3084,1030,'action complete via WP Cron','2024-03-06 15:58:15','2024-03-06 15:58:15'),(3085,1033,'action created','2024-03-06 15:58:15','2024-03-06 15:58:15'),(3086,1031,'action started via WP Cron','2024-03-06 15:58:15','2024-03-06 15:58:15'),(3087,1031,'action complete via WP Cron','2024-03-06 15:58:15','2024-03-06 15:58:15'),(3088,1034,'action created','2024-03-06 15:58:15','2024-03-06 15:58:15'),(3089,1032,'action started via WP Cron','2024-03-06 15:58:15','2024-03-06 15:58:15'),(3090,1032,'action complete via WP Cron','2024-03-06 15:58:15','2024-03-06 15:58:15'),(3091,1033,'action started via WP Cron','2024-03-07 16:43:09','2024-03-07 16:43:09'),(3092,1035,'action created','2024-03-07 16:43:10','2024-03-07 16:43:10'),(3093,1033,'action complete via WP Cron','2024-03-07 16:43:10','2024-03-07 16:43:10'),(3094,1036,'action created','2024-03-07 16:43:10','2024-03-07 16:43:10'),(3095,1034,'action started via WP Cron','2024-03-07 16:43:10','2024-03-07 16:43:10'),(3096,1034,'action complete via WP Cron','2024-03-07 16:43:10','2024-03-07 16:43:10'),(3097,1037,'action created','2024-03-07 16:43:10','2024-03-07 16:43:10'),(3098,1035,'action started via WP Cron','2024-03-07 16:43:10','2024-03-07 16:43:10'),(3099,1035,'action complete via WP Cron','2024-03-07 16:43:10','2024-03-07 16:43:10'),(3100,1036,'action started via WP Cron','2024-03-08 16:44:50','2024-03-08 16:44:50'),(3101,1038,'action created','2024-03-08 16:44:50','2024-03-08 16:44:50'),(3102,1036,'action complete via WP Cron','2024-03-08 16:44:50','2024-03-08 16:44:50'),(3103,1039,'action created','2024-03-08 16:44:50','2024-03-08 16:44:50'),(3104,1037,'action started via WP Cron','2024-03-08 16:44:50','2024-03-08 16:44:50'),(3105,1037,'action complete via WP Cron','2024-03-08 16:44:50','2024-03-08 16:44:50'),(3106,1040,'action created','2024-03-08 16:44:50','2024-03-08 16:44:50'),(3107,1038,'action started via WP Cron','2024-03-08 16:44:50','2024-03-08 16:44:50'),(3108,1038,'action complete via WP Cron','2024-03-08 16:44:50','2024-03-08 16:44:50');

--
-- Table structure for table `wp_cff_facebook_feed_locator`
--

CREATE TABLE `wp_cff_facebook_feed_locator` (
  `id` bigint(20) unsigned NOT NULL AUTO_INCREMENT,
  `feed_id` varchar(50) NOT NULL DEFAULT '',
  `post_id` bigint(20) unsigned NOT NULL,
  `html_location` varchar(50) NOT NULL DEFAULT 'unknown',
  `shortcode_atts` longtext NOT NULL,
  `last_update` datetime DEFAULT NULL,
  PRIMARY KEY (`id`),
  KEY `feed_id` (`feed_id`),
  KEY `post_id` (`post_id`)
) ENGINE=InnoDB AUTO_INCREMENT=12 DEFAULT CHARSET=utf8mb4 COLLATE=utf8mb4_general_ci;

--
-- Dumping data for table `wp_cff_facebook_feed_locator`
--

INSERT INTO `wp_cff_facebook_feed_locator` (`id`, `feed_id`, `post_id`, `html_location`, `shortcode_atts`, `last_update`) VALUES (1,'*1',5979,'footer','{\"feed\":\"1\"}','2021-08-19 07:30:55'),(2,'*1',1,'footer','{\"feed\":\"1\"}','2021-06-25 01:03:47'),(3,'*1',11617,'content','{\"feed\":\"1\"}','2021-06-28 09:01:30'),(4,'*1',5979,'content','{\"feed\":\"1\"}','2021-06-28 03:26:37'),(5,'*1',6757,'content','{\"feed\":\"1\"}','2021-08-13 02:05:48'),(6,'*1',11690,'content','{\"feed\":\"1\"}','2021-06-30 08:59:28'),(7,'*1',11617,'footer','{\"feed\":\"1\"}','2021-08-12 03:50:51'),(8,'1539344659697262',6757,'content','\"\"','2023-06-22 11:49:17'),(9,'1539344659697262',5979,'footer','\"\"','2023-06-23 11:25:07'),(10,'1539344659697262',11617,'footer','\"\"','2021-12-22 07:00:28'),(11,'1539344659697262',11690,'content','\"\"','2021-12-22 07:00:28');

--
-- Table structure for table `wp_cff_feed_caches`
--

CREATE TABLE `wp_cff_feed_caches` (
  `id` bigint(20) unsigned NOT NULL AUTO_INCREMENT,
  `feed_id` bigint(20) unsigned NOT NULL DEFAULT 1,
  `cache_key` varchar(255) NOT NULL DEFAULT '',
  `cache_value` longtext NOT NULL,
  `cron_update` varchar(20) NOT NULL DEFAULT 'yes',
  `last_updated` datetime NOT NULL DEFAULT '0000-00-00 00:00:00',
  PRIMARY KEY (`id`),
  KEY `feed_id` (`feed_id`)
) ENGINE=InnoDB DEFAULT CHARSET=utf8mb4 COLLATE=utf8mb4_unicode_ci;

--
-- Dumping data for table `wp_cff_feed_caches`
--


--
-- Table structure for table `wp_cff_feeds`
--

CREATE TABLE `wp_cff_feeds` (
  `id` bigint(20) unsigned NOT NULL AUTO_INCREMENT,
  `feed_name` text NOT NULL,
  `feed_title` text NOT NULL,
  `settings` longtext NOT NULL,
  `author` bigint(20) unsigned NOT NULL DEFAULT 1,
  `status` varchar(255) NOT NULL DEFAULT '',
  `last_modified` datetime NOT NULL DEFAULT '0000-00-00 00:00:00',
  PRIMARY KEY (`id`),
  KEY `author` (`author`)
) ENGINE=InnoDB AUTO_INCREMENT=2 DEFAULT CHARSET=utf8mb4 COLLATE=utf8mb4_unicode_ci;

--
-- Dumping data for table `wp_cff_feeds`
--

INSERT INTO `wp_cff_feeds` (`id`, `feed_name`, `feed_title`, `settings`, `author`, `status`, `last_modified`) VALUES (1,'BearsThemes','','{\"id\":\"1539344659697262\",\"pagetype\":\"page\",\"num\":\"5\",\"limit\":\"\",\"others\":\"\",\"showpostsby\":\"me\",\"cachetime\":\"1\",\"cacheunit\":\"hours\",\"locale\":\"en_US\",\"ajax\":\"\",\"offset\":\"\",\"account\":\"\",\"cff_enqueue_with_shortcode\":\"\",\"width\":\"100%\",\"widthresp\":\"\",\"height\":\"100px\",\"padding\":\"\",\"bgcolor\":\"#\",\"showauthor\":\"\",\"showauthornew\":\"1\",\"class\":\"\",\"layout\":\"thumb\",\"include\":[\"author\",\"text\",\"desc\",\"sharedlinks\",\"date\",\"media\",\"medialink\",\"eventtitle\",\"eventdetails\",\"social\",\"link\",\"likebox\",\"\"],\"exclude\":\"\",\"gdpr\":\"auto\",\"cols\":\"1\",\"colsmobile\":\"1\",\"colsjs\":\"1\",\"nummobile\":\"0\",\"poststyle\":\"regular\",\"postbgcolor\":\"#\",\"postcorners\":\"0\",\"boxshadow\":\"\",\"textformat\":\"p\",\"textsize\":\"13\",\"textweight\":\"inherit\",\"textcolor\":\"#\",\"textlinkcolor\":\"#\",\"textlink\":\"\",\"posttags\":\"on\",\"linkhashtags\":\"on\",\"descsize\":\"12\",\"descweight\":\"inherit\",\"desccolor\":\"#\",\"linktitleformat\":\"p\",\"linktitlesize\":\"14\",\"linkdescsize\":\"13\",\"linkurlsize\":\"12\",\"linkdesccolor\":\"#\",\"linktitlecolor\":\"#\",\"linkurlcolor\":\"#\",\"linkbgcolor\":\"#\",\"linkbordercolor\":\"#\",\"disablelinkbox\":\"\",\"authorsize\":\"14\",\"authorcolor\":\"#\",\"eventtitleformat\":\"p\",\"eventtitlesize\":\"inherit\",\"eventtitleweight\":\"inherit\",\"eventtitlecolor\":\"#\",\"eventtitlelink\":\"on\",\"eventdatesize\":\"inherit\",\"eventdateweight\":\"inherit\",\"eventdatecolor\":\"#\",\"eventdatepos\":\"below\",\"eventdateformat\":\"1\",\"eventdatecustom\":\"\",\"eventdetailssize\":\"inherit\",\"eventdetailsweight\":\"inherit\",\"eventdetailscolor\":\"#\",\"eventlinkcolor\":\"#\",\"datepos\":\"author\",\"datesize\":\"inherit\",\"dateweight\":\"inherit\",\"datecolor\":\"#\",\"dateformat\":\"1\",\"datecustom\":\"\",\"beforedate\":\"\",\"afterdate\":\"\",\"timezone\":\"America\\/Chicago\",\"linksize\":\"inherit\",\"linkweight\":\"inherit\",\"linkcolor\":\"#\",\"viewlinktext\":\"View Link\",\"linktotimeline\":\"\",\"iconstyle\":\"light\",\"socialtextcolor\":\"\",\"socialbgcolor\":\"\",\"textlength\":\"100\",\"desclength\":\"100\",\"likeboxpos\":\"top\",\"likeboxoutside\":\"on\",\"likeboxcolor\":\"\",\"likeboxtextcolor\":\"blue\",\"likeboxwidth\":\"\",\"likeboxheight\":\"\",\"likeboxfaces\":\"\",\"likeboxborder\":\"\",\"likeboxcover\":\"on\",\"likeboxsmallheader\":\"\",\"likeboxhidebtn\":\"\",\"credit\":\"\",\"nofollow\":\"true\",\"disablestyles\":\"\",\"textissue\":\"\",\"restrictedpage\":\"\",\"salesposts\":\"false\",\"storytags\":\"false\",\"showheader\":\"\",\"headeroutside\":\"\",\"headertype\":\"text\",\"headercover\":\"on\",\"headeravatar\":\"\",\"headername\":\"on\",\"headerbio\":\"on\",\"headercoverheight\":\"300\",\"headertext\":\"Facebook Posts\",\"headerbg\":\"#\",\"headerpadding\":\"\",\"headertextsize\":\"inherit\",\"headertextweight\":\"inherit\",\"headertextcolor\":\"#\",\"headericon\":\"facebook-square\",\"headericoncolor\":\"#\",\"headericonsize\":\"28\",\"headerinc\":\"\",\"headerexclude\":\"\",\"videoheight\":\"\",\"videoaction\":\"post\",\"sepcolor\":\"#\",\"sepsize\":\"1\",\"seemoretext\":\"See More\",\"seelesstext\":\"See Less\",\"photostext\":\"photos\",\"phototext\":\"Photo\",\"videotext\":\"Video\",\"learnmoretext\":\"Learn More\",\"shopnowtext\":\"Shop Now\",\"messagepage\":\"Message Page\",\"facebooklinktext\":\"View on Facebook\",\"sharelinktext\":\"Share\",\"showfacebooklink\":\"on\",\"showsharelink\":\"on\",\"secondtext\":\"second\",\"secondstext\":\"seconds\",\"minutetext\":\"minute\",\"minutestext\":\"minutes\",\"hourtext\":\"hour\",\"hourstext\":\"hours\",\"daytext\":\"day\",\"daystext\":\"days\",\"weektext\":\"week\",\"weekstext\":\"weeks\",\"monthtext\":\"month\",\"monthstext\":\"months\",\"yeartext\":\"year\",\"yearstext\":\"years\",\"agotext\":\"ago\",\"feedlayout\":\"list\",\"feedtype\":\"timeline\"}',1,'publish','2021-08-24 09:57:19');

--
-- Table structure for table `wp_commentmeta`
--

CREATE TABLE `wp_commentmeta` (
  `meta_id` bigint(20) unsigned NOT NULL AUTO_INCREMENT,
  `comment_id` bigint(20) unsigned NOT NULL DEFAULT 0,
  `meta_key` varchar(255) DEFAULT NULL,
  `meta_value` longtext DEFAULT NULL,
  PRIMARY KEY (`meta_id`),
  KEY `comment_id` (`comment_id`),
  KEY `meta_key` (`meta_key`(191))
) ENGINE=InnoDB AUTO_INCREMENT=7 DEFAULT CHARSET=utf8mb4 COLLATE=utf8mb4_unicode_ci;

--
-- Dumping data for table `wp_commentmeta`
--

INSERT INTO `wp_commentmeta` (`meta_id`, `comment_id`, `meta_key`, `meta_value`) VALUES (1,34,'rating','4'),(2,34,'verified','0'),(3,35,'is_customer_note','1'),(4,36,'is_customer_note','1'),(5,40,'is_customer_note','1'),(6,41,'is_customer_note','1');

--
-- Table structure for table `wp_comments`
--

CREATE TABLE `wp_comments` (
  `comment_ID` bigint(20) unsigned NOT NULL AUTO_INCREMENT,
  `comment_post_ID` bigint(20) unsigned NOT NULL DEFAULT 0,
  `comment_author` tinytext NOT NULL,
  `comment_author_email` varchar(100) NOT NULL DEFAULT '',
  `comment_author_url` varchar(200) NOT NULL DEFAULT '',
  `comment_author_IP` varchar(100) NOT NULL DEFAULT '',
  `comment_date` datetime NOT NULL DEFAULT '0000-00-00 00:00:00',
  `comment_date_gmt` datetime NOT NULL DEFAULT '0000-00-00 00:00:00',
  `comment_content` text NOT NULL,
  `comment_karma` int(11) NOT NULL DEFAULT 0,
  `comment_approved` varchar(20) NOT NULL DEFAULT '1',
  `comment_agent` varchar(255) NOT NULL DEFAULT '',
  `comment_type` varchar(20) NOT NULL DEFAULT 'comment',
  `comment_parent` bigint(20) unsigned NOT NULL DEFAULT 0,
  `user_id` bigint(20) unsigned NOT NULL DEFAULT 0,
  PRIMARY KEY (`comment_ID`),
  KEY `comment_post_ID` (`comment_post_ID`),
  KEY `comment_approved_date_gmt` (`comment_approved`,`comment_date_gmt`),
  KEY `comment_date_gmt` (`comment_date_gmt`),
  KEY `comment_parent` (`comment_parent`),
  KEY `comment_author_email` (`comment_author_email`(10)),
  KEY `woo_idx_comment_type` (`comment_type`)
) ENGINE=InnoDB AUTO_INCREMENT=63 DEFAULT CHARSET=utf8mb4 COLLATE=utf8mb4_unicode_ci;

--
-- Dumping data for table `wp_comments`
--

INSERT INTO `wp_comments` (`comment_ID`, `comment_post_ID`, `comment_author`, `comment_author_email`, `comment_author_url`, `comment_author_IP`, `comment_date`, `comment_date_gmt`, `comment_content`, `comment_karma`, `comment_approved`, `comment_agent`, `comment_type`, `comment_parent`, `user_id`) VALUES (34,1943,'admin','quocvietht03@gmail.com','https://asepong.org/','::1','2020-09-03 10:06:52','2020-09-03 10:06:52','Hi, this is a comment.\r\nLorem ipsum dolor sit amet, consectetur adipiscing elit, sed do eiusmod tempor incididunt ut labore et dolore magna aliqua. Ut enim ad minim veniam, quis nostrud exercitation ullamco laboris nisi ut aliquip ex ea commodo consequat.',0,'1','Mozilla/5.0 (Windows NT 10.0; Win64; x64) AppleWebKit/537.36 (KHTML, like Gecko) Chrome/85.0.4183.83 Safari/537.36','review',0,1),(35,17401,'WooCommerce','woocommerce@asepong.templekabbale.com','','','2023-07-01 00:01:27','2023-07-01 00:01:27','La commande a été annulée. Réessayez!',0,'1','WooCommerce','order_note',0,0),(36,17401,'WooCommerce','woocommerce@asepong.templekabbale.com','','','2023-07-01 00:07:02','2023-07-01 00:07:02','La commande a été annulée. Réessayez!',0,'1','WooCommerce','order_note',0,0),(37,17399,'WooCommerce','woocommerce@asepong.templekabbale.com','','','2023-07-01 06:01:58','2023-07-01 06:01:58','Commande impayée annulée - temps limite atteint. État de la commande modifié de Attente paiement à Annulée.',0,'1','WooCommerce','order_note',0,0),(38,17401,'WooCommerce','woocommerce@asepong.templekabbale.com','','','2023-07-01 06:01:58','2023-07-01 06:01:58','Commande impayée annulée - temps limite atteint. État de la commande modifié de Attente paiement à Annulée.',0,'1','WooCommerce','order_note',0,0),(39,17436,'WooCommerce','woocommerce@asepong.templekabbale.com','','','2023-07-01 08:02:22','2023-07-01 08:02:22','État de la commande modifié de Attente paiement à Terminée.',0,'1','WooCommerce','order_note',0,0),(40,17436,'WooCommerce','woocommerce@asepong.templekabbale.com','','','2023-07-01 08:02:22','2023-07-01 08:02:22','La commande est terminée. Merci!',0,'1','WooCommerce','order_note',0,0),(41,17443,'WooCommerce','woocommerce@asepong.templekabbale.com','','','2023-07-01 22:04:09','2023-07-01 22:04:09','La commande a été annulée. Réessayez!',0,'1','WooCommerce','order_note',0,0),(42,17443,'WooCommerce','woocommerce@asepong.templekabbale.com','','','2023-07-01 23:43:40','2023-07-01 23:43:40','Commande impayée annulée - temps limite atteint. État de la commande modifié de Attente paiement à Annulée.',0,'1','WooCommerce','order_note',0,0),(44,17277,'Mahmud Ghazni','contact@ghazni.me','https://ghazni.me','103.107.198.211','2023-07-08 23:01:04','2023-07-08 23:01:04','Hi there, I just came across your new site and saw that you\'re getting started with WordPress - something I\'m well experienced in! It\'s always thrilling to see how new websites unfold. Building a website is not always a simple task - are you doing this on your own or do you have a developer to help you out? Regardless, I can\'t wait to see how your site progresses. If you ever need to discuss anything WordPress-related, feel free to drop me an email at contact@ghazni.me, or message me on WhatsApp or Telegram.\r\n\r\nKind regards,\r\nMahmud Ghazni\r\nWhatsApp: +880 1322-311024\r\nTelegram: https://t.me/ghaznidev',0,'0','Mozilla/5.0 (X11; Linux i686) AppleWebKit/537.36 (KHTML, like Gecko) Chrome/114.0.0.0 Safari/537.36 Vivaldi/5.3.2679.68','comment',0,0),(45,17277,'https://wwd.com/business-news/business-features/how-to-get-more-instagram-followers-1235787837/','tammaraperea@gmail.com','https://wwd.com/business-news/business-features/how-to-get-more-instagram-followers-1235787837/','65.108.67.60','2023-11-16 01:09:12','2023-11-16 01:09:12','Hey I know this is off topic but I was wondering if you knew of any widgets I \r\ncould add to my blog that automatically tweet my newest twitter updates.\r\nI\'ve been looking for a plug-in like this for quite some time and was hoping maybe you would have some \r\nexperience with something like this. Please let me know if you run into anything.\r\n\r\nI truly enjoy reading your blog and I look forward to your new updates.',0,'0','Mozilla/5.0 (Windows NT 10.0; WOW64) AppleWebKit/537.36 (KHTML, like Gecko) Chrome/114.0.0.0 Safari/537.36 Vivaldi/5.3.2679.68','comment',0,0),(46,17283,'Donald Navarro','zEvnPI.qdphjpd@rushlight.cfd','http://Donald%20Navarro','83.97.79.35','2023-11-29 06:38:06','2023-11-29 06:38:06','Donald Navarro',0,'0','Mozilla/5.0 (X11; Linux x86_64) AppleWebKit/537.36 (KHTML, like Gecko) Chrome/114.0.0.0 Safari/537.36','comment',0,0),(47,17283,'Rhodes Barber','xIoJdJ.tcdcqhd@virilia.life','http://Rhodes%20Barber','45.86.86.73','2023-12-15 09:13:57','2023-12-15 09:13:57','Rhodes Barber',0,'0','Mozilla/5.0 (Windows NT 10.0; Win64; x64) AppleWebKit/537.36 (KHTML, like Gecko) Chrome/117.0.0.0 Safari/537.36 Edg/117.0.2045.41','comment',0,0),(48,17283,'Alora Valdez','CiwLXd.qjddppq@wisefoot.club','http://Alora%20Valdez','45.84.0.48','2023-12-19 20:23:55','2023-12-19 20:23:55','Alora Valdez',0,'0','Mozilla/5.0 (X11; Linux x86_64; rv:109.0) Gecko/20100101 Firefox/117.0','comment',0,0),(49,17283,'Sol Odonnell','lqvoav.ptmpcdp@wheelry.boats','http://Sol%20Odonnell','185.215.185.38','2023-12-28 23:10:59','2023-12-28 23:10:59','Sol Odonnell',0,'0','Mozilla/5.0 (X11; Linux x86_64; rv:109.0) Gecko/20100101 Firefox/115.0','comment',0,0),(50,17283,'Mariana Brewer','MxlKSK.dcmppmw@bakling.click','http://Mariana%20Brewer','91.229.239.235','2023-12-31 12:37:57','2023-12-31 12:37:57','Mariana Brewer',0,'0','Mozilla/5.0 (X11; Linux x86_64; rv:109.0) Gecko/20100101 Firefox/115.0','comment',0,0),(51,17277,'best gold ira companies','lateshasherry@hotmail.com','https://africa.businessinsider.com/local/markets/the-best-gold-ira-companies-your-ultimate-guide-to-precious-metals-investing/njjx76f','80.67.10.142','2024-01-05 01:41:33','2024-01-05 01:41:33','Please let me know if you\'re looking for a article writer for your weblog.\r\n\r\nYou have some really good articles and I believe I would be a good asset.\r\nIf you ever want to take some of the load off, I\'d love to write some content for your blog in exchange for a link back to mine.\r\nPlease blast me an email if interested. Kudos!',0,'0','Mozilla/5.0 (Linux x86_64; rv:114.0) Gecko/20100101 Firefox/114.0','comment',0,0),(52,17283,'Stone Liu','nxFBSC.hwmdppj@brasswire.me','http://Stone%20Liu','192.144.39.176','2024-01-22 10:55:08','2024-01-22 10:55:08','Stone Liu',0,'0','Mozilla/5.0 (Windows NT 10.0; Win64; x64) AppleWebKit/537.36 (KHTML, like Gecko) Chrome/116.0.0.0 Safari/537.36 Edg/116.0.1938.76','comment',0,0),(53,17283,'Ezrah Wade','oYFSTM.qqpphcqb@anaphora.team','http://Ezrah%20Wade','159.253.120.135','2024-01-23 12:05:18','2024-01-23 12:05:18','Ezrah Wade',0,'0','Mozilla/5.0 (Windows NT 10.0; Win64; x64) AppleWebKit/537.36 (KHTML, like Gecko) Chrome/116.0.0.0 Safari/537.36 Edg/116.0.1938.62','comment',0,0),(54,17283,'Allan Underwood','uqneuX.hdhppd@sabletree.foundation','http://Allan%20Underwood','37.120.247.217','2024-01-31 21:05:13','2024-01-31 21:05:13','Allan Underwood',0,'0','Mozilla/5.0 (Windows NT 6.1; Win64; x64) AppleWebKit/537.36 (KHTML, like Gecko) Chrome/109.0.0.0 Safari/537.36','comment',0,0),(55,17283,'Marceline Benton','SQfIWC.cpmptw@sabletree.foundation','http://Marceline%20Benton','37.120.247.217','2024-02-03 11:50:30','2024-02-03 11:50:30','Marceline Benton',0,'0','Mozilla/5.0 (Windows NT 10.0; Win64; x64; rv:109.0) Gecko/20100101 Firefox/116.0','comment',0,0),(56,17283,'Emmanuel Murray','oEMaVH.hpmcjmq@chilgoza.buzz','http://Emmanuel%20Murray','37.120.206.70','2024-02-05 01:51:35','2024-02-05 01:51:35','Emmanuel Murray',0,'0','Mozilla/5.0 (Windows NT 10.0; Win64; x64) AppleWebKit/537.36 (KHTML, like Gecko) Chrome/114.0.0.0 Safari/537.36','comment',0,0),(57,17283,'Renata Boyd','XSoAEv.hchdbqd@tarboosh.shop','http://Renata%20Boyd','37.120.247.211','2024-02-13 07:20:35','2024-02-13 07:20:35','Renata Boyd',0,'0','Mozilla/5.0 (X11; Linux x86_64) AppleWebKit/537.36 (KHTML, like Gecko) Chrome/77.0.3865.75 Safari/537.36','comment',0,0),(58,17283,'Alice Arroyo','YHjREO.qqdmbdpw@borasca.xyz','http://Alice%20Arroyo','94.103.188.103','2024-02-19 08:26:58','2024-02-19 08:26:58','Alice Arroyo',0,'0','Mozilla/5.0 (Windows NT 6.1; Win64; x64) AppleWebKit/537.36 (KHTML, like Gecko) Chrome/109.0.0.0 Safari/537.36','comment',0,0),(59,17277,'Kristina31','Kristina31@gmail.com','','45.82.69.22','2024-02-26 19:13:27','2024-02-26 19:13:27','Eminem, настоящее имя Маршалл Брюс Мэтерс III, известен как один из величайших рэп-исполнителей всех времен. Своими пронзительными текстами, ярким стилем и потрясающим мастерством в ритме и рифме он завоевал миллионы поклонников по всему миру. Его лучшие песни включают \"Lose Yourself\", гимн к само-преодолению, \"Stan\", с поразительно интенсивным сюжетом, и \"Rap God\", где он демонстрирует свою невероятную скорость и технику. Все эти треки, а также многие другие, отражают его гениальность и влияние на музыкальную индустрию. <a href=\"https://mp3name.co\" rel=\"nofollow ugc\">Скачать mp3 музыку</a> 2024 года и слушать онлайн бесплатно.',0,'0','Mozilla/5.0 (Windows NT 10.0; Win64; x64) AppleWebKit/537.36 (KHTML, like Gecko) Chrome/120.0.0.0 Safari/537.36','comment',0,0),(60,17278,'Registrasi','30551943@outlook.com','https://www.binance.info/id/join?ref=GJY4VW8W','222.84.85.237','2024-02-29 14:54:10','2024-02-29 14:54:10','Thanks for sharing. I read many of your blog posts, cool, your blog is very good. https://www.binance.info/id/join?ref=GJY4VW8W',0,'0','Mozilla/5.0 (Windows NT 10.0; Win64; x64) AppleWebKit/537.36 (KHTML, like Gecko) Chrome/108.0.0.0 Safari/537.36 Edg/108.0.1462.46','comment',0,0),(61,17283,'Створити безкоштовний акаунт','4175885@outlook.com','https://www.binance.com/uk-UA/register?ref=WTOZ531Y','222.84.85.167','2024-03-01 15:03:31','2024-03-01 15:03:31','Thanks for sharing. I read many of your blog posts, cool, your blog is very good. https://www.binance.com/uk-UA/register?ref=WTOZ531Y',0,'0','Mozilla/5.0 (Windows NT 10.0; Win64; x64) AppleWebKit/537.36 (KHTML, like Gecko) Chrome/108.0.0.0 Safari/537.36 Edg/108.0.1462.46','comment',0,0),(62,17278,'binance','98970627@outlook.com','https://accounts.binance.com/zh-TC/register?ref=V3MG69RO','124.227.133.34','2024-03-02 00:10:15','2024-03-02 00:10:15','Your article helped me a lot, is there any more related content? Thanks! https://accounts.binance.com/zh-TC/register?ref=V3MG69RO',0,'0','Mozilla/5.0 (Windows NT 10.0; Win64; x64) AppleWebKit/537.36 (KHTML, like Gecko) Chrome/108.0.0.0 Safari/537.36 Edg/108.0.1462.46','comment',0,0);

--
-- Table structure for table `wp_ctf_feed_caches`
--

CREATE TABLE `wp_ctf_feed_caches` (
  `id` bigint(20) unsigned NOT NULL AUTO_INCREMENT,
  `feed_id` varchar(255) NOT NULL DEFAULT '',
  `cache_key` varchar(255) NOT NULL DEFAULT '',
  `cache_value` longtext NOT NULL DEFAULT '',
  `cron_update` varchar(20) NOT NULL DEFAULT 'yes',
  `last_updated` datetime NOT NULL DEFAULT '0000-00-00 00:00:00',
  PRIMARY KEY (`id`),
  KEY `feed_id` (`feed_id`)
) ENGINE=InnoDB AUTO_INCREMENT=2 DEFAULT CHARSET=utf8mb4 COLLATE=utf8mb4_unicode_520_ci;

--
-- Dumping data for table `wp_ctf_feed_caches`
--

INSERT INTO `wp_ctf_feed_caches` (`id`, `feed_id`, `cache_key`, `cache_value`, `cron_update`, `last_updated`) VALUES (1,'1','1','[]','yes','2024-03-08 11:41:13');

--
-- Table structure for table `wp_ctf_feed_locator`
--

CREATE TABLE `wp_ctf_feed_locator` (
  `id` bigint(20) unsigned NOT NULL AUTO_INCREMENT,
  `feed_id` varchar(50) NOT NULL DEFAULT '',
  `post_id` bigint(20) unsigned NOT NULL,
  `html_location` varchar(50) NOT NULL DEFAULT 'unknown',
  `shortcode_atts` longtext NOT NULL,
  `last_update` datetime DEFAULT NULL,
  PRIMARY KEY (`id`),
  KEY `feed_id` (`feed_id`),
  KEY `post_id` (`post_id`)
) ENGINE=InnoDB AUTO_INCREMENT=6 DEFAULT CHARSET=utf8mb4 COLLATE=utf8mb4_general_ci;

--
-- Dumping data for table `wp_ctf_feed_locator`
--


--
-- Table structure for table `wp_ctf_feeds`
--

CREATE TABLE `wp_ctf_feeds` (
  `id` bigint(20) unsigned NOT NULL AUTO_INCREMENT,
  `feed_name` text NOT NULL DEFAULT '',
  `feed_title` text NOT NULL DEFAULT '',
  `settings` longtext NOT NULL DEFAULT '',
  `author` bigint(20) unsigned NOT NULL DEFAULT 1,
  `status` varchar(255) NOT NULL DEFAULT '',
  `last_modified` datetime NOT NULL DEFAULT '0000-00-00 00:00:00',
  PRIMARY KEY (`id`),
  KEY `author` (`author`)
) ENGINE=InnoDB AUTO_INCREMENT=3 DEFAULT CHARSET=utf8mb4 COLLATE=utf8mb4_unicode_520_ci;

--
-- Dumping data for table `wp_ctf_feeds`
--

INSERT INTO `wp_ctf_feeds` (`id`, `feed_name`, `feed_title`, `settings`, `author`, `status`, `last_modified`) VALUES (1,'My Feed','','{\"ajax_theme\":false,\"have_own_tokens\":false,\"use_own_consumer\":false,\"usertimeline_includereplies\":false,\"hometimeline_includereplies\":false,\"mentionstimeline_includereplies\":false,\"usertimeline_includeretweets\":\"\",\"hometimeline_includeretweets\":true,\"mentionstimeline_includeretweets\":\"\",\"tab\":\"configure\",\"consumer_key\":\"\",\"consumer_secret\":\"\",\"access_token\":\"2352891368-PTDiNXz5qmwDKkW5NvGVI2CTBCQ3tKQpDfeWSdO\",\"access_token_secret\":\"MNXe4F59vFeV7eCvyKagaicGfqUQZHaKL5IbPkiFE98EK\",\"type\":\"usertimeline\",\"usertimeline_text\":\"quocvietht03\",\"hashtag_text\":\"\",\"search_text\":\"\",\"hashtag\":\"\",\"search\":\"\",\"num\":\"1\",\"lists_info\":\"{}\",\"includereplies\":false,\"includeretweets\":true,\"width_mobile_no_fixed\":false,\"include_replied_to\":true,\"include_retweeter\":true,\"include_author\":true,\"include_avatar\":false,\"include_author_text\":false,\"include_text\":true,\"include_date\":true,\"include_actions\":false,\"include_linkbox\":false,\"include_media\":false,\"include_twittercards\":false,\"include_logo\":true,\"include_twitterlink\":false,\"creditctf\":false,\"showbutton\":false,\"showheader\":false,\"persistentcache\":true,\"selfreplies\":true,\"autores\":true,\"disableintents\":false,\"customtemplates\":false,\"shorturls\":false,\"curlcards\":true,\"sslonly\":false,\"disablelightbox\":false,\"masonry\":false,\"carousel\":false,\"carouselnavarrows\":true,\"carouselpag\":false,\"carouselautoplay\":false,\"autoscroll\":true,\"width\":\"100\",\"width_unit\":\"%\",\"height\":\"\",\"height_unit\":\"%\",\"class\":\"\",\"layout\":\"list\",\"masonrycols\":\"3\",\"masonrytabletcols\":\"2\",\"masonrymobilecols\":\"1\",\"carouselrows\":\"1\",\"carouselcols\":\"3\",\"carouseltabletcols\":\"2\",\"carouselmobilecols\":\"1\",\"carouselloop\":\"rewind\",\"carouselarrows\":\"onhover\",\"carouselheight\":\"tallest\",\"carouseltime\":\"5000\",\"maxmedia\":\"4\",\"imagecols\":\"auto\",\"autoscrolldistance\":\"200\",\"includewords\":\"\",\"excludewords\":\"\",\"includeanyall\":\"any\",\"filterandor\":\"and\",\"excludeanyall\":\"any\",\"remove_by_id\":\"\",\"custom_css\":\"\",\"custom_js\":\"\",\"request_method\":\"auto\",\"cron_cache_clear\":\"unset\",\"multiplier\":\"1.25\",\"font_method\":\"svg\",\"include_media_placeholder\":true,\"showbio\":true,\"disablelinks\":false,\"linktexttotwitter\":false,\"bgcolor\":\"#\",\"tweetbgcolor\":\"#\",\"headertextcolor\":\"#\",\"headertext\":\"\",\"headersize\":\"small\",\"headerstyle\":\"standard\",\"headerbgcolor\":\"#\",\"customheadertextcolor\":\"#\",\"customheadertext\":\"We are on Twitter\",\"customheadersize\":\"small\",\"timezone\":\"default\",\"dateformat\":\"1\",\"datecustom\":\"\",\"mtime\":\"m\",\"htime\":\"h\",\"nowtime\":\"now\",\"datetextsize\":\"inherit\",\"datetextweight\":\"inherit\",\"datetextcolor\":\"#\",\"authortextcolor\":\"#\",\"authortextsize\":\"inherit\",\"authortextweight\":\"inherit\",\"logosize\":\"inherit\",\"logocolor\":\"#\",\"tweettextsize\":\"inherit\",\"tweettextweight\":\"inherit\",\"textcolor\":\"#\",\"textlength\":\"280\",\"retweetedtext\":\"Retweeted\",\"linktextcolor\":\"#\",\"quotedauthorsize\":\"inherit\",\"quotedauthorweight\":\"inherit\",\"iconsize\":\"inherit\",\"iconcolor\":\"#\",\"viewtwitterlink\":true,\"twitterlinktext\":\"Twitter\",\"buttoncolor\":\"#\",\"buttonhovercolor\":\"#\",\"buttontextcolor\":\"#\",\"buttontext\":\"Load More\",\"inreplytotext\":\"In Reply To\",\"feedtemplate\":\"default\",\"cardstextsize\":\"inherit\",\"cardstextcolor\":\"#\",\"colorpalette\":\"inherit\",\"custombgcolor\":\"\",\"customaccentcolor\":\"\",\"customtextcolor1\":\"\",\"customtextcolor2\":\"\",\"customlinkcolor\":\"\",\"tweetpoststyle\":\"regular\",\"tweetcorners\":\"0\",\"tweetboxshadow\":false,\"tweetsepcolor\":\"#ddd\",\"tweetsepsize\":\"1\",\"tweetsepline\":true}',1,'publish','2023-06-22 11:25:23'),(2,'My Feed','','{\"ajax_theme\":false,\"have_own_tokens\":false,\"use_own_consumer\":false,\"usertimeline_includereplies\":false,\"hometimeline_includereplies\":false,\"mentionstimeline_includereplies\":false,\"usertimeline_includeretweets\":\"\",\"hometimeline_includeretweets\":true,\"mentionstimeline_includeretweets\":\"\",\"tab\":\"configure\",\"consumer_key\":\"\",\"consumer_secret\":\"\",\"access_token\":\"2352891368-PTDiNXz5qmwDKkW5NvGVI2CTBCQ3tKQpDfeWSdO\",\"access_token_secret\":\"MNXe4F59vFeV7eCvyKagaicGfqUQZHaKL5IbPkiFE98EK\",\"type\":\"usertimeline\",\"usertimeline_text\":\"quocvietht03\",\"hashtag_text\":\"\",\"search_text\":\"\",\"hashtag\":\"\",\"search\":\"\",\"num\":\"1\",\"lists_info\":\"{}\",\"includereplies\":false,\"includeretweets\":true,\"width_mobile_no_fixed\":false,\"include_replied_to\":true,\"include_retweeter\":true,\"include_author\":true,\"include_avatar\":false,\"include_author_text\":false,\"include_text\":true,\"include_date\":true,\"include_actions\":false,\"include_linkbox\":false,\"include_media\":false,\"include_twittercards\":false,\"include_logo\":true,\"include_twitterlink\":false,\"creditctf\":false,\"showbutton\":false,\"showheader\":false,\"persistentcache\":true,\"selfreplies\":true,\"autores\":true,\"disableintents\":false,\"customtemplates\":false,\"shorturls\":false,\"curlcards\":true,\"sslonly\":false,\"disablelightbox\":false,\"masonry\":false,\"carousel\":false,\"carouselnavarrows\":true,\"carouselpag\":false,\"carouselautoplay\":false,\"autoscroll\":true,\"width\":\"100\",\"width_unit\":\"%\",\"height\":\"\",\"height_unit\":\"%\",\"class\":\"\",\"layout\":\"list\",\"masonrycols\":\"3\",\"masonrytabletcols\":\"2\",\"masonrymobilecols\":\"1\",\"carouselrows\":\"1\",\"carouselcols\":\"3\",\"carouseltabletcols\":\"2\",\"carouselmobilecols\":\"1\",\"carouselloop\":\"rewind\",\"carouselarrows\":\"onhover\",\"carouselheight\":\"tallest\",\"carouseltime\":\"5000\",\"maxmedia\":\"4\",\"imagecols\":\"auto\",\"autoscrolldistance\":\"200\",\"includewords\":\"\",\"excludewords\":\"\",\"includeanyall\":\"any\",\"filterandor\":\"and\",\"excludeanyall\":\"any\",\"remove_by_id\":\"\",\"custom_css\":\"\",\"custom_js\":\"\",\"request_method\":\"auto\",\"cron_cache_clear\":\"unset\",\"multiplier\":\"1.25\",\"font_method\":\"svg\",\"include_media_placeholder\":true,\"showbio\":true,\"disablelinks\":false,\"linktexttotwitter\":false,\"bgcolor\":\"#\",\"tweetbgcolor\":\"#\",\"headertextcolor\":\"#\",\"headertext\":\"\",\"headersize\":\"small\",\"headerstyle\":\"standard\",\"headerbgcolor\":\"#\",\"customheadertextcolor\":\"#\",\"customheadertext\":\"We are on Twitter\",\"customheadersize\":\"small\",\"timezone\":\"default\",\"dateformat\":\"1\",\"datecustom\":\"\",\"mtime\":\"m\",\"htime\":\"h\",\"nowtime\":\"now\",\"datetextsize\":\"inherit\",\"datetextweight\":\"inherit\",\"datetextcolor\":\"#\",\"authortextcolor\":\"#\",\"authortextsize\":\"inherit\",\"authortextweight\":\"inherit\",\"logosize\":\"inherit\",\"logocolor\":\"#\",\"tweettextsize\":\"inherit\",\"tweettextweight\":\"inherit\",\"textcolor\":\"#\",\"textlength\":\"280\",\"retweetedtext\":\"Retweeted\",\"linktextcolor\":\"#\",\"quotedauthorsize\":\"inherit\",\"quotedauthorweight\":\"inherit\",\"iconsize\":\"inherit\",\"iconcolor\":\"#\",\"viewtwitterlink\":true,\"twitterlinktext\":\"Twitter\",\"buttoncolor\":\"#\",\"buttonhovercolor\":\"#\",\"buttontextcolor\":\"#\",\"buttontext\":\"Load More\",\"inreplytotext\":\"In Reply To\",\"feedtemplate\":\"default\",\"cardstextsize\":\"inherit\",\"cardstextcolor\":\"#\",\"colorpalette\":\"inherit\",\"custombgcolor\":\"\",\"customaccentcolor\":\"\",\"customtextcolor1\":\"\",\"customtextcolor2\":\"\",\"customlinkcolor\":\"\",\"tweetpoststyle\":\"regular\",\"tweetcorners\":\"0\",\"tweetboxshadow\":false,\"tweetsepcolor\":\"#ddd\",\"tweetsepsize\":\"1\",\"tweetsepline\":true}',1,'publish','2023-06-22 11:25:23');

--
-- Table structure for table `wp_ctf_feeds_posts`
--

CREATE TABLE `wp_ctf_feeds_posts` (
  `record_id` int(11) unsigned NOT NULL AUTO_INCREMENT,
  `id` int(11) unsigned NOT NULL,
  `feed_id` varchar(1000) NOT NULL DEFAULT '',
  `type` varchar(1000) NOT NULL DEFAULT '',
  `term` varchar(1000) NOT NULL DEFAULT '',
  PRIMARY KEY (`record_id`),
  KEY `feed_id` (`feed_id`(100)),
  KEY `type_term` (`term`(140),`type`(51))
) ENGINE=InnoDB DEFAULT CHARSET=utf8mb4 COLLATE=utf8mb4_unicode_520_ci;

--
-- Dumping data for table `wp_ctf_feeds_posts`
--


--
-- Table structure for table `wp_ctf_posts`
--

CREATE TABLE `wp_ctf_posts` (
  `id` int(11) unsigned NOT NULL AUTO_INCREMENT,
  `twitter_id` varchar(1000) NOT NULL DEFAULT '',
  `created_on` datetime DEFAULT NULL,
  `last_requested` date DEFAULT NULL,
  `time_stamp` datetime DEFAULT NULL,
  `json_data` longtext NOT NULL DEFAULT '',
  `media_id` varchar(1000) NOT NULL DEFAULT '',
  `sizes` varchar(1000) NOT NULL DEFAULT '',
  `aspect_ratio` decimal(4,2) NOT NULL DEFAULT 0.00,
  `images_done` tinyint(1) NOT NULL DEFAULT 0,
  PRIMARY KEY (`id`)
) ENGINE=InnoDB DEFAULT CHARSET=utf8mb4 COLLATE=utf8mb4_unicode_520_ci;

--
-- Dumping data for table `wp_ctf_posts`
--


--
-- Table structure for table `wp_e_events`
--

CREATE TABLE `wp_e_events` (
  `id` bigint(20) unsigned NOT NULL AUTO_INCREMENT,
  `event_data` text DEFAULT NULL,
  `created_at` datetime NOT NULL,
  PRIMARY KEY (`id`),
  KEY `created_at_index` (`created_at`)
) ENGINE=InnoDB DEFAULT CHARSET=utf8mb4 COLLATE=utf8mb4_unicode_520_ci;

--
-- Dumping data for table `wp_e_events`
--


--
-- Table structure for table `wp_e_submissions`
--

CREATE TABLE `wp_e_submissions` (
  `id` bigint(20) unsigned NOT NULL AUTO_INCREMENT,
  `type` varchar(60) DEFAULT NULL,
  `hash_id` varchar(60) NOT NULL,
  `main_meta_id` bigint(20) unsigned NOT NULL COMMENT 'Id of main field. to represent the main meta field',
  `post_id` bigint(20) unsigned NOT NULL,
  `referer` varchar(500) NOT NULL,
  `referer_title` varchar(300) DEFAULT NULL,
  `element_id` varchar(20) NOT NULL,
  `form_name` varchar(60) NOT NULL,
  `campaign_id` bigint(20) unsigned NOT NULL,
  `user_id` bigint(20) unsigned DEFAULT NULL,
  `user_ip` varchar(46) NOT NULL,
  `user_agent` text NOT NULL,
  `actions_count` int(11) DEFAULT 0,
  `actions_succeeded_count` int(11) DEFAULT 0,
  `status` varchar(20) NOT NULL,
  `is_read` tinyint(1) NOT NULL DEFAULT 0,
  `meta` text DEFAULT NULL,
  `created_at_gmt` datetime NOT NULL,
  `updated_at_gmt` datetime NOT NULL,
  `created_at` datetime NOT NULL,
  `updated_at` datetime NOT NULL,
  PRIMARY KEY (`id`),
  UNIQUE KEY `hash_id_unique_index` (`hash_id`),
  KEY `main_meta_id_index` (`main_meta_id`),
  KEY `hash_id_index` (`hash_id`),
  KEY `type_index` (`type`),
  KEY `post_id_index` (`post_id`),
  KEY `element_id_index` (`element_id`),
  KEY `campaign_id_index` (`campaign_id`),
  KEY `user_id_index` (`user_id`),
  KEY `user_ip_index` (`user_ip`),
  KEY `status_index` (`status`),
  KEY `is_read_index` (`is_read`),
  KEY `created_at_gmt_index` (`created_at_gmt`),
  KEY `updated_at_gmt_index` (`updated_at_gmt`),
  KEY `created_at_index` (`created_at`),
  KEY `updated_at_index` (`updated_at`),
  KEY `referer_index` (`referer`(191)),
  KEY `referer_title_index` (`referer_title`(191))
) ENGINE=InnoDB AUTO_INCREMENT=41 DEFAULT CHARSET=utf8mb4 COLLATE=utf8mb4_unicode_ci;

--
-- Dumping data for table `wp_e_submissions`
--

INSERT INTO `wp_e_submissions` (`id`, `type`, `hash_id`, `main_meta_id`, `post_id`, `referer`, `referer_title`, `element_id`, `form_name`, `campaign_id`, `user_id`, `user_ip`, `user_agent`, `actions_count`, `actions_succeeded_count`, `status`, `is_read`, `meta`, `created_at_gmt`, `updated_at_gmt`, `created_at`, `updated_at`) VALUES (1,'submission','d2110e14-8788-4569-96f0-c7f48c7044b9',4,9102,'https://asepong.org/become-a-volunteer/','Become A VOlunteer - Alone','6d773fc','Volunteer From',0,0,'42.118.142.0','Mozilla/5.0 (Windows NT 10.0; Win64; x64) AppleWebKit/537.36 (KHTML, like Gecko) Chrome/91.0.4472.77 Safari/537.36',1,1,'new',0,'{\"edit_post_id\":\"9102\"}','2021-06-12 03:44:23','2021-06-12 03:44:23','2021-06-12 03:44:23','2021-06-12 03:44:23'),(2,'submission','2ec681ef-086d-4616-b0a4-1fff3e620a97',7,11153,'https://asepong.org/home-tronador/','Home Tronador - Alone','4aedebd3','New Form',0,1,'14.224.130.20','Mozilla/5.0 (Windows NT 10.0; Win64; x64) AppleWebKit/537.36 (KHTML, like Gecko) Chrome/91.0.4472.106 Safari/537.36',1,1,'new',0,'{\"edit_post_id\":\"11153\"}','2021-06-17 08:10:13','2021-06-17 08:10:13','2021-06-17 08:10:13','2021-06-17 08:10:13'),(3,'submission','5db57192-f240-4c5f-8ab1-daf1b0a3905c',11,15020,'https://asepong.org/home-jimara/','Home Jimara - Alone','325a643','Contact Form',0,1,'2402:800:6205:7594:61af:2283:b33c:d9c2','Mozilla/5.0 (Windows NT 10.0; Win64; x64) AppleWebKit/537.36 (KHTML, like Gecko) Chrome/93.0.4577.63 Safari/537.36',1,1,'new',0,'{\"edit_post_id\":\"15020\"}','2021-09-14 10:31:33','2021-09-14 10:31:33','2021-09-14 10:31:33','2021-09-14 10:31:33'),(4,'submission','d177e5b3-add2-4042-88e1-8dd362e7a261',14,15370,'https://asepong.org/?elementor_library=footer-jimara&elementor-preview=15370&ver=1631669401','Footer Jimara','3a78068','Subscrible',0,1,'2402:800:6205:7594:902b:d75b:cfa7:ef4c','Mozilla/5.0 (Windows NT 10.0; Win64; x64) AppleWebKit/537.36 (KHTML, like Gecko) Chrome/93.0.4577.63 Safari/537.36',1,1,'new',0,'{\"edit_post_id\":\"15370\"}','2021-09-15 01:30:18','2021-09-15 01:30:18','2021-09-15 01:30:18','2021-09-15 01:30:18'),(5,'submission','cb4c4169-d45b-4ed7-8b91-eb057ef97c0a',15,15370,'https://asepong.org/?elementor_library=footer-jimara&elementor-preview=15370&ver=1631669401','Footer Jimara','3a78068','Subscrible',0,1,'2402:800:6205:7594:902b:d75b:cfa7:ef4c','Mozilla/5.0 (Windows NT 10.0; Win64; x64) AppleWebKit/537.36 (KHTML, like Gecko) Chrome/93.0.4577.63 Safari/537.36',1,1,'new',0,'{\"edit_post_id\":\"15370\"}','2021-09-15 01:31:55','2021-09-15 01:31:55','2021-09-15 01:31:55','2021-09-15 01:31:55'),(6,'submission','188f1a6f-b51b-43ce-bad5-9a7f9fd527a5',16,11429,'https://asepong.org/?elementor_library=footer-pumori&elementor-preview=11429&ver=1632473200','Footer Pumori','a90c6a3','Subscrible Form',0,1,'2402:800:6205:7594:8c93:5a48:ec2:cb22','Mozilla/5.0 (Windows NT 10.0; Win64; x64) AppleWebKit/537.36 (KHTML, like Gecko) Chrome/93.0.4577.82 Safari/537.36',1,1,'new',0,'{\"edit_post_id\":\"11429\"}','2021-09-24 08:56:29','2021-09-24 08:56:30','2021-09-24 08:56:29','2021-09-24 08:56:30'),(7,'submission','e6f165d4-f36d-4009-9d6a-0e106999ad4c',17,11429,'https://asepong.org/?elementor_library=footer-pumori','Footer Pumori – Alone','a90c6a3','Subscrible Form',0,1,'2402:800:6205:7594:8c93:5a48:ec2:cb22','Mozilla/5.0 (Windows NT 10.0; Win64; x64) AppleWebKit/537.36 (KHTML, like Gecko) Chrome/93.0.4577.82 Safari/537.36',1,1,'new',0,'{\"edit_post_id\":\"11429\"}','2021-09-24 08:58:05','2021-09-24 08:58:05','2021-09-24 08:58:05','2021-09-24 08:58:05'),(8,'submission','c091a3cc-5ef3-4f4b-9d7d-08cf4308f5e1',18,11429,'https://asepong.org/?elementor_library=footer-pumori','Footer Pumori – Alone','a90c6a3','Subscrible Form',0,1,'2402:800:6205:7594:8c93:5a48:ec2:cb22','Mozilla/5.0 (Windows NT 10.0; Win64; x64) AppleWebKit/537.36 (KHTML, like Gecko) Chrome/93.0.4577.82 Safari/537.36',1,1,'new',0,'{\"edit_post_id\":\"11429\"}','2021-09-24 08:58:35','2021-09-24 08:58:35','2021-09-24 08:58:35','2021-09-24 08:58:35'),(9,'submission','0c97cecd-7af9-453e-a1da-61ed5d616374',19,11429,'https://asepong.org/?elementor_library=footer-pumori','Footer Pumori – Alone','a90c6a3','Subscrible Form',0,1,'2402:800:6205:7594:8c93:5a48:ec2:cb22','Mozilla/5.0 (Windows NT 10.0; Win64; x64) AppleWebKit/537.36 (KHTML, like Gecko) Chrome/93.0.4577.82 Safari/537.36',1,1,'new',0,'{\"edit_post_id\":\"11429\"}','2021-09-24 08:58:45','2021-09-24 08:58:46','2021-09-24 08:58:45','2021-09-24 08:58:46'),(10,'submission','cbfb9670-2429-4057-903c-81925f5e9480',20,11429,'https://asepong.org/?elementor_library=footer-pumori','Footer Pumori – Alone','a90c6a3','Subscrible Form',0,1,'2402:800:6205:7594:8c93:5a48:ec2:cb22','Mozilla/5.0 (Windows NT 10.0; Win64; x64) AppleWebKit/537.36 (KHTML, like Gecko) Chrome/93.0.4577.82 Safari/537.36',1,1,'new',0,'{\"edit_post_id\":\"11429\"}','2021-09-24 08:59:13','2021-09-24 08:59:13','2021-09-24 08:59:13','2021-09-24 08:59:13'),(11,'submission','d105a66e-3212-4846-9d50-44209d2f9331',21,4213,'https://asepong.org/home-changtse/','Home Changtse - Alone','4a8b8e2','Subscrible Form',0,1,'2402:800:6205:7594:8c93:5a48:ec2:cb22','Mozilla/5.0 (Windows NT 10.0; Win64; x64) AppleWebKit/537.36 (KHTML, like Gecko) Chrome/93.0.4577.82 Safari/537.36',1,1,'new',0,'{\"edit_post_id\":\"4213\"}','2021-09-24 09:56:48','2021-09-24 09:56:48','2021-09-24 09:56:48','2021-09-24 09:56:48'),(12,'submission','4b2b4cac-9956-41de-af91-4cfda5fee91b',22,4213,'https://asepong.org/home-changtse/','Home Changtse - Alone','4a8b8e2','Subscrible Form',0,1,'2402:800:6205:7594:8c93:5a48:ec2:cb22','Mozilla/5.0 (Windows NT 10.0; Win64; x64) AppleWebKit/537.36 (KHTML, like Gecko) Chrome/93.0.4577.82 Safari/537.36',1,1,'new',0,'{\"edit_post_id\":\"4213\"}','2021-09-24 09:59:16','2021-09-24 09:59:16','2021-09-24 09:59:16','2021-09-24 09:59:16'),(13,'submission','38ad380b-cc19-4bc0-b7ba-37b5c7fd7875',23,4213,'https://asepong.org/home-changtse/','Home Changtse - Alone','4a8b8e2','Subscrible Form',0,1,'2402:800:6205:7594:8c93:5a48:ec2:cb22','Mozilla/5.0 (Windows NT 10.0; Win64; x64) AppleWebKit/537.36 (KHTML, like Gecko) Chrome/93.0.4577.82 Safari/537.36',1,1,'new',0,'{\"edit_post_id\":\"4213\"}','2021-09-24 09:59:32','2021-09-24 09:59:32','2021-09-24 09:59:32','2021-09-24 09:59:32'),(14,'submission','d18c3a15-71b8-4301-8428-2b11732652db',24,5122,'https://asepong.org/home-hardeol/','Home Hardeol - Alone','6a0821d','Subscrible Form',0,1,'2402:800:6205:7594:8c93:5a48:ec2:cb22','Mozilla/5.0 (Windows NT 10.0; Win64; x64) AppleWebKit/537.36 (KHTML, like Gecko) Chrome/93.0.4577.82 Safari/537.36',1,1,'new',0,'{\"edit_post_id\":\"5122\"}','2021-09-24 10:11:44','2021-09-24 10:11:44','2021-09-24 10:11:44','2021-09-24 10:11:44'),(15,'submission','9537cd77-368f-4b48-8e23-27bd4551e886',25,11589,'https://asepong.org/home-nevado/','Home Nevado - Alone','328530a','Subscrible Form',0,1,'2402:800:6205:7594:c814:d2c0:6a87:c52e','Mozilla/5.0 (Windows NT 10.0; Win64; x64) AppleWebKit/537.36 (KHTML, like Gecko) Chrome/94.0.4606.61 Safari/537.36',1,1,'new',0,'{\"edit_post_id\":\"11589\"}','2021-09-30 02:26:03','2021-09-30 02:26:03','2021-09-30 02:26:03','2021-09-30 02:26:03'),(16,'submission','29c5f95f-c9b3-49bf-b66e-fdad9bf190ef',26,11640,'https://asepong.org/home-cholatse/','Home Cholatse - Alone','a331019','Subscrible Form',0,1,'2402:800:6205:7594:c814:d2c0:6a87:c52e','Mozilla/5.0 (Windows NT 10.0; Win64; x64) AppleWebKit/537.36 (KHTML, like Gecko) Chrome/94.0.4606.61 Safari/537.36',1,1,'new',0,'{\"edit_post_id\":\"11640\"}','2021-09-30 02:34:13','2021-09-30 02:34:13','2021-09-30 02:34:13','2021-09-30 02:34:13'),(17,'submission','4a96d789-83f9-43e3-b3eb-cc21d60a5826',27,6483,'https://asepong.org/home-paradis/','Home Paradis - Alone','97b8d93','Subscrible Form',0,1,'2402:800:6205:7594:c814:d2c0:6a87:c52e','Mozilla/5.0 (Windows NT 10.0; Win64; x64) AppleWebKit/537.36 (KHTML, like Gecko) Chrome/94.0.4606.61 Safari/537.36',1,1,'new',0,'{\"edit_post_id\":\"6483\"}','2021-09-30 02:47:18','2021-09-30 02:47:18','2021-09-30 02:47:18','2021-09-30 02:47:18'),(18,'submission','57aa6c45-daa9-46c1-8e57-f92922815f52',28,6757,'https://asepong.org/home-castor/','Home Castor - Alone','cd3bc68','New Form',0,1,'2402:800:6205:7594:c814:d2c0:6a87:c52e','Mozilla/5.0 (Windows NT 10.0; Win64; x64) AppleWebKit/537.36 (KHTML, like Gecko) Chrome/94.0.4606.61 Safari/537.36',1,1,'new',0,'{\"edit_post_id\":\"6757\"}','2021-09-30 02:58:11','2021-09-30 02:58:11','2021-09-30 02:58:11','2021-09-30 02:58:11'),(19,'submission','40336626-50ec-4cf5-a1df-ec5feeb31234',29,11709,'https://asepong.org/home-wilson/','Home Wilson - Alone','56644fd','Subscrible Form',0,1,'2402:800:6205:7594:c814:d2c0:6a87:c52e','Mozilla/5.0 (Windows NT 10.0; Win64; x64) AppleWebKit/537.36 (KHTML, like Gecko) Chrome/94.0.4606.61 Safari/537.36',1,1,'new',0,'{\"edit_post_id\":\"11709\"}','2021-09-30 03:08:42','2021-09-30 03:08:42','2021-09-30 03:08:42','2021-09-30 03:08:42'),(20,'submission','eb2ea17e-050f-4b74-b909-13605bf70698',30,7506,'https://asepong.org/home-grouse/','Home Grouse - Alone','97bda72','Subscrible Form',0,1,'2402:800:6205:7594:c814:d2c0:6a87:c52e','Mozilla/5.0 (Windows NT 10.0; Win64; x64) AppleWebKit/537.36 (KHTML, like Gecko) Chrome/94.0.4606.61 Safari/537.36',1,1,'new',0,'{\"edit_post_id\":\"7506\"}','2021-09-30 03:29:49','2021-09-30 03:29:49','2021-09-30 03:29:49','2021-09-30 03:29:49'),(21,'submission','709fc038-5f50-48a5-b381-4913c12c1cf4',31,11910,'https://asepong.org/home-michelson/','Home Michelson - Alone','264963f','Subscrible Form',0,1,'2402:800:6205:7594:c814:d2c0:6a87:c52e','Mozilla/5.0 (Windows NT 10.0; Win64; x64) AppleWebKit/537.36 (KHTML, like Gecko) Chrome/94.0.4606.61 Safari/537.36',1,1,'new',0,'{\"edit_post_id\":\"11910\"}','2021-09-30 03:37:01','2021-09-30 03:37:01','2021-09-30 03:37:01','2021-09-30 03:37:01'),(22,'submission','27981d99-3430-4022-a604-c21142fea66c',32,5682,'https://asepong.org/home-changla/','Home Changla - Alone','ecf1ad8','Subscrible Form',0,1,'2402:800:6205:7594:c814:d2c0:6a87:c52e','Mozilla/5.0 (Windows NT 10.0; Win64; x64) AppleWebKit/537.36 (KHTML, like Gecko) Chrome/94.0.4606.61 Safari/537.36',1,1,'new',0,'{\"edit_post_id\":\"5682\"}','2021-09-30 03:46:10','2021-09-30 03:46:10','2021-09-30 03:46:10','2021-09-30 03:46:10'),(23,'submission','e65787d9-11ea-43c2-b195-65e49c67ffdf',33,12027,'https://asepong.org/?elementor_library=footer-jorasses','Footer Jorasses – Alone','40df0e0','Subscrible Form',0,1,'2402:800:6205:7594:c814:d2c0:6a87:c52e','Mozilla/5.0 (Windows NT 10.0; Win64; x64) AppleWebKit/537.36 (KHTML, like Gecko) Chrome/94.0.4606.61 Safari/537.36',1,1,'new',0,'{\"edit_post_id\":\"12027\"}','2021-09-30 04:03:57','2021-09-30 04:03:57','2021-09-30 04:03:57','2021-09-30 04:03:57'),(24,'submission','49b33df5-3042-4bc1-8d10-afde9502c595',35,9110,'https://asepong.org/contact-us/','Contact Us - Alone','ae2dc24','Contact Form',0,0,'146.120.229.91','Mozilla/5.0 (Windows NT 10.0; Win64; x64) AppleWebKit/537.36 (KHTML, like Gecko) Iridium/2018.4 Safari/537.36 Chrome/66.0.3359.130',1,1,'new',0,'{\"edit_post_id\":\"9110\"}','2021-11-09 14:37:10','2021-11-09 14:37:10','2021-11-09 14:37:10','2021-11-09 14:37:10'),(25,'submission','0a103bea-b960-44ba-ac2f-de5ab58e3e8b',39,11429,'https://asepong.org/donations/','Donation Forms Archive - Alone','a90c6a3','Subscrible Form',0,0,'116.206.192.101','Mozilla/5.0 (X11; Linux x86_64) AppleWebKit/537.36 (KHTML, like Gecko) Chrome/95.0.4638.74 Safari/537.36',1,1,'new',0,'{\"edit_post_id\":\"11429\"}','2021-11-14 03:43:26','2021-11-14 03:43:26','2021-11-14 03:43:26','2021-11-14 03:43:26'),(26,'submission','fdf1a7a5-2d5a-4de7-b383-0525b2be5c1c',41,9110,'https://asepong.org/contact-us/','Contact Us - Alone','ae2dc24','Contact Form',0,0,'146.120.229.25','Mozilla/5.0 (Windows NT 10.0; Win64; x64) AppleWebKit/537.36 (KHTML, like Gecko) Iridium/2018.4 Safari/537.36 Chrome/66.0.3359.130',1,1,'new',0,'{\"edit_post_id\":\"9110\"}','2021-11-14 15:45:30','2021-11-14 15:45:31','2021-11-14 15:45:30','2021-11-14 15:45:31'),(27,'submission','6747ffd0-6457-448e-8c0d-1bfd1f7c9ccb',45,11429,'https://asepong.org/fundrising-for-early-childhood-rise-copy/','Fundrising for Early Childhood Rise - Alone','a90c6a3','Subscrible Form',0,0,'186.93.158.56','Mozilla/5.0 (Windows NT 6.1) AppleWebKit/537.36 (KHTML, like Gecko) Chrome/94.0.4606.61 Safari/537.36',1,1,'new',0,'{\"edit_post_id\":\"11429\"}','2021-11-17 04:17:25','2021-11-17 04:17:25','2021-11-17 04:17:25','2021-11-17 04:17:25'),(28,'submission','ea8b299b-f4a5-4141-b71e-9ab5657026db',47,11153,'https://asepong.org/fundrising-for-early-childhood-rise-copy/','Fundrising for Early Childhood Rise - Alone','4aedebd3','New Form',0,0,'186.93.158.56','Mozilla/5.0 (Windows NT 6.1) AppleWebKit/537.36 (KHTML, like Gecko) Chrome/94.0.4606.61 Safari/537.36',1,1,'new',0,'{\"edit_post_id\":\"11153\"}','2021-11-17 04:38:47','2021-11-17 04:38:47','2021-11-17 04:38:47','2021-11-17 04:38:47'),(29,'submission','d14785f5-136f-4558-8253-8272d463a5ef',50,11429,'https://asepong.org/donations/','Donation Forms Archive - Alone','a90c6a3','Subscrible Form',0,0,'103.228.159.47','Mozilla/5.0 (Linux; Android 11; vivo 1920) AppleWebKit/537.36 (KHTML, like Gecko) Chrome/94.0.4606.85 Mobile Safari/537.36',1,1,'new',0,'{\"edit_post_id\":\"11429\"}','2021-11-27 14:17:55','2021-11-27 14:17:55','2021-11-27 14:17:55','2021-11-27 14:17:55'),(30,'submission','26ab98e9-e7e7-4732-a673-5173965ccd07',51,11429,'https://asepong.org/donations/','Donation Forms Archive - Alone','a90c6a3','Subscrible Form',0,0,'103.228.159.47','Mozilla/5.0 (Linux; Android 11; vivo 1920) AppleWebKit/537.36 (KHTML, like Gecko) Chrome/94.0.4606.85 Mobile Safari/537.36',1,1,'new',0,'{\"edit_post_id\":\"11429\"}','2021-11-27 14:18:13','2021-11-27 14:18:13','2021-11-27 14:18:13','2021-11-27 14:18:13'),(31,'submission','7eb14b8f-ec6e-4711-9611-b306b35bc751',53,9110,'https://asepong.org/contact-us/','Contact Us - Alone','ae2dc24','Contact Form',0,0,'185.177.231.46','Mozilla/5.0 (Windows NT 10.0; Win64; x64) AppleWebKit/537.36 (KHTML, like Gecko) Iridium/2018.4 Safari/537.36 Chrome/66.0.3359.130',1,1,'new',0,'{\"edit_post_id\":\"9110\"}','2021-12-01 10:13:43','2021-12-01 10:13:44','2021-12-01 10:13:43','2021-12-01 10:13:44'),(32,'submission','fb233f96-b5fb-4217-91df-60016b5c98b9',58,9110,'https://asepong.org/contact-us/','Contact Us - Alone','ae2dc24','Contact Form',0,0,'185.177.231.30','Mozilla/5.0 (Windows NT 10.0; Win64; x64) AppleWebKit/537.36 (KHTML, like Gecko) Iridium/2018.4 Safari/537.36 Chrome/66.0.3359.130',1,1,'new',0,'{\"edit_post_id\":\"9110\"}','2021-12-04 03:05:19','2021-12-04 03:05:19','2021-12-04 03:05:19','2021-12-04 03:05:19'),(33,'submission','06a1744d-9a96-416c-845a-53e3840b9683',63,9110,'https://asepong.org/contact-us/','Contact Us - Alone','ae2dc24','Contact Form',0,0,'195.140.176.64','Mozilla/5.0 (Windows NT 10.0; Win64; x64) AppleWebKit/537.36 (KHTML, like Gecko) Iridium/2018.4 Safari/537.36 Chrome/66.0.3359.130',1,1,'new',0,'{\"edit_post_id\":\"9110\"}','2021-12-06 05:04:26','2021-12-06 05:04:26','2021-12-06 05:04:26','2021-12-06 05:04:26'),(34,'submission','9ed984c6-d415-4d07-bd1d-c624438e20fb',68,9110,'https://asepong.org/contact-us/','Contact Us - Alone','ae2dc24','Contact Form',0,0,'185.177.230.245','Mozilla/5.0 (Windows NT 10.0; Win64; x64) AppleWebKit/537.36 (KHTML, like Gecko) Iridium/2018.4 Safari/537.36 Chrome/66.0.3359.130',1,1,'new',0,'{\"edit_post_id\":\"9110\"}','2021-12-11 20:32:49','2021-12-11 20:32:49','2021-12-11 20:32:49','2021-12-11 20:32:49'),(35,'submission','00727a7e-847c-437a-936c-7d7dd7cf002a',75,9102,'https://asepong.org/become-a-volunteer/','Become A Volunteer - Alone','6d773fc','Volunteer From',0,0,'129.205.124.94','Mozilla/5.0 (Windows NT 10.0; Win64; x64) AppleWebKit/537.36 (KHTML, like Gecko) Chrome/96.0.4664.110 Safari/537.36',1,1,'new',0,'{\"edit_post_id\":\"9102\"}','2021-12-16 03:57:50','2021-12-16 03:57:50','2021-12-16 03:57:50','2021-12-16 03:57:50'),(36,'submission','573e6acd-c6d5-46c8-a5e0-552bc3627a76',77,11429,'https://asepong.org/blog/page/2/','Blog - Page 2 of 2 - Alone','a90c6a3','Subscrible Form',0,0,'102.69.228.114','Mozilla/5.0 (Linux; Android 8.0.0; SM-G930P) AppleWebKit/537.36 (KHTML, like Gecko) Chrome/96.0.4664.104 Mobile Safari/537.36',1,1,'new',0,'{\"edit_post_id\":\"11429\"}','2021-12-18 22:33:01','2021-12-18 22:33:01','2021-12-18 22:33:01','2021-12-18 22:33:01'),(37,'submission','5920c814-91d6-4ee3-9e44-44638506fc16',79,9110,'https://asepong.org/contact-us/','Contact Us - Alone','ae2dc24','Contact Form',0,0,'27.0.158.173','Mozilla/5.0 (Windows NT 10.0; Win64; x64) AppleWebKit/537.36 (KHTML, like Gecko) Iridium/2018.4 Safari/537.36 Chrome/66.0.3359.130',1,1,'new',0,'{\"edit_post_id\":\"9110\"}','2021-12-21 16:30:47','2021-12-21 16:30:47','2021-12-21 16:30:47','2021-12-21 16:30:47'),(38,'submission','e5c5f38c-77b6-434f-80bb-593d1598a96a',84,11153,'https://asepong.org/','Home Taboche - Alone','4aedebd3','New Form',0,1,'156.0.213.18','Mozilla/5.0 (Windows NT 10.0; Win64; x64) AppleWebKit/537.36 (KHTML, like Gecko) Chrome/114.0.0.0 Safari/537.36',1,1,'new',0,'{\"edit_post_id\":\"11153\"}','2023-06-23 10:56:16','2023-06-23 10:56:16','2023-06-23 10:56:16','2023-06-23 10:56:16'),(39,'submission','8091af03-a3c2-451c-8083-d1e3cdc0c7c3',88,11153,'https://asepong.org/blog/','Blog - Alone','4aedebd3','New Form',0,0,'154.66.135.77','Mozilla/5.0 (Windows NT 10.0; Win64; x64) AppleWebKit/537.36 (KHTML, like Gecko) Chrome/114.0.0.0 Safari/537.36',1,1,'new',0,'{\"edit_post_id\":\"11153\"}','2023-06-30 18:44:06','2023-06-30 18:44:06','2023-06-30 18:44:06','2023-06-30 18:44:06'),(40,'submission','4646edb1-6d5e-4d34-b23a-6df3f7829d9f',92,9110,'https://asepong.org/contactez-nous/','Contactez-nous - ONG ASEP','ae2dc24','Contact Form',0,2,'154.66.135.77','Mozilla/5.0 (Windows NT 10.0; Win64; x64) AppleWebKit/537.36 (KHTML, like Gecko) Chrome/114.0.0.0 Safari/537.36',1,0,'new',0,'{\"edit_post_id\":\"9110\"}','2023-07-07 11:12:34','2023-07-07 11:12:34','2023-07-07 11:12:34','2023-07-07 11:12:34');

--
-- Table structure for table `wp_e_submissions_actions_log`
--

CREATE TABLE `wp_e_submissions_actions_log` (
  `id` bigint(20) unsigned NOT NULL AUTO_INCREMENT,
  `submission_id` bigint(20) unsigned NOT NULL,
  `action_name` varchar(60) NOT NULL,
  `action_label` varchar(60) DEFAULT NULL,
  `status` varchar(20) NOT NULL,
  `log` text DEFAULT NULL,
  `created_at_gmt` datetime NOT NULL,
  `updated_at_gmt` datetime NOT NULL,
  `created_at` datetime NOT NULL,
  `updated_at` datetime NOT NULL,
  PRIMARY KEY (`id`),
  KEY `submission_id_index` (`submission_id`),
  KEY `action_name_index` (`action_name`),
  KEY `status_index` (`status`),
  KEY `created_at_gmt_index` (`created_at_gmt`),
  KEY `updated_at_gmt_index` (`updated_at_gmt`),
  KEY `created_at_index` (`created_at`),
  KEY `updated_at_index` (`updated_at`)
) ENGINE=InnoDB AUTO_INCREMENT=41 DEFAULT CHARSET=utf8mb4 COLLATE=utf8mb4_unicode_ci;

--
-- Dumping data for table `wp_e_submissions_actions_log`
--

INSERT INTO `wp_e_submissions_actions_log` (`id`, `submission_id`, `action_name`, `action_label`, `status`, `log`, `created_at_gmt`, `updated_at_gmt`, `created_at`, `updated_at`) VALUES (1,1,'email','Email','success',NULL,'2021-06-12 03:44:23','2021-06-12 03:44:23','2021-06-12 03:44:23','2021-06-12 03:44:23'),(2,2,'email','Email','success',NULL,'2021-06-17 08:10:13','2021-06-17 08:10:13','2021-06-17 08:10:13','2021-06-17 08:10:13'),(3,3,'email','Email','success',NULL,'2021-09-14 10:31:33','2021-09-14 10:31:33','2021-09-14 10:31:33','2021-09-14 10:31:33'),(4,4,'email','Email','success',NULL,'2021-09-15 01:30:18','2021-09-15 01:30:18','2021-09-15 01:30:18','2021-09-15 01:30:18'),(5,5,'email','Email','success',NULL,'2021-09-15 01:31:55','2021-09-15 01:31:55','2021-09-15 01:31:55','2021-09-15 01:31:55'),(6,6,'email','Email','success',NULL,'2021-09-24 08:56:30','2021-09-24 08:56:30','2021-09-24 08:56:30','2021-09-24 08:56:30'),(7,7,'email','Email','success',NULL,'2021-09-24 08:58:05','2021-09-24 08:58:05','2021-09-24 08:58:05','2021-09-24 08:58:05'),(8,8,'email','Email','success',NULL,'2021-09-24 08:58:35','2021-09-24 08:58:35','2021-09-24 08:58:35','2021-09-24 08:58:35'),(9,9,'email','Email','success',NULL,'2021-09-24 08:58:46','2021-09-24 08:58:46','2021-09-24 08:58:46','2021-09-24 08:58:46'),(10,10,'email','Email','success',NULL,'2021-09-24 08:59:13','2021-09-24 08:59:13','2021-09-24 08:59:13','2021-09-24 08:59:13'),(11,11,'email','Email','success',NULL,'2021-09-24 09:56:48','2021-09-24 09:56:48','2021-09-24 09:56:48','2021-09-24 09:56:48'),(12,12,'email','Email','success',NULL,'2021-09-24 09:59:16','2021-09-24 09:59:16','2021-09-24 09:59:16','2021-09-24 09:59:16'),(13,13,'email','Email','success',NULL,'2021-09-24 09:59:32','2021-09-24 09:59:32','2021-09-24 09:59:32','2021-09-24 09:59:32'),(14,14,'email','Email','success',NULL,'2021-09-24 10:11:44','2021-09-24 10:11:44','2021-09-24 10:11:44','2021-09-24 10:11:44'),(15,15,'email','Email','success',NULL,'2021-09-30 02:26:03','2021-09-30 02:26:03','2021-09-30 02:26:03','2021-09-30 02:26:03'),(16,16,'email','Email','success',NULL,'2021-09-30 02:34:13','2021-09-30 02:34:13','2021-09-30 02:34:13','2021-09-30 02:34:13'),(17,17,'email','Email','success',NULL,'2021-09-30 02:47:18','2021-09-30 02:47:18','2021-09-30 02:47:18','2021-09-30 02:47:18'),(18,18,'email','Email','success',NULL,'2021-09-30 02:58:11','2021-09-30 02:58:11','2021-09-30 02:58:11','2021-09-30 02:58:11'),(19,19,'email','Email','success',NULL,'2021-09-30 03:08:42','2021-09-30 03:08:42','2021-09-30 03:08:42','2021-09-30 03:08:42'),(20,20,'email','Email','success',NULL,'2021-09-30 03:29:49','2021-09-30 03:29:49','2021-09-30 03:29:49','2021-09-30 03:29:49'),(21,21,'email','Email','success',NULL,'2021-09-30 03:37:01','2021-09-30 03:37:01','2021-09-30 03:37:01','2021-09-30 03:37:01'),(22,22,'email','Email','success',NULL,'2021-09-30 03:46:10','2021-09-30 03:46:10','2021-09-30 03:46:10','2021-09-30 03:46:10'),(23,23,'email','Email','success',NULL,'2021-09-30 04:03:57','2021-09-30 04:03:57','2021-09-30 04:03:57','2021-09-30 04:03:57'),(24,24,'email','Email','success',NULL,'2021-11-09 14:37:10','2021-11-09 14:37:10','2021-11-09 14:37:10','2021-11-09 14:37:10'),(25,25,'email','Email','success',NULL,'2021-11-14 03:43:26','2021-11-14 03:43:26','2021-11-14 03:43:26','2021-11-14 03:43:26'),(26,26,'email','Email','success',NULL,'2021-11-14 15:45:31','2021-11-14 15:45:31','2021-11-14 15:45:31','2021-11-14 15:45:31'),(27,27,'email','Email','success',NULL,'2021-11-17 04:17:25','2021-11-17 04:17:25','2021-11-17 04:17:25','2021-11-17 04:17:25'),(28,28,'email','Email','success',NULL,'2021-11-17 04:38:47','2021-11-17 04:38:47','2021-11-17 04:38:47','2021-11-17 04:38:47'),(29,29,'email','Email','success',NULL,'2021-11-27 14:17:55','2021-11-27 14:17:55','2021-11-27 14:17:55','2021-11-27 14:17:55'),(30,30,'email','Email','success',NULL,'2021-11-27 14:18:13','2021-11-27 14:18:13','2021-11-27 14:18:13','2021-11-27 14:18:13'),(31,31,'email','Email','success',NULL,'2021-12-01 10:13:44','2021-12-01 10:13:44','2021-12-01 10:13:44','2021-12-01 10:13:44'),(32,32,'email','Email','success',NULL,'2021-12-04 03:05:19','2021-12-04 03:05:19','2021-12-04 03:05:19','2021-12-04 03:05:19'),(33,33,'email','Email','success',NULL,'2021-12-06 05:04:26','2021-12-06 05:04:26','2021-12-06 05:04:26','2021-12-06 05:04:26'),(34,34,'email','Email','success',NULL,'2021-12-11 20:32:49','2021-12-11 20:32:49','2021-12-11 20:32:49','2021-12-11 20:32:49'),(35,35,'email','Email','success',NULL,'2021-12-16 03:57:50','2021-12-16 03:57:50','2021-12-16 03:57:50','2021-12-16 03:57:50'),(36,36,'email','Email','success',NULL,'2021-12-18 22:33:01','2021-12-18 22:33:01','2021-12-18 22:33:01','2021-12-18 22:33:01'),(37,37,'email','Email','success',NULL,'2021-12-21 16:30:47','2021-12-21 16:30:47','2021-12-21 16:30:47','2021-12-21 16:30:47'),(38,38,'email','Email','success',NULL,'2023-06-23 10:56:16','2023-06-23 10:56:16','2023-06-23 10:56:16','2023-06-23 10:56:16'),(39,39,'email','Email','success',NULL,'2023-06-30 18:44:06','2023-06-30 18:44:06','2023-06-30 18:44:06','2023-06-30 18:44:06'),(40,40,'email','Email','failed','Your submission failed because of a server error.','2023-07-07 11:12:34','2023-07-07 11:12:34','2023-07-07 11:12:34','2023-07-07 11:12:34');

--
-- Table structure for table `wp_give_commentmeta`
--

CREATE TABLE `wp_give_commentmeta` (
  `meta_id` bigint(20) NOT NULL AUTO_INCREMENT,
  `give_comment_id` bigint(20) NOT NULL,
  `meta_key` varchar(255) DEFAULT NULL,
  `meta_value` longtext DEFAULT NULL,
  PRIMARY KEY (`meta_id`),
  KEY `give_comment_id` (`give_comment_id`),
  KEY `meta_key` (`meta_key`(191))
) ENGINE=InnoDB DEFAULT CHARSET=utf8mb4 COLLATE=utf8mb4_unicode_ci;

--
-- Dumping data for table `wp_give_commentmeta`
--


--
-- Table structure for table `wp_give_comments`
--

CREATE TABLE `wp_give_comments` (
  `comment_ID` bigint(20) NOT NULL AUTO_INCREMENT,
  `user_id` bigint(20) NOT NULL,
  `comment_content` longtext NOT NULL,
  `comment_parent` mediumtext NOT NULL,
  `comment_type` mediumtext NOT NULL,
  `comment_date` datetime NOT NULL,
  `comment_date_gmt` datetime NOT NULL,
  PRIMARY KEY (`comment_ID`)
) ENGINE=InnoDB AUTO_INCREMENT=48 DEFAULT CHARSET=utf8mb4 COLLATE=utf8mb4_unicode_ci;

--
-- Dumping data for table `wp_give_comments`
--

INSERT INTO `wp_give_comments` (`comment_ID`, `user_id`, `comment_content`, `comment_parent`, `comment_type`, `comment_date`, `comment_date_gmt`) VALUES (1,0,'Status changed from Pending to Complete.','2014','donation','2020-09-09 02:19:52','2020-09-09 02:19:52'),(2,0,'Status changed from Pending to Complete.','2015','donation','2020-09-09 02:22:18','2020-09-09 02:22:18'),(3,0,'Status changed from Pending to Complete.','2016','donation','2020-09-09 02:23:14','2020-09-09 02:23:14'),(4,0,'Status changed from Pending to Complete.','2595','donation','2020-10-09 10:05:38','2020-10-09 10:05:38'),(5,0,'Status changed from Pending to Complete.','2596','donation','2020-10-09 10:06:27','2020-10-09 10:06:27'),(6,0,'Status changed from Pending to Abandoned.','2594','donation','2020-10-21 08:35:17','2020-10-21 08:35:17'),(7,0,'Status changed from Pending to Complete.','4648','donation','2021-01-19 06:11:07','2021-01-19 06:11:07'),(8,0,'Status changed from Pending to Complete.','10452','donation','2021-06-10 07:35:10','2021-06-10 07:35:10'),(9,0,'Status changed from Pending to Complete.','10453','donation','2021-06-10 07:36:04','2021-06-10 07:36:04'),(10,0,'Status changed from Pending to Complete.','10454','donation','2021-06-10 07:36:38','2021-06-10 07:36:38'),(11,0,'Status changed from Pending to Complete.','10455','donation','2021-06-10 07:37:02','2021-06-10 07:37:02'),(12,0,'Status changed from Pending to Complete.','10456','donation','2021-06-10 07:37:30','2021-06-10 07:37:30'),(13,0,'Status changed from Pending to Complete.','10457','donation','2021-06-10 07:38:59','2021-06-10 07:38:59'),(14,0,'Status changed from Pending to Complete.','10587','donation','2021-06-12 01:38:24','2021-06-12 01:38:24'),(15,0,'Status changed from Pending to Complete.','17081','donation','2021-11-10 15:37:56','2021-11-10 15:37:56'),(16,0,'Status changed from Pending to Complete.','17082','donation','2021-11-11 11:17:36','2021-11-11 11:17:36'),(17,0,'Status changed from Pending to Complete.','17083','donation','2021-11-16 19:05:55','2021-11-16 19:05:55'),(18,0,'Status changed from Pending to Complete.','17084','donation','2021-11-17 08:26:14','2021-11-17 08:26:14'),(19,0,'Status changed from Pending to Complete.','17085','donation','2021-11-17 19:01:14','2021-11-17 19:01:14'),(20,0,'Status changed from Pending to Complete.','17086','donation','2021-12-02 10:33:25','2021-12-02 10:33:25'),(21,0,'Status changed from Pending to Complete.','17087','donation','2021-12-07 18:37:49','2021-12-07 18:37:49'),(22,0,'Status changed from Pending to Complete.','17088','donation','2021-12-07 18:39:21','2021-12-07 18:39:21'),(23,0,'Status changed from Pending to Complete.','17089','donation','2021-12-11 00:32:04','2021-12-11 00:32:04'),(24,0,'Status changed from Pending to Complete.','17090','donation','2021-12-17 17:35:29','2021-12-17 17:35:29'),(25,0,'Status changed from Pending to Complete.','17091','donation','2021-12-19 17:56:00','2021-12-19 17:56:00'),(26,0,'Status changed from Pending to Complete.','17092','donation','2021-12-20 10:57:17','2021-12-20 10:57:17'),(27,0,'Status changed from Pending to Complete.','17093','donation','2021-12-21 14:18:59','2021-12-21 14:18:59'),(28,0,'État de la commande modifié de En attente à Terminé.','17402','donation','2023-07-01 00:11:46','2023-07-01 00:11:46'),(29,0,'Donation accepted with Stripe account \"\" using Manual API Keys.','17404','donation','2023-07-01 00:13:41','2023-07-01 00:13:41'),(30,0,'Stripe Source/Payment Method ID: ','17404','donation','2023-07-01 00:13:41','2023-07-01 00:13:41'),(31,0,'État de la commande modifié de En attente à Terminé.','17442','donation','2023-07-01 09:17:52','2023-07-01 09:17:52'),(32,0,'État de la commande modifié de En attente à Abandonné.','17404','donation','2023-07-13 14:59:47','2023-07-13 14:59:47'),(33,0,'État de la commande modifié de En attente à Terminé.','17781','donation','2023-07-15 11:58:45','2023-07-15 11:58:45'),(34,0,'Donation accepted with Stripe account \"\" using Manual API Keys.','17782','donation','2023-07-15 11:59:32','2023-07-15 11:59:32'),(35,0,'Stripe Source/Payment Method ID: ','17782','donation','2023-07-15 11:59:32','2023-07-15 11:59:32'),(36,0,'État de la commande modifié de En attente à Terminé.','17900','donation','2023-07-21 22:51:46','2023-07-21 22:51:46'),(37,0,'Kkiapay','17900','donation','2023-07-21 22:51:46','2023-07-21 22:51:46'),(38,0,'État de la commande modifié de En attente à Terminé.','17914','donation','2023-07-22 10:02:24','2023-07-22 10:02:24'),(39,0,'Kkiapay','17914','donation','2023-07-22 10:02:24','2023-07-22 10:02:24'),(40,0,'État de la commande modifié de En attente à Abandonné.','17789','donation','2023-07-27 13:39:37','2023-07-27 13:39:37'),(41,0,'État de la commande modifié de En attente à Abandonné.','17787','donation','2023-07-27 13:39:37','2023-07-27 13:39:37'),(42,0,'État de la commande modifié de En attente à Abandonné.','17786','donation','2023-07-27 13:39:37','2023-07-27 13:39:37'),(43,0,'État de la commande modifié de En attente à Abandonné.','17785','donation','2023-07-27 13:39:37','2023-07-27 13:39:37'),(44,0,'État de la commande modifié de En attente à Abandonné.','17784','donation','2023-07-27 13:39:37','2023-07-27 13:39:37'),(45,0,'État de la commande modifié de En attente à Abandonné.','17782','donation','2023-07-27 13:39:37','2023-07-27 13:39:37'),(46,0,'État de la commande modifié de En attente à Abandonné.','17904','donation','2023-08-03 14:13:42','2023-08-03 14:13:42'),(47,0,'État de la commande modifié de En attente à Abandonné.','17903','donation','2023-08-03 14:13:42','2023-08-03 14:13:42');

--
-- Table structure for table `wp_give_donationmeta`
--

CREATE TABLE `wp_give_donationmeta` (
  `meta_id` bigint(20) NOT NULL AUTO_INCREMENT,
  `donation_id` bigint(20) NOT NULL,
  `meta_key` varchar(255) DEFAULT NULL,
  `meta_value` longtext DEFAULT NULL,
  PRIMARY KEY (`meta_id`),
  KEY `donation_id` (`donation_id`),
  KEY `meta_key` (`meta_key`(191))
) ENGINE=InnoDB AUTO_INCREMENT=812 DEFAULT CHARSET=utf8mb4 COLLATE=utf8mb4_unicode_ci;

--
-- Dumping data for table `wp_give_donationmeta`
--

INSERT INTO `wp_give_donationmeta` (`meta_id`, `donation_id`, `meta_key`, `meta_value`) VALUES (1,2014,'_give_payment_total','100.000000'),(2,2014,'_give_payment_currency','USD'),(3,2014,'_give_donor_billing_first_name','Doe'),(4,2014,'_give_donor_billing_last_name','John'),(5,2014,'_give_payment_gateway','manual'),(6,2014,'_give_payment_form_title','Wuhan People Has Died From Coronavirus'),(7,2014,'_give_payment_form_id','839'),(8,2014,'_give_payment_price_id','3'),(9,2014,'_give_payment_donor_email','quocvietht03@gmail.com'),(10,2014,'_give_payment_donor_title_prefix',''),(11,2014,'_give_payment_donor_ip','::1'),(12,2014,'_give_payment_purchase_key','e9a279468d30e6f47272fcba70413b7f'),(13,2014,'_give_payment_mode','test'),(14,2014,'_give_payment_donor_id','1'),(15,2014,'_give_current_url','https://asepong.org/donations/wuhan-people-has-died-from-coronavirus/'),(16,2014,'_give_current_page_id','839'),(17,2014,'_give_anonymous_donation','0'),(18,2014,'_give_completed_date','2020-09-09 02:19:47'),(19,2015,'_give_payment_total','250.000000'),(20,2015,'_give_payment_currency','USD'),(21,2015,'_give_donor_billing_first_name','Doe'),(22,2015,'_give_donor_billing_last_name','John'),(23,2015,'_give_payment_gateway','manual'),(24,2015,'_give_payment_form_title','Wuhan People Has Died From Coronavirus'),(25,2015,'_give_payment_form_id','839'),(26,2015,'_give_payment_price_id','5'),(27,2015,'_give_payment_donor_email','quocvietht03@gmail.com'),(28,2015,'_give_payment_donor_title_prefix',''),(29,2015,'_give_payment_donor_ip','::1'),(30,2015,'_give_payment_purchase_key','b10249268ad258b3a6819f61357a7aa0'),(31,2015,'_give_payment_mode','test'),(32,2015,'_give_payment_donor_id','1'),(33,2015,'_give_current_url','https://asepong.org/donations/'),(34,2015,'_give_anonymous_donation','0'),(35,2015,'_give_completed_date','2020-09-09 02:22:14'),(36,2016,'_give_payment_total','500.000000'),(37,2016,'_give_payment_currency','USD'),(38,2016,'_give_donor_billing_first_name','Test'),(39,2016,'_give_donor_billing_last_name','Dev'),(40,2016,'_give_payment_gateway','manual'),(41,2016,'_give_payment_form_title','Wuhan People Has Died From Coronavirus'),(42,2016,'_give_payment_form_id','839'),(43,2016,'_give_payment_price_id','custom'),(44,2016,'_give_payment_donor_email','quocvietht03@gmail.com'),(45,2016,'_give_payment_donor_title_prefix',''),(46,2016,'_give_payment_donor_ip','::1'),(47,2016,'_give_payment_purchase_key','9274f5db5ba00f3ae041eae1dded6272'),(48,2016,'_give_payment_mode','test'),(49,2016,'_give_payment_donor_id','1'),(50,2016,'_give_current_url','https://asepong.org/donations/'),(51,2016,'_give_anonymous_donation','0'),(52,2016,'_give_completed_date','2020-09-09 02:23:10'),(53,2595,'_give_payment_total','250.000000'),(54,2595,'_give_payment_currency','USD'),(55,2595,'_give_donor_billing_first_name','Doe'),(56,2595,'_give_donor_billing_last_name','John'),(57,2595,'_give_payment_gateway','manual'),(58,2595,'_give_payment_form_title','3 new cases confirmed in Singapore'),(59,2595,'_give_payment_form_id','118'),(60,2595,'_give_payment_price_id','5'),(61,2595,'_give_payment_donor_email','quocvietht03@gmail.com'),(62,2595,'_give_payment_donor_title_prefix',''),(63,2595,'_give_payment_donor_ip','::1'),(64,2595,'_give_payment_purchase_key','9c3ce19190181dd18cda9583d53c2c78'),(65,2595,'_give_payment_mode','test'),(66,2595,'_give_payment_donor_id','1'),(67,2595,'_give_current_url','https://asepong.org/donations/3-new-cases-confirmed-in-singapore/'),(68,2595,'_give_current_page_id','118'),(69,2595,'_give_anonymous_donation','0'),(70,2595,'_give_completed_date','2020-10-09 10:05:34'),(71,2596,'_give_payment_total','1000.000000'),(72,2596,'_give_payment_currency','USD'),(73,2596,'_give_donor_billing_first_name','Doe'),(74,2596,'_give_donor_billing_last_name','John'),(75,2596,'_give_payment_gateway','manual'),(76,2596,'_give_payment_form_title','3 new cases confirmed in Singapore'),(77,2596,'_give_payment_form_id','118'),(78,2596,'_give_payment_price_id','custom'),(79,2596,'_give_payment_donor_email','quocvietht03@gmail.com'),(80,2596,'_give_payment_donor_title_prefix',''),(81,2596,'_give_payment_donor_ip','::1'),(82,2596,'_give_payment_purchase_key','c997706fe044bcac92bbe518d56d6dd8'),(83,2596,'_give_payment_mode','test'),(84,2596,'_give_payment_donor_id','1'),(85,2596,'_give_current_url','https://asepong.org/donations/3-new-cases-confirmed-in-singapore/'),(86,2596,'_give_current_page_id','118'),(87,2596,'_give_anonymous_donation','0'),(88,2596,'_give_completed_date','2020-10-09 10:06:23'),(89,4648,'_give_payment_total','100.000000'),(90,4648,'_give_payment_currency','USD'),(91,4648,'_give_donor_billing_first_name','x'),(92,4648,'_give_donor_billing_last_name','x'),(93,4648,'_give_payment_gateway','manual'),(94,4648,'_give_payment_form_title','Help to raise valuable donations for Kids'),(95,4648,'_give_payment_form_id','98'),(96,4648,'_give_payment_price_id','3'),(97,4648,'_give_payment_donor_email','x@xx.xx'),(98,4648,'_give_payment_donor_title_prefix',''),(99,4648,'_give_payment_donor_ip','1.52.101.96'),(100,4648,'_give_payment_purchase_key','dac9bf0ffc68cc4d37061a35c2349a88'),(101,4648,'_give_payment_mode','live'),(102,4648,'_give_payment_donor_id','2'),(103,4648,'_give_current_url','https://asepong.org/home-changtse/'),(104,4648,'_give_current_page_id','4213'),(105,4648,'_give_anonymous_donation','0'),(106,4648,'_give_completed_date','2021-01-19 06:11:07'),(107,4648,'_cff_oembed_done_checking','1'),(108,4648,'_cff_oembed_done_checking','1'),(109,2596,'_cff_oembed_done_checking','1'),(110,2596,'_cff_oembed_done_checking','1'),(111,2595,'_cff_oembed_done_checking','1'),(112,2595,'_cff_oembed_done_checking','1'),(113,2594,'_cff_oembed_done_checking','1'),(114,2594,'_cff_oembed_done_checking','1'),(115,2016,'_cff_oembed_done_checking','1'),(116,2016,'_cff_oembed_done_checking','1'),(117,2015,'_cff_oembed_done_checking','1'),(118,2015,'_cff_oembed_done_checking','1'),(119,2014,'_cff_oembed_done_checking','1'),(120,2014,'_cff_oembed_done_checking','1'),(121,10452,'_give_payment_total','12000.000000'),(122,10452,'_give_payment_currency','USD'),(123,10452,'_give_donor_billing_first_name','Bearsthemes'),(124,10452,'_give_donor_billing_last_name',''),(125,10452,'_give_payment_gateway','manual'),(126,10452,'_give_payment_form_title','Help to raise valuable donations for Kids'),(127,10452,'_give_payment_form_id','7164'),(128,10452,'_give_payment_price_id','custom'),(129,10452,'_give_payment_donor_email','quocvietht03@gmail.com'),(130,10452,'_give_payment_donor_title_prefix',''),(131,10452,'_give_payment_donor_ip','14.224.130.20'),(132,10452,'_give_payment_purchase_key','c1ac529111dcc0f69708e73eb6da53b1'),(133,10452,'_give_payment_mode','live'),(134,10452,'_give_payment_donor_id','1'),(135,10452,'_give_current_url','https://asepong.org/donations/help-to-raise-valuable-donations-for-kids-2/'),(136,10452,'_give_current_page_id','7164'),(137,10452,'_give_anonymous_donation','0'),(138,10452,'_cff_oembed_done_checking','1'),(139,10452,'_give_completed_date','2021-06-10 07:35:10'),(140,10453,'_give_payment_total','11100.000000'),(141,10453,'_give_payment_currency','USD'),(142,10453,'_give_donor_billing_first_name','Bearsthemes'),(143,10453,'_give_donor_billing_last_name',''),(144,10453,'_give_payment_gateway','manual'),(145,10453,'_give_payment_form_title','A New Album by Rebecca: Help poor people'),(146,10453,'_give_payment_form_id','839'),(147,10453,'_give_payment_price_id','custom'),(148,10453,'_give_payment_donor_email','quocvietht03@gmail.com'),(149,10453,'_give_payment_donor_title_prefix',''),(150,10453,'_give_payment_donor_ip','14.224.130.20'),(151,10453,'_give_payment_purchase_key','5a297e79296874f2816ab7063d56a7f5'),(152,10453,'_give_payment_mode','live'),(153,10453,'_give_payment_donor_id','1'),(154,10453,'_give_current_url','https://asepong.org/donations/a-new-album-by-rebecca-help-poor-people/'),(155,10453,'_give_current_page_id','839'),(156,10453,'_give_anonymous_donation','0'),(157,10453,'_cff_oembed_done_checking','1'),(158,10453,'_give_completed_date','2021-06-10 07:36:04'),(159,10454,'_give_payment_total','8000.000000'),(160,10454,'_give_payment_currency','USD'),(161,10454,'_give_donor_billing_first_name','Bearsthemes'),(162,10454,'_give_donor_billing_last_name',''),(163,10454,'_give_payment_gateway','manual'),(164,10454,'_give_payment_form_title','South African Pre Primary School Build'),(165,10454,'_give_payment_form_id','838'),(166,10454,'_give_payment_price_id','custom'),(167,10454,'_give_payment_donor_email','quocvietht03@gmail.com'),(168,10454,'_give_payment_donor_title_prefix',''),(169,10454,'_give_payment_donor_ip','14.224.130.20'),(170,10454,'_give_payment_purchase_key','f4d18657896631d9c8cf0cc32f3ebcce'),(171,10454,'_give_payment_mode','live'),(172,10454,'_give_payment_donor_id','1'),(173,10454,'_give_current_url','https://asepong.org/donations/south-african-pre-primary-school-build/'),(174,10454,'_give_current_page_id','838'),(175,10454,'_give_anonymous_donation','0'),(176,10454,'_cff_oembed_done_checking','1'),(177,10454,'_give_completed_date','2021-06-10 07:36:38'),(178,10455,'_give_payment_total','3000.000000'),(179,10455,'_give_payment_currency','USD'),(180,10455,'_give_donor_billing_first_name','Bearsthemes'),(181,10455,'_give_donor_billing_last_name',''),(182,10455,'_give_payment_gateway','manual'),(183,10455,'_give_payment_form_title','Our Donation Is Hope For Poor Childrens'),(184,10455,'_give_payment_form_id','118'),(185,10455,'_give_payment_price_id','custom'),(186,10455,'_give_payment_donor_email','quocvietht03@gmail.com'),(187,10455,'_give_payment_donor_title_prefix',''),(188,10455,'_give_payment_donor_ip','14.224.130.20'),(189,10455,'_give_payment_purchase_key','189b4f816e2b7cdb20aacd92f481bd23'),(190,10455,'_give_payment_mode','live'),(191,10455,'_give_payment_donor_id','1'),(192,10455,'_give_current_url','https://asepong.org/donations/our-donation-is-hope-for-poor-childrens/'),(193,10455,'_give_current_page_id','118'),(194,10455,'_give_anonymous_donation','0'),(195,10455,'_cff_oembed_done_checking','1'),(196,10455,'_give_completed_date','2021-06-10 07:37:02'),(197,10456,'_give_payment_total','10011.000000'),(198,10456,'_give_payment_currency','USD'),(199,10456,'_give_donor_billing_first_name','Bearsthemes'),(200,10456,'_give_donor_billing_last_name',''),(201,10456,'_give_payment_gateway','manual'),(202,10456,'_give_payment_form_title','Charitable donations a Human Services'),(203,10456,'_give_payment_form_id','110'),(204,10456,'_give_payment_price_id','custom'),(205,10456,'_give_payment_donor_email','quocvietht03@gmail.com'),(206,10456,'_give_payment_donor_title_prefix',''),(207,10456,'_give_payment_donor_ip','14.224.130.20'),(208,10456,'_give_payment_purchase_key','24fd8a28f262d1016825647b599bbb76'),(209,10456,'_give_payment_mode','live'),(210,10456,'_give_payment_donor_id','1'),(211,10456,'_give_current_url','https://asepong.org/donations/charitable-donations-a-human-services/'),(212,10456,'_give_current_page_id','110'),(213,10456,'_give_anonymous_donation','0'),(214,10456,'_cff_oembed_done_checking','1'),(215,10456,'_give_completed_date','2021-06-10 07:37:30'),(216,10457,'_give_payment_total','8100.000000'),(217,10457,'_give_payment_currency','USD'),(218,10457,'_give_donor_billing_first_name','Bearsthemes'),(219,10457,'_give_donor_billing_last_name',''),(220,10457,'_give_payment_gateway','manual'),(221,10457,'_give_payment_form_title','South African Pre Primary School Build'),(222,10457,'_give_payment_form_id','838'),(223,10457,'_give_payment_price_id','custom'),(224,10457,'_give_payment_donor_email','quocvietht03@gmail.com'),(225,10457,'_give_payment_donor_title_prefix',''),(226,10457,'_give_payment_donor_ip','14.224.130.20'),(227,10457,'_give_payment_purchase_key','0653e846a691a4916fee28a3b93f027e'),(228,10457,'_give_payment_mode','live'),(229,10457,'_give_payment_donor_id','1'),(230,10457,'_give_current_url','https://asepong.org/donations/south-african-pre-primary-school-build/'),(231,10457,'_give_current_page_id','838'),(232,10457,'_give_anonymous_donation','0'),(233,10457,'_cff_oembed_done_checking','1'),(234,10457,'_give_completed_date','2021-06-10 07:38:59'),(235,10587,'_give_payment_total','10000.000000'),(236,10587,'_give_payment_currency','USD'),(237,10587,'_give_donor_billing_first_name','Bearsthemes'),(238,10587,'_give_donor_billing_last_name',''),(239,10587,'_give_payment_gateway','manual'),(240,10587,'_give_payment_form_title','Help to raise valuable donations for Kids'),(241,10587,'_give_payment_form_id','98'),(242,10587,'_give_payment_price_id','custom'),(243,10587,'_give_payment_donor_email','quocvietht03@gmail.com'),(244,10587,'_give_payment_donor_title_prefix',''),(245,10587,'_give_payment_donor_ip','14.224.130.20'),(246,10587,'_give_payment_purchase_key','b66d7c1c63d7d2bb64ea897e8d9312ad'),(247,10587,'_give_payment_mode','live'),(248,10587,'_give_payment_donor_id','1'),(249,10587,'_give_current_url','https://asepong.org/donations/help-to-raise-valuable-donations-for-kids/'),(250,10587,'_give_current_page_id','98'),(251,10587,'_give_anonymous_donation','0'),(252,10587,'_cff_oembed_done_checking','1'),(253,10587,'_give_completed_date','2021-06-12 01:38:24'),(254,17081,'_give_payment_total','100.000000'),(255,17081,'_give_payment_currency','USD'),(256,17081,'_give_donor_billing_first_name','mhvk'),(257,17081,'_give_donor_billing_last_name','hcjgkj'),(258,17081,'_give_payment_gateway','manual'),(259,17081,'_give_payment_form_title','A New Album by Rebecca: Help poor people'),(260,17081,'_give_payment_form_id','839'),(261,17081,'_give_payment_price_id','3'),(262,17081,'_give_payment_donor_title_prefix',''),(263,17081,'_give_payment_donor_email','hfhk@gmail.com'),(264,17081,'_give_payment_donor_ip','36.88.42.216'),(265,17081,'_give_payment_purchase_key','cdb5128cb015f68ddde07a854647fa79'),(266,17081,'_give_payment_mode','live'),(267,17081,'_give_payment_donor_id','3'),(268,17081,'_give_current_url','https://asepong.org/donations/'),(269,17081,'_give_anonymous_donation','0'),(270,17081,'_cff_oembed_done_checking','1'),(271,17081,'_give_completed_date','2021-11-10 15:37:55'),(272,17082,'_give_payment_total','998765.000000'),(273,17082,'_give_payment_currency','USD'),(274,17082,'_give_donor_billing_first_name','test'),(275,17082,'_give_donor_billing_last_name','test'),(276,17082,'_give_payment_gateway','manual'),(277,17082,'_give_payment_form_title','Our Donation Is Hope For Poor Childrens'),(278,17082,'_give_payment_form_id','118'),(279,17082,'_give_payment_price_id','custom'),(280,17082,'_give_payment_donor_title_prefix',''),(281,17082,'_give_payment_donor_email','test.s@test.com'),(282,17082,'_give_payment_donor_ip','80.78.74.50'),(283,17082,'_give_payment_purchase_key','51a6ffbc41d4f86500f1fa8bd0c0cf5f'),(284,17082,'_give_payment_mode','live'),(285,17082,'_give_payment_donor_id','4'),(286,17082,'_give_current_url','https://asepong.org/donations/'),(287,17082,'_give_anonymous_donation','0'),(288,17082,'_cff_oembed_done_checking','1'),(289,17082,'_give_completed_date','2021-11-11 11:17:36'),(290,17083,'_give_payment_total','100.000000'),(291,17083,'_give_payment_currency','USD'),(292,17083,'_give_donor_billing_first_name','dddd'),(293,17083,'_give_donor_billing_last_name','dddd'),(294,17083,'_give_payment_gateway','manual'),(295,17083,'_give_payment_form_title','Help to raise valuable donations for Kids'),(296,17083,'_give_payment_form_id','98'),(297,17083,'_give_payment_price_id','3'),(298,17083,'_give_payment_donor_title_prefix',''),(299,17083,'_give_payment_donor_email','ddddddd@gmail.com'),(300,17083,'_give_payment_donor_ip','103.124.248.236'),(301,17083,'_give_payment_purchase_key','c2d496be91b2a87414271ef287df5ace'),(302,17083,'_give_payment_mode','live'),(303,17083,'_give_payment_donor_id','5'),(304,17083,'_give_current_url','https://asepong.org/home-coropuna/'),(305,17083,'_give_current_page_id','3182'),(306,17083,'_give_anonymous_donation','0'),(307,17083,'_cff_oembed_done_checking','1'),(308,17083,'_give_completed_date','2021-11-16 19:05:54'),(309,17084,'_give_payment_total','100.000000'),(310,17084,'_give_payment_currency','USD'),(311,17084,'_give_donor_billing_first_name','Ramish'),(312,17084,'_give_donor_billing_last_name','Riaz'),(313,17084,'_give_payment_gateway','manual'),(314,17084,'_give_payment_form_title','Help to raise valuable donations for Kids'),(315,17084,'_give_payment_form_id','7164'),(316,17084,'_give_payment_price_id','3'),(317,17084,'_give_payment_donor_title_prefix',''),(318,17084,'_give_payment_donor_email','Ramishriaz85@gmail.com'),(319,17084,'_give_payment_donor_ip','203.135.45.80'),(320,17084,'_give_payment_purchase_key','fc619e73cea0289977a53c178f3f8b7b'),(321,17084,'_give_payment_mode','live'),(322,17084,'_give_payment_donor_id','6'),(323,17084,'_give_current_url','https://asepong.org/donations/'),(324,17084,'_give_anonymous_donation','0'),(325,17084,'_cff_oembed_done_checking','1'),(326,17084,'_give_completed_date','2021-11-17 08:26:14'),(327,17085,'_give_payment_total','100.000000'),(328,17085,'_give_payment_currency','USD'),(329,17085,'_give_donor_billing_first_name','dddd'),(330,17085,'_give_donor_billing_last_name','dddd'),(331,17085,'_give_payment_gateway','manual'),(332,17085,'_give_payment_form_title','Charitable donations a Human Services'),(333,17085,'_give_payment_form_id','110'),(334,17085,'_give_payment_price_id','3'),(335,17085,'_give_payment_donor_title_prefix',''),(336,17085,'_give_payment_donor_email','ddddddd@gmail.com'),(337,17085,'_give_payment_donor_ip','103.124.248.233'),(338,17085,'_give_payment_purchase_key','95591509de7b5600d33aa3f5d7c3c4e3'),(339,17085,'_give_payment_mode','live'),(340,17085,'_give_payment_donor_id','5'),(341,17085,'_give_current_url','https://asepong.org/donations/'),(342,17085,'_give_anonymous_donation','0'),(343,17085,'_cff_oembed_done_checking','1'),(344,17085,'_give_completed_date','2021-11-17 19:01:13'),(345,17086,'_give_payment_total','250.000000'),(346,17086,'_give_payment_currency','USD'),(347,17086,'_give_donor_billing_first_name','fsdf'),(348,17086,'_give_donor_billing_last_name','fdsdsf'),(349,17086,'_give_payment_gateway','manual'),(350,17086,'_give_payment_form_title','Help to raise valuable donations for Kids'),(351,17086,'_give_payment_form_id','7164'),(352,17086,'_give_payment_price_id','5'),(353,17086,'_give_payment_donor_title_prefix',''),(354,17086,'_give_payment_donor_email','ss@gmail.com'),(355,17086,'_give_payment_donor_ip','103.84.250.193'),(356,17086,'_give_payment_purchase_key','5726a480ec534b2980da5e465d48483f'),(357,17086,'_give_payment_mode','live'),(358,17086,'_give_payment_donor_id','7'),(359,17086,'_give_current_url','https://asepong.org/'),(360,17086,'_give_current_page_id','2642'),(361,17086,'_give_anonymous_donation','0'),(362,17086,'_cff_oembed_done_checking','1'),(363,17086,'_give_completed_date','2021-12-02 10:33:24'),(364,17087,'_give_payment_total','100.000000'),(365,17087,'_give_payment_currency','USD'),(366,17087,'_give_donor_billing_first_name','mohd'),(367,17087,'_give_donor_billing_last_name',''),(368,17087,'_give_payment_gateway','manual'),(369,17087,'_give_payment_form_title','Help to raise valuable donations for Kids'),(370,17087,'_give_payment_form_id','7164'),(371,17087,'_give_payment_price_id','3'),(372,17087,'_give_payment_donor_title_prefix',''),(373,17087,'_give_payment_donor_email','test@test.com'),(374,17087,'_give_payment_donor_ip','103.100.4.66'),(375,17087,'_give_payment_purchase_key','9e95a8cdd706960ddf39bf1a5817d3b3'),(376,17087,'_give_payment_mode','live'),(377,17087,'_give_payment_donor_id','8'),(378,17087,'_give_current_url','https://asepong.org/donations/'),(379,17087,'_give_anonymous_donation','0'),(380,17087,'_cff_oembed_done_checking','1'),(381,17087,'_give_completed_date','2021-12-07 18:37:48'),(382,17088,'_give_payment_total','100.000000'),(383,17088,'_give_payment_currency','USD'),(384,17088,'_give_donor_billing_first_name','test'),(385,17088,'_give_donor_billing_last_name',''),(386,17088,'_give_payment_gateway','manual'),(387,17088,'_give_payment_form_title','Help to raise valuable donations for Kids'),(388,17088,'_give_payment_form_id','7164'),(389,17088,'_give_payment_price_id','3'),(390,17088,'_give_payment_donor_title_prefix',''),(391,17088,'_give_payment_donor_email','test@test.com'),(392,17088,'_give_payment_donor_ip','103.100.4.66'),(393,17088,'_give_payment_purchase_key','d35716e3a7a3b274466e15bf1f34d7c6'),(394,17088,'_give_payment_mode','live'),(395,17088,'_give_payment_donor_id','8'),(396,17088,'_give_current_url','https://asepong.org/donations/'),(397,17088,'_give_anonymous_donation','0'),(398,17088,'_cff_oembed_done_checking','1'),(399,17088,'_give_completed_date','2021-12-07 18:39:21'),(400,17089,'_give_payment_total','10000.000000'),(401,17089,'_give_payment_currency','USD'),(402,17089,'_give_donor_billing_first_name','Huara'),(403,17089,'_give_donor_billing_last_name','Huriah'),(404,17089,'_give_payment_gateway','manual'),(405,17089,'_give_payment_form_title','Help to raise valuable donations for Kids'),(406,17089,'_give_payment_form_id','7164'),(407,17089,'_give_payment_price_id','custom'),(408,17089,'_give_payment_donor_title_prefix',''),(409,17089,'_give_payment_donor_email','huarahuriah@gmail.com'),(410,17089,'_give_payment_donor_ip','101.128.117.205'),(411,17089,'_give_payment_purchase_key','a9f6c0e5d24d1bd23fd1653df7caa105'),(412,17089,'_give_payment_mode','live'),(413,17089,'_give_payment_donor_id','9'),(414,17089,'_give_current_url','https://asepong.org/donations/help-to-raise-valuable-donations-for-kids-2/'),(415,17089,'_give_current_page_id','7164'),(416,17089,'_give_anonymous_donation','0'),(417,17089,'_cff_oembed_done_checking','1'),(418,17089,'_give_completed_date','2021-12-11 00:32:03'),(419,17090,'_give_payment_total','100.000000'),(420,17090,'_give_payment_currency','USD'),(421,17090,'_give_donor_billing_first_name','yhuhy'),(422,17090,'_give_donor_billing_last_name','hyugy'),(423,17090,'_give_payment_gateway','manual'),(424,17090,'_give_payment_form_title','A New Album by Rebecca: Help poor people'),(425,17090,'_give_payment_form_id','839'),(426,17090,'_give_payment_price_id','3'),(427,17090,'_give_payment_donor_title_prefix',''),(428,17090,'_give_payment_donor_email','yufgt@vsf.pp'),(429,17090,'_give_payment_donor_ip','91.123.164.11'),(430,17090,'_give_payment_purchase_key','e6cae8e9eae4d500b0bfc6ab7af65075'),(431,17090,'_give_payment_mode','live'),(432,17090,'_give_payment_donor_id','10'),(433,17090,'_give_current_url','https://asepong.org/donations/'),(434,17090,'_give_anonymous_donation','0'),(435,17090,'_cff_oembed_done_checking','1'),(436,17090,'_give_completed_date','2021-12-17 17:35:29'),(437,17091,'_give_payment_total','100.000000'),(438,17091,'_give_payment_currency','USD'),(439,17091,'_give_donor_billing_first_name','Mehmood'),(440,17091,'_give_donor_billing_last_name','Hussain'),(441,17091,'_give_payment_gateway','manual'),(442,17091,'_give_payment_form_title','Our Donation Is Hope For Poor Childrens'),(443,17091,'_give_payment_form_id','118'),(444,17091,'_give_payment_price_id','3'),(445,17091,'_give_payment_donor_title_prefix',''),(446,17091,'_give_payment_donor_email','mehmoodhussain.890@gmail.com'),(447,17091,'_give_payment_donor_ip','182.188.181.1'),(448,17091,'_give_payment_purchase_key','336c15f77b4fc2ac3be8065ff584e681'),(449,17091,'_give_payment_mode','live'),(450,17091,'_give_payment_donor_id','11'),(451,17091,'_give_current_url','https://asepong.org/donations/our-donation-is-hope-for-poor-childrens/'),(452,17091,'_give_current_page_id','118'),(453,17091,'_give_anonymous_donation','0'),(454,17091,'_cff_oembed_done_checking','1'),(455,17091,'_give_completed_date','2021-12-19 17:56:00'),(456,17092,'_give_payment_total','100.000000'),(457,17092,'_give_payment_currency','USD'),(458,17092,'_give_donor_billing_first_name','gtgg'),(459,17092,'_give_donor_billing_last_name',''),(460,17092,'_give_payment_gateway','manual'),(461,17092,'_give_payment_form_title','Help to raise valuable donations for Kids'),(462,17092,'_give_payment_form_id','7164'),(463,17092,'_give_payment_price_id','3'),(464,17092,'_give_payment_donor_title_prefix',''),(465,17092,'_give_payment_donor_email','gosiaq101@gmail.com'),(466,17092,'_give_payment_donor_ip','5.173.140.88'),(467,17092,'_give_payment_purchase_key','3662453b7ea20c26a4c6391894b1a6e6'),(468,17092,'_give_payment_mode','live'),(469,17092,'_give_payment_donor_id','12'),(470,17092,'_give_current_url','https://asepong.org/donations/'),(471,17092,'_give_anonymous_donation','0'),(472,17092,'_cff_oembed_done_checking','1'),(473,17092,'_give_completed_date','2021-12-20 10:57:17'),(474,17093,'_give_payment_total','50.000000'),(475,17093,'_give_payment_currency','USD'),(476,17093,'_give_donor_billing_first_name','Najrin'),(477,17093,'_give_donor_billing_last_name','Sultana'),(478,17093,'_give_payment_gateway','manual'),(479,17093,'_give_payment_form_title','Help to raise valuable donations for Kids'),(480,17093,'_give_payment_form_id','7164'),(481,17093,'_give_payment_price_id','2'),(482,17093,'_give_payment_donor_title_prefix',''),(483,17093,'_give_payment_donor_email','najrinsultana816@gmail.com'),(484,17093,'_give_payment_donor_ip','223.187.255.163'),(485,17093,'_give_payment_purchase_key','eb93a0bec1736b0dd8dd241344b20c93'),(486,17093,'_give_payment_mode','live'),(487,17093,'_give_payment_donor_id','13'),(488,17093,'_give_current_url','https://asepong.org/donations/'),(489,17093,'_give_anonymous_donation','0'),(490,17093,'_cff_oembed_done_checking','1'),(491,17093,'_give_completed_date','2021-12-21 14:18:59'),(492,2014,'email','sossaguy7@gmail.com'),(493,2015,'email','sossaguy7@gmail.com'),(494,2016,'email','sossaguy7@gmail.com'),(495,2595,'email','sossaguy7@gmail.com'),(496,2596,'email','sossaguy7@gmail.com'),(497,10452,'email','sossaguy7@gmail.com'),(498,10453,'email','sossaguy7@gmail.com'),(499,10454,'email','sossaguy7@gmail.com'),(500,10455,'email','sossaguy7@gmail.com'),(501,10456,'email','sossaguy7@gmail.com'),(502,10457,'email','sossaguy7@gmail.com'),(503,10587,'email','sossaguy7@gmail.com'),(504,17402,'_give_payment_total','25.000000'),(505,17402,'_give_payment_currency','USD'),(506,17402,'_give_donor_billing_first_name','Guillaume'),(507,17402,'_give_donor_billing_last_name','SOSSA-MEGNI'),(508,17402,'_give_payment_gateway','manual'),(509,17402,'_give_payment_form_title','Help to raise valuable donations for Kids'),(510,17402,'_give_payment_form_id','7164'),(511,17402,'_give_payment_price_id','1'),(512,17402,'_give_payment_donor_title_prefix',''),(513,17402,'_give_payment_donor_email','magloireedh@gmail.com'),(514,17402,'_give_payment_donor_ip','156.0.214.28'),(515,17402,'_give_payment_purchase_key','1500e2c07676bf6373f06776b6fd1354'),(516,17402,'_give_payment_mode','live'),(517,17402,'_give_payment_donor_id','14'),(518,17402,'_give_current_url','https://asepong.org/a-propos/'),(519,17402,'_give_current_page_id','8923'),(520,17402,'_give_anonymous_donation','0'),(521,17402,'_give_completed_date','2023-07-01 00:11:46'),(522,17403,'_give_payment_total','100.000000'),(523,17403,'_give_payment_currency','USD'),(524,17403,'_give_donor_billing_first_name','Guillaume'),(525,17403,'_give_donor_billing_last_name','SOSSA-MEGNI'),(526,17403,'_give_payment_gateway','offline'),(527,17403,'_give_payment_form_title','Help to raise valuable donations for Kids'),(528,17403,'_give_payment_form_id','7164'),(529,17403,'_give_payment_price_id','3'),(530,17403,'_give_payment_donor_title_prefix',''),(531,17403,'_give_payment_donor_email','magloireedh@gmail.com'),(532,17403,'_give_payment_donor_ip','156.0.214.28'),(533,17403,'_give_payment_purchase_key','603bfcf7e1eb7630ad42eebd23950f53'),(534,17403,'_give_payment_mode','live'),(535,17403,'_give_payment_donor_id','14'),(536,17403,'_give_current_url','https://asepong.org/blog/'),(537,17403,'_give_anonymous_donation','0'),(538,17404,'_give_payment_transaction_id',NULL),(539,17404,'_give_payment_total','25.000000'),(540,17404,'_give_payment_currency','USD'),(541,17404,'_give_cs_exchange_rate','1'),(542,17404,'_give_payment_gateway','stripe'),(543,17404,'_give_payment_donor_id','14'),(544,17404,'_give_donor_billing_first_name','Guillaume'),(545,17404,'_give_donor_billing_last_name','SOSSA-MEGNI'),(546,17404,'_give_payment_donor_email','magloireedh@gmail.com'),(547,17404,'_give_payment_form_id','7164'),(548,17404,'_give_payment_form_title','Help to raise valuable donations for Kids'),(549,17404,'_give_payment_mode','live'),(550,17404,'_give_payment_purchase_key','182795c12c6aab19ded9f5426e007677'),(551,17404,'_give_payment_donor_ip','156.0.214.28'),(552,17404,'_give_payment_price_id','1'),(553,17404,'_give_anonymous_donation','0'),(554,17404,'_give_donor_billing_country',''),(555,17404,'_give_donor_billing_address2',''),(556,17404,'_give_donor_billing_city',''),(557,17404,'_give_donor_billing_address1',''),(558,17404,'_give_donor_billing_state',''),(559,17404,'_give_donor_billing_zip',''),(560,17404,'subscription_id','0'),(561,17404,'_give_current_url','https://asepong.org/donation-confirmation/'),(562,17404,'_give_current_page_id','5'),(563,17404,'_give_stripe_account_slug',''),(564,17404,'_give_stripe_source_id',''),(565,17404,'_give_stripe_donation_summary','Help to raise valuable donations for Kids: $25 - Guillaume SOSSA-MEGNI (magloireedh@gmail.com)'),(566,17442,'_give_payment_total','600.000000'),(567,17442,'_give_payment_currency','USD'),(568,17442,'_give_donor_billing_first_name','Guillaume'),(569,17442,'_give_donor_billing_last_name','SOSSA-MEGNI'),(570,17442,'_give_payment_gateway','manual'),(571,17442,'_give_payment_form_title','Help to raise valuable donations for Kids'),(572,17442,'_give_payment_form_id','7164'),(573,17442,'_give_payment_price_id','custom'),(574,17442,'_give_payment_donor_title_prefix',''),(575,17442,'_give_payment_donor_email','magloireedh@gmail.com'),(576,17442,'_give_payment_donor_ip','41.138.89.211'),(577,17442,'_give_payment_purchase_key','58779760e121a3f6d892232beee557a9'),(578,17442,'_give_payment_mode','live'),(579,17442,'_give_payment_donor_id','14'),(580,17442,'_give_current_url','https://asepong.org/contactez-nous/'),(581,17442,'_give_current_page_id','9110'),(582,17442,'_give_anonymous_donation','0'),(583,17442,'_give_completed_date','2023-07-01 09:17:51'),(584,17781,'_give_payment_total','100.000000'),(585,17781,'_give_payment_currency','USD'),(586,17781,'_give_donor_billing_first_name','Guillaume'),(587,17781,'_give_donor_billing_last_name','SOSSA-MEGNI'),(588,17781,'_give_payment_gateway','manual'),(589,17781,'_give_payment_form_title','Help to raise valuable donations for Kids'),(590,17781,'_give_payment_form_id','7164'),(591,17781,'_give_payment_price_id','3'),(592,17781,'_give_payment_donor_title_prefix',''),(593,17781,'_give_payment_donor_email','magloireedh@gmail.com'),(594,17781,'_give_payment_donor_ip','41.138.89.250'),(595,17781,'_give_payment_purchase_key','88dee7c4baf62d927078ce04fc15d3c7'),(596,17781,'_give_payment_mode','live'),(597,17781,'_give_payment_donor_id','14'),(598,17781,'_give_current_url','https://asepong.org/'),(599,17781,'_give_current_page_id','5979'),(600,17781,'_give_anonymous_donation','0'),(601,17781,'_give_completed_date','2023-07-15 11:58:45'),(602,17782,'_give_payment_transaction_id',NULL),(603,17782,'_give_payment_total','50.000000'),(604,17782,'_give_payment_currency','USD'),(605,17782,'_give_cs_exchange_rate','1'),(606,17782,'_give_payment_gateway','stripe'),(607,17782,'_give_payment_donor_id','14'),(608,17782,'_give_donor_billing_first_name','Guillaume'),(609,17782,'_give_donor_billing_last_name','SOSSA-MEGNI'),(610,17782,'_give_payment_donor_email','magloireedh@gmail.com'),(611,17782,'_give_payment_form_id','7164'),(612,17782,'_give_payment_form_title','Help to raise valuable donations for Kids'),(613,17782,'_give_payment_mode','live'),(614,17782,'_give_payment_purchase_key','625cf8cc5a1ad2f3ce77c5bbb497c04b'),(615,17782,'_give_payment_donor_ip','41.138.89.250'),(616,17782,'_give_payment_price_id','2'),(617,17782,'_give_anonymous_donation','0'),(618,17782,'_give_donor_billing_country',''),(619,17782,'_give_donor_billing_address2',''),(620,17782,'_give_donor_billing_city',''),(621,17782,'_give_donor_billing_address1',''),(622,17782,'_give_donor_billing_state',''),(623,17782,'_give_donor_billing_zip',''),(624,17782,'subscription_id','0'),(625,17782,'_give_current_url','https://asepong.org/donation-confirmation/'),(626,17782,'_give_current_page_id','5'),(627,17782,'_give_stripe_account_slug',''),(628,17782,'_give_stripe_source_id',''),(629,17782,'_give_stripe_donation_summary','Help to raise valuable donations for Kids: $50 - Guillaume SOSSA-MEGNI (magloireedh@gmail.com)'),(630,17784,'_give_payment_total','100.000000'),(631,17784,'_give_payment_currency','EUR'),(632,17784,'_give_donor_billing_first_name','ertyu'),(633,17784,'_give_donor_billing_last_name','uytr'),(634,17784,'_give_payment_gateway','kkiapay'),(635,17784,'_give_payment_form_title','Help to raise valuable donations for Kids'),(636,17784,'_give_payment_form_id','7164'),(637,17784,'_give_payment_price_id','3'),(638,17784,'_give_payment_donor_title_prefix',''),(639,17784,'_give_payment_donor_email','contact@templekabbale.com'),(640,17784,'_give_payment_donor_ip','156.0.212.27'),(641,17784,'_give_payment_purchase_key','7592fbe2e280ca8be2f2f133df1f285e'),(642,17784,'_give_payment_mode','live'),(643,17784,'_give_payment_donor_id','15'),(644,17784,'_give_current_url','https://asepong.org/'),(645,17784,'_give_current_page_id','5979'),(646,17784,'_give_anonymous_donation','1'),(647,17785,'_give_payment_total','100.000000'),(648,17785,'_give_payment_currency','XOF'),(649,17785,'_give_donor_billing_first_name','ertyu'),(650,17785,'_give_donor_billing_last_name','uytr'),(651,17785,'_give_payment_gateway','kkiapay'),(652,17785,'_give_payment_form_title','Help to raise valuable donations for Kids'),(653,17785,'_give_payment_form_id','7164'),(654,17785,'_give_payment_price_id','3'),(655,17785,'_give_payment_donor_title_prefix',''),(656,17785,'_give_payment_donor_email','contact@templekabbale.com'),(657,17785,'_give_payment_donor_ip','154.66.135.77'),(658,17785,'_give_payment_purchase_key','1a75cd782281fe0d6759beb1232a3671'),(659,17785,'_give_payment_mode','live'),(660,17785,'_give_payment_donor_id','15'),(661,17785,'_give_current_url','https://asepong.org/'),(662,17785,'_give_current_page_id','5979'),(663,17785,'_give_anonymous_donation','1'),(664,17786,'_give_payment_total','100.000000'),(665,17786,'_give_payment_currency','XOF'),(666,17786,'_give_donor_billing_first_name','Guillaume'),(667,17786,'_give_donor_billing_last_name','SOSSA-MEGNI'),(668,17786,'_give_payment_gateway','kkiapay'),(669,17786,'_give_payment_form_title','Help to raise valuable donations for Kids'),(670,17786,'_give_payment_form_id','7164'),(671,17786,'_give_payment_price_id','3'),(672,17786,'_give_payment_donor_title_prefix',''),(673,17786,'_give_payment_donor_email','sossaguy7@gmail.com'),(674,17786,'_give_payment_donor_ip','154.66.135.77'),(675,17786,'_give_payment_purchase_key','409a21fef83fcf6028223c129809d0a7'),(676,17786,'_give_payment_mode','test'),(677,17786,'_give_payment_donor_id','1'),(678,17786,'_give_current_url','https://asepong.org/'),(679,17786,'_give_current_page_id','5979'),(680,17786,'_give_anonymous_donation','0'),(681,17787,'_give_payment_total','250.000000'),(682,17787,'_give_payment_currency','XOF'),(683,17787,'_give_donor_billing_first_name','Glory'),(684,17787,'_give_donor_billing_last_name','Edah'),(685,17787,'_give_payment_gateway','kkiapay'),(686,17787,'_give_payment_form_title','Help to raise valuable donations for Kids'),(687,17787,'_give_payment_form_id','7164'),(688,17787,'_give_payment_price_id','5'),(689,17787,'_give_payment_donor_title_prefix',''),(690,17787,'_give_payment_donor_email','sossaguy7@gmail.com'),(691,17787,'_give_payment_donor_ip','41.85.178.112'),(692,17787,'_give_payment_purchase_key','45fd7361e5710964e8097965448b285c'),(693,17787,'_give_payment_mode','test'),(694,17787,'_give_payment_donor_id','1'),(695,17787,'_give_current_url','https://asepong.org/'),(696,17787,'_give_current_page_id','5979'),(697,17787,'_give_anonymous_donation','0'),(698,17788,'_give_payment_total','250.000000'),(699,17788,'_give_payment_currency','XOF'),(700,17788,'_give_donor_billing_first_name','Glory'),(701,17788,'_give_donor_billing_last_name',''),(702,17788,'_give_payment_gateway','offline'),(703,17788,'_give_payment_form_title','Help to raise valuable donations for Kids'),(704,17788,'_give_payment_form_id','7164'),(705,17788,'_give_payment_price_id','5'),(706,17788,'_give_payment_donor_title_prefix',''),(707,17788,'_give_payment_donor_email','sossaguy7@gmail.com'),(708,17788,'_give_payment_donor_ip','41.85.178.112'),(709,17788,'_give_payment_purchase_key','ed5e80785d1db50c5ca3348bdcc43ce4'),(710,17788,'_give_payment_mode','test'),(711,17788,'_give_payment_donor_id','1'),(712,17788,'_give_current_url','https://asepong.org/'),(713,17788,'_give_current_page_id','5979'),(714,17788,'_give_anonymous_donation','0'),(715,17789,'_give_payment_total','250.000000'),(716,17789,'_give_payment_currency','XOF'),(717,17789,'_give_donor_billing_first_name','Glory'),(718,17789,'_give_donor_billing_last_name',''),(719,17789,'_give_payment_gateway','kkiapay'),(720,17789,'_give_payment_form_title','Help to raise valuable donations for Kids'),(721,17789,'_give_payment_form_id','7164'),(722,17789,'_give_payment_price_id','5'),(723,17789,'_give_payment_donor_title_prefix',''),(724,17789,'_give_payment_donor_email','sossaguy7@gmail.com'),(725,17789,'_give_payment_donor_ip','197.234.221.240'),(726,17789,'_give_payment_purchase_key','90af7fd2c43e895a0e561b148b0aef00'),(727,17789,'_give_payment_mode','test'),(728,17789,'_give_payment_donor_id','1'),(729,17789,'_give_current_url','https://asepong.org/'),(730,17789,'_give_current_page_id','5979'),(731,17789,'_give_anonymous_donation','0'),(732,17900,'_give_payment_total','5000.000000'),(733,17900,'_give_payment_currency','XOF'),(734,17900,'_give_donor_billing_first_name','Guillaume'),(735,17900,'_give_donor_billing_last_name','SOSSA-MEGNI'),(736,17900,'_give_payment_gateway','kkiapay'),(737,17900,'_give_payment_form_title','Help to raise valuable donations for Kids'),(738,17900,'_give_payment_form_id','7164'),(739,17900,'_give_payment_price_id','0'),(740,17900,'_give_payment_donor_title_prefix',''),(741,17900,'_give_payment_donor_email','magloireedh@gmail.com'),(742,17900,'_give_payment_donor_ip','197.234.221.218'),(743,17900,'_give_payment_purchase_key','43b4a6c3d381549e1aa7b2be28b7f0f7'),(744,17900,'_give_payment_mode','live'),(745,17900,'_give_payment_donor_id','14'),(746,17900,'_give_current_url','https://asepong.org/contactez-nous/'),(747,17900,'_give_current_page_id','9110'),(748,17900,'_give_anonymous_donation','0'),(749,17900,'_give_completed_date','2023-07-21 22:51:45'),(750,17900,'_give_payment_transaction_id','9526977659242402'),(751,17903,'_give_payment_total','5000.000000'),(752,17903,'_give_payment_currency','XOF'),(753,17903,'_give_donor_billing_first_name','Guillaume'),(754,17903,'_give_donor_billing_last_name','SOSSA-MEGNI'),(755,17903,'_give_payment_gateway','kkiapay'),(756,17903,'_give_payment_form_title','Don de KITS Scolaires pour les orphelins et enfants vulnérables'),(757,17903,'_give_payment_form_id','839'),(758,17903,'_give_payment_price_id','1'),(759,17903,'_give_payment_donor_title_prefix',''),(760,17903,'_give_payment_donor_email','magloireedh@gmail.com'),(761,17903,'_give_payment_donor_ip','41.79.217.124'),(762,17903,'_give_payment_purchase_key','4b8626677f5779ac5f14854898e0a8a6'),(763,17903,'_give_payment_mode','live'),(764,17903,'_give_payment_donor_id','14'),(765,17903,'_give_current_url','https://asepong.org/'),(766,17903,'_give_current_page_id','5979'),(767,17903,'_give_anonymous_donation','0'),(768,17904,'_give_payment_total','5000.000000'),(769,17904,'_give_payment_currency','XOF'),(770,17904,'_give_donor_billing_first_name','Guillaume'),(771,17904,'_give_donor_billing_last_name','SOSSA-MEGNI'),(772,17904,'_give_payment_gateway','kkiapay'),(773,17904,'_give_payment_form_title','Don de KITS Scolaires pour les orphelins et enfants vulnérables'),(774,17904,'_give_payment_form_id','839'),(775,17904,'_give_payment_price_id','1'),(776,17904,'_give_payment_donor_title_prefix',''),(777,17904,'_give_payment_donor_email','magloireedh@gmail.com'),(778,17904,'_give_payment_donor_ip','41.79.217.124'),(779,17904,'_give_payment_purchase_key','bffe638d834d878468ffedd9d73ac941'),(780,17904,'_give_payment_mode','live'),(781,17904,'_give_payment_donor_id','14'),(782,17904,'_give_current_url','https://asepong.org/'),(783,17904,'_give_current_page_id','5979'),(784,17904,'_give_anonymous_donation','0'),(785,17914,'_give_payment_total','100.000000'),(786,17914,'_give_payment_currency','XOF'),(787,17914,'_give_donor_billing_first_name','Guillaume'),(788,17914,'_give_donor_billing_last_name','SOSSA-MEGNI'),(789,17914,'_give_payment_gateway','kkiapay'),(790,17914,'_give_payment_form_title','Don de KITS Scolaires pour les orphelins et enfants vulnérables'),(791,17914,'_give_payment_form_id','839'),(792,17914,'_give_payment_price_id','custom'),(793,17914,'_give_payment_donor_title_prefix',''),(794,17914,'_give_payment_donor_email','magloireedh@gmail.com'),(795,17914,'_give_payment_donor_ip','41.79.217.124'),(796,17914,'_give_payment_purchase_key','facf917bd3ed0b5963a7893f7c1402da'),(797,17914,'_give_payment_mode','live'),(798,17914,'_give_payment_donor_id','14'),(799,17914,'_give_current_url','https://asepong.org/donations/category/orphelin-et-enfants-vulnerable/'),(800,17914,'_give_payment_transaction_id','2606144158819580'),(801,17914,'_give_cs_exchange_rate',NULL),(802,17914,'_give_anonymous_donation','0'),(803,17914,'_give_donor_billing_country',NULL),(804,17914,'_give_donor_billing_address2',NULL),(805,17914,'_give_donor_billing_city',NULL),(806,17914,'_give_donor_billing_address1',NULL),(807,17914,'_give_donor_billing_state',NULL),(808,17914,'_give_donor_billing_zip',NULL),(809,17914,'subscription_id','0'),(810,17914,'_give_donation_comment','TEST'),(811,17914,'_give_completed_date','2023-07-22 10:02:24');

--
-- Table structure for table `wp_give_donormeta`
--

CREATE TABLE `wp_give_donormeta` (
  `meta_id` bigint(20) NOT NULL AUTO_INCREMENT,
  `donor_id` bigint(20) NOT NULL,
  `meta_key` varchar(255) DEFAULT NULL,
  `meta_value` longtext DEFAULT NULL,
  PRIMARY KEY (`meta_id`),
  KEY `donor_id` (`donor_id`),
  KEY `meta_key` (`meta_key`(191))
) ENGINE=InnoDB AUTO_INCREMENT=51 DEFAULT CHARSET=utf8mb4 COLLATE=utf8mb4_unicode_ci;

--
-- Dumping data for table `wp_give_donormeta`
--

INSERT INTO `wp_give_donormeta` (`meta_id`, `donor_id`, `meta_key`, `meta_value`) VALUES (1,1,'_give_donor_first_name','ASEP'),(2,1,'_give_donor_last_name','ONG'),(3,1,'_give_donor_title_prefix',''),(4,2,'_give_donor_first_name','x'),(5,2,'_give_donor_last_name','x'),(6,2,'_give_donor_title_prefix',''),(7,1,'_give_anonymous_donor','0'),(8,1,'_give_donor_company',''),(9,3,'_give_donor_first_name','mhvk'),(10,3,'_give_donor_last_name','hcjgkj'),(11,3,'_give_donor_title_prefix',''),(12,4,'_give_donor_first_name','test'),(13,4,'_give_donor_last_name','test'),(14,4,'_give_donor_title_prefix',''),(15,5,'_give_donor_first_name','dddd'),(16,5,'_give_donor_last_name','dddd'),(17,5,'_give_donor_title_prefix',''),(18,6,'_give_donor_first_name','Ramish'),(19,6,'_give_donor_last_name','Riaz'),(20,6,'_give_donor_title_prefix',''),(21,7,'_give_donor_first_name','fsdf'),(22,7,'_give_donor_last_name','fdsdsf'),(23,7,'_give_donor_title_prefix',''),(24,8,'_give_donor_first_name','test'),(25,8,'_give_donor_last_name',''),(26,8,'_give_donor_title_prefix',''),(27,9,'_give_donor_first_name','Huara'),(28,9,'_give_donor_last_name','Huriah'),(29,9,'_give_donor_title_prefix',''),(30,10,'_give_donor_first_name','yhuhy'),(31,10,'_give_donor_last_name','hyugy'),(32,10,'_give_donor_title_prefix',''),(33,11,'_give_donor_first_name','Mehmood'),(34,11,'_give_donor_last_name','Hussain'),(35,11,'_give_donor_title_prefix',''),(36,12,'_give_donor_first_name','gtgg'),(37,12,'_give_donor_last_name',''),(38,12,'_give_donor_title_prefix',''),(39,13,'_give_donor_first_name','Najrin'),(40,13,'_give_donor_last_name','Sultana'),(41,13,'_give_donor_title_prefix',''),(42,14,'_give_donor_first_name','Guillaume'),(43,14,'_give_donor_last_name','SOSSA-MEGNI'),(44,14,'_give_donor_title_prefix',''),(45,14,'_give_donor_company',''),(46,14,'_give_donor_avatar_id','0'),(47,14,'_give_anonymous_donor','1'),(48,15,'_give_donor_first_name','ertyu'),(49,15,'_give_donor_last_name','uytr'),(50,15,'_give_donor_title_prefix','');

--
-- Table structure for table `wp_give_formmeta`
--

CREATE TABLE `wp_give_formmeta` (
  `meta_id` bigint(20) NOT NULL AUTO_INCREMENT,
  `form_id` bigint(20) NOT NULL,
  `meta_key` varchar(255) DEFAULT NULL,
  `meta_value` longtext DEFAULT NULL,
  PRIMARY KEY (`meta_id`),
  KEY `form_id` (`form_id`),
  KEY `meta_key` (`meta_key`(191))
) ENGINE=InnoDB AUTO_INCREMENT=4235 DEFAULT CHARSET=utf8mb4 COLLATE=utf8mb4_unicode_ci;

--
-- Dumping data for table `wp_give_formmeta`
--

INSERT INTO `wp_give_formmeta` (`meta_id`, `form_id`, `meta_key`, `meta_value`) VALUES (1,839,'_give_form_sales','7'),(2,839,'_give_form_earnings','12250'),(3,838,'_give_form_sales','2'),(4,838,'_give_form_earnings','16100'),(5,118,'_give_form_sales','5'),(6,118,'_give_form_earnings','1003115'),(7,110,'_give_form_sales','2'),(8,110,'_give_form_earnings','10111'),(9,98,'_give_form_sales','3'),(10,98,'_give_form_earnings','10200'),(11,839,'_edit_lock','1690031001:2'),(12,839,'_give_form_template','legacy'),(13,839,'_give_legacy_form_template_settings','a:2:{s:16:\"display_settings\";a:8:{s:13:\"display_style\";s:7:\"buttons\";s:15:\"payment_display\";s:5:\"modal\";s:12:\"reveal_label\";s:0:\"\";s:14:\"checkout_label\";s:17:\"Donnez maintenant\";s:20:\"form_floating_labels\";s:6:\"global\";s:15:\"display_content\";s:7:\"enabled\";s:17:\"content_placement\";s:13:\"give_pre_form\";s:12:\"form_content\";s:888:\"Campagne de mobilisation de dons de KITS Scolaires\r\nDans le cadre de soutenir les orphelins et enfants vulnérables (OEV) prise en charge par l’ONG ASEP, nous venons par la présente solliciter votre aide en fournitures scolaires afin de voler aux secours de ces enfants.\r\n\r\nEn effet, comme d’habitude à chaque année scolaire, nous souhaitons que les enfants défavorisés puisent bénéficier des mêmes conditions que les autres enfants pour la rentrée scolaire de septembre 2023. Car donner de kits à ces enfants les plus démunies, c’est leur donner le choix d’un avenir meilleur, d’une vie plus censée et la possibilité d’étudier.\r\n\r\n<strong>NB</strong> : Vos Dons aux enfants en situation difficile de l’ONG ASEP sont reçus avec gratitude : Par versement direct, par Momo au 97 58 56 18 ou sur compte bancaire : Ecobank N° 110136716001 (Intitulé ASEP ONG)\";}s:19:\"payment_information\";a:3:{s:24:\"donation_summary_enabled\";s:8:\"disabled\";s:24:\"donation_summary_heading\";s:35:\"Here\'s what you\'re about to donate:\";s:25:\"donation_summary_location\";s:32:\"give_donation_form_before_submit\";}}'),(14,839,'_edit_last','2'),(36,839,'_give_levels_minimum_amount','20000.000000'),(37,839,'_give_levels_maximum_amount','1000000.000000'),(38,839,'_give_form_status','open'),(39,839,'_give_display_style','buttons'),(40,839,'_give_payment_display','modal'),(41,839,'_give_reveal_label',''),(42,839,'_give_checkout_label','Donnez maintenant'),(43,839,'_give_form_floating_labels','global'),(44,839,'_give_display_content','enabled'),(45,839,'_give_content_placement','give_pre_form'),(46,839,'_give_form_content','Campagne de mobilisation de dons de KITS Scolaires\r\nDans le cadre de soutenir les orphelins et enfants vulnérables (OEV) prise en charge par l’ONG ASEP, nous venons par la présente solliciter votre aide en fournitures scolaires afin de voler aux secours de ces enfants.\r\n\r\nEn effet, comme d’habitude à chaque année scolaire, nous souhaitons que les enfants défavorisés puisent bénéficier des mêmes conditions que les autres enfants pour la rentrée scolaire de septembre 2023. Car donner de kits à ces enfants les plus démunies, c’est leur donner le choix d’un avenir meilleur, d’une vie plus censée et la possibilité d’étudier.\r\n\r\n<strong>NB</strong> : Vos Dons aux enfants en situation difficile de l’ONG ASEP sont reçus avec gratitude : Par versement direct, par Momo au 97 58 56 18 ou sur compte bancaire : Ecobank N° 110136716001 (Intitulé ASEP ONG)'),(47,839,'_give_price_option','multi'),(48,839,'_give_set_price','1.000000'),(49,839,'_give_custom_amount','enabled'),(50,839,'_give_custom_amount_range_minimum','15000.000000'),(51,839,'_give_custom_amount_range_maximum','500000.000000'),(52,839,'_give_custom_amount_text','Ecrivez votre montant'),(53,839,'_give_donation_levels','a:5:{i:0;a:3:{s:8:\"_give_id\";a:1:{s:8:\"level_id\";s:1:\"0\";}s:12:\"_give_amount\";s:12:\"20000.000000\";s:10:\"_give_text\";s:0:\"\";}i:1;a:3:{s:8:\"_give_id\";a:1:{s:8:\"level_id\";s:1:\"1\";}s:12:\"_give_amount\";s:12:\"50000.000000\";s:10:\"_give_text\";s:0:\"\";}i:2;a:3:{s:8:\"_give_id\";a:1:{s:8:\"level_id\";s:1:\"2\";}s:12:\"_give_amount\";s:13:\"100000.000000\";s:10:\"_give_text\";s:0:\"\";}i:3;a:3:{s:8:\"_give_id\";a:1:{s:8:\"level_id\";s:1:\"3\";}s:12:\"_give_amount\";s:13:\"500000.000000\";s:10:\"_give_text\";s:0:\"\";}i:4;a:3:{s:8:\"_give_id\";a:1:{s:8:\"level_id\";s:1:\"5\";}s:12:\"_give_amount\";s:14:\"1000000.000000\";s:10:\"_give_text\";s:0:\"\";}}'),(54,839,'_give_default_gateway','global'),(55,839,'_give_name_title_prefix','global'),(56,839,'_give_title_prefixes',''),(57,839,'_give_company_field','global'),(58,839,'_give_anonymous_donation','global'),(59,839,'_give_donor_comment','global'),(60,839,'_give_logged_in_only','enabled'),(61,839,'_give_show_register_form','none'),(62,839,'_give_goal_option','enabled'),(63,839,'_give_goal_format','amount'),(64,839,'_give_set_goal','5000000.000000'),(65,839,'_give_number_of_donation_goal','1'),(66,839,'_give_number_of_donor_goal','1'),(67,839,'_give_goal_color','#2bc253'),(68,839,'_give_close_form_when_goal_achieved','disabled'),(69,839,'_give_form_goal_achieved_message','Thank you to all our donors, we have met our fundraising goal.'),(70,839,'_give_terms_option','enabled'),(71,839,'_give_agree_label','Acceptez-vous les termes ?'),(72,839,'_give_agree_text','<strong>Termes et Conditions de Collecte de Dons pour l\'ONG ASEP Bénin</strong>\r\n<ol>\r\n 	<li><strong>Introduction</strong></li>\r\n</ol>\r\n1.1 En utilisant notre plateforme de collecte de dons, vous acceptez les présents Termes et Conditions dans leur intégralité. Ces Termes et Conditions régissent votre utilisation de la plateforme de collecte de dons pour l\'ONG ASEP Bénin, ci-après dénommée \"la Plateforme\".\r\n\r\n1.2 L\'ONG ASEP Bénin se réserve le droit de modifier ces Termes et Conditions à tout moment sans préavis. Les modifications prendront effet dès leur publication sur la Plateforme. En continuant à utiliser la Plateforme après de telles modifications, vous acceptez d\'être lié par les Termes et Conditions révisés.\r\n<ol start=\"2\">\r\n 	<li><strong>Collecte de Dons</strong></li>\r\n</ol>\r\n2.1 En faisant un don à l\'ONG ASEP Bénin via la Plateforme, vous confirmez que vous êtes légalement autorisé à effectuer des transactions financières. Vous devez être âgé d\'au moins 18 ans ou avoir l\'autorisation de vos parents ou tuteurs légaux pour faire un don.\r\n\r\n2.2 Lorsque vous faites un don à l\'ONG ASEP Bénin, vous acceptez que votre don soit utilisé conformément à la mission de l\'organisation et aux projets spécifiques en cours. Nous nous engageons à utiliser les dons de manière transparente et responsable dans le cadre de nos activités caritatives.\r\n\r\n2.3 Vous comprenez que l\'ONG ASEP Bénin ne peut garantir que les fonds collectés atteindront un objectif spécifique, et que les dons peuvent être utilisés pour des projets similaires ou pour répondre aux besoins les plus urgents de l\'ONG.\r\n<ol start=\"3\">\r\n 	<li><strong>Sécurité des Données</strong></li>\r\n</ol>\r\n3.1 Lorsque vous effectuez un don via la Plateforme, vos informations personnelles et financières seront traitées de manière sécurisée et conformément à notre Politique de Confidentialité.\r\n\r\n3.2 L\'ONG ASEP Bénin ne stocke pas les informations de carte de crédit sur la Plateforme. Les transactions financières sont gérées par des tiers de confiance, et toutes les informations sensibles sont cryptées pour assurer la sécurité.\r\n<ol start=\"4\">\r\n 	<li><strong>Annulation et Remboursement</strong></li>\r\n</ol>\r\n4.1 Vous avez le droit d\'annuler votre don avant qu\'il ne soit traité et confirmé. Une fois que le don est confirmé, il ne peut généralement pas être annulé ou remboursé. Cependant, si vous avez des questions ou des problèmes concernant votre don, veuillez nous contacter rapidement pour que nous puissions vous aider.\r\n<ol start=\"5\">\r\n 	<li><strong>Responsabilités et Limitations</strong></li>\r\n</ol>\r\n5.1 L\'ONG ASEP Bénin s\'efforce de maintenir la Plateforme opérationnelle et sécurisée. Cependant, nous ne pouvons garantir une disponibilité continue ou une absence d\'erreurs. Nous ne serons pas tenus responsables des pertes ou dommages résultant de l\'utilisation de la Plateforme.\r\n\r\n5.2 Vous reconnaissez que toute information fournie sur la Plateforme concernant nos projets et activités est sujette à changement. Nous nous réservons le droit de modifier, suspendre ou mettre fin à tout projet sans préavis.\r\n<ol start=\"6\">\r\n 	<li><strong>Loi applicable</strong></li>\r\n</ol>\r\n6.1 Ces Termes et Conditions de Collecte de Dons sont régis par les lois de la République du Bénin. Tout litige découlant de l\'utilisation de la Plateforme sera soumis à la juridiction exclusive des tribunaux compétents du Bénin.'),(73,839,'_give_customize_offline_donations','global'),(74,839,'_give_offline_donation_enable_billing_fields_single','disabled'),(75,839,'_give_offline_checkout_notes','To make an offline donation toward this cause, follow these steps::\r\n<ol>\r\n 	<li>Write a check payable to \"{sitename}\"</li>\r\n 	<li>On the memo line of the check, indicate that the donation is for \"{sitename}\"</li>\r\n 	<li>Mail your check to:</li>\r\n</ol>\r\n{offline_mailing_address}\r\n\r\nYour tax-deductible donation is greatly appreciated!'),(76,839,'give_stripe_per_form_accounts','disabled'),(77,839,'_give_email_options','global'),(78,839,'_give_email_template','default'),(79,839,'_give_email_logo',''),(80,839,'_give_from_name','Alone Covid 19'),(81,839,'_give_from_email','quocvietht03@gmail.com'),(82,839,'_give_new-donation_notification','global'),(83,839,'_give_new-donation_email_subject','New Donation - #{payment_id}'),(84,839,'_give_new-donation_email_header','New Donation!'),(85,839,'_give_new-donation_email_message','Hi there,\r\n\r\nThis email is to inform you that a new donation has been made on your website: {site_url}.\r\n\r\n<strong>Donor:</strong> {name}\r\n<strong>Donation:</strong> {donation}\r\n<strong>Amount:</strong> {amount}\r\n<strong>Payment Method:</strong> {payment_method}\r\n\r\nThank you,\r\n\r\n{sitename}'),(86,839,'_give_new-donation_email_content_type','text/html'),(87,839,'_give_new-donation_recipient','a:1:{i:0;a:1:{s:5:\"email\";s:22:\"quocvietht03@gmail.com\";}}'),(88,839,'_give_donation-receipt_notification','global'),(89,839,'_give_donation-receipt_email_subject','Donation Receipt'),(90,839,'_give_donation-receipt_email_header','Donation Receipt'),(91,839,'_give_donation-receipt_email_message','Dear {name},\r\n\r\nThank you for your donation. Your generosity is appreciated! Here are the details of your donation:\r\n\r\n<strong>Donor:</strong> {fullname}\r\n<strong>Donation:</strong> {donation}\r\n<strong>Donation Date:</strong> {date}\r\n<strong>Amount:</strong> {amount}\r\n<strong>Payment Method:</strong> {payment_method}\r\n<strong>Payment ID:</strong> {payment_id}\r\n\r\n{receipt_link}\r\n\r\nSincerely,\r\n{sitename}'),(92,839,'_give_donation-receipt_email_content_type','text/html'),(93,839,'_give_new-offline-donation_notification','global'),(94,839,'_give_new-offline-donation_email_subject','New Pending Donation'),(95,839,'_give_new-offline-donation_email_header','New Offline Donation!'),(96,839,'_give_new-offline-donation_email_message','Hi there,\r\n\r\nThis email is to inform you that a new donation has been made on your website: {site_url}.\r\n\r\n<strong>Donor:</strong> {name}\r\n<strong>Donation:</strong> {donation}\r\n<strong>Amount:</strong> {amount}\r\n<strong>Payment Method:</strong> {payment_method}\r\n\r\nThank you,\r\n\r\n{sitename}'),(97,839,'_give_new-offline-donation_email_content_type','text/html'),(98,839,'_give_new-offline-donation_recipient','a:1:{i:0;a:1:{s:5:\"email\";s:22:\"quocvietht03@gmail.com\";}}'),(99,839,'_give_offline-donation-instruction_notification','global'),(100,839,'_give_offline-donation-instruction_email_subject','{donation} - Offline Donation Instructions'),(101,839,'_give_offline-donation-instruction_email_header','Offline Donation Instructions'),(102,839,'_give_offline-donation-instruction_email_message','Hi {name},\r\n\r\nThank you for letting us know that you\'re mailing a check! Your generosity is greatly appreciated. Here are those steps again:\r\n<ol>\r\n 	<li>Write a check payable to \"{sitename}\"</li>\r\n 	<li>On the memo line of the check, indicate that the donation is for \"{form_title}\"</li>\r\n 	<li>Mail your check to:</li>\r\n</ol>\r\n{offline_mailing_address}\r\n\r\nOnce we receive the check, we will mark it as complete in our system, which will generate an email receipt for your records. Please contact us with any questions you may have!\r\n\r\nThanks in advance!\r\n\r\n{sitename}'),(103,839,'_give_offline-donation-instruction_email_content_type','text/html'),(104,839,'_give_form_goal_progress','0.25'),(126,839,'_thumbnail_id','17915'),(208,839,'_yoast_wpseo_primary_give_forms_category','310'),(1089,838,'_edit_lock','1628919490:1'),(1090,838,'_give_form_template','legacy'),(1091,838,'_give_legacy_form_template_settings','a:1:{s:16:\"display_settings\";a:8:{s:13:\"display_style\";s:7:\"buttons\";s:15:\"payment_display\";s:5:\"modal\";s:12:\"reveal_label\";s:0:\"\";s:14:\"checkout_label\";s:10:\"Donate Now\";s:20:\"form_floating_labels\";s:6:\"global\";s:15:\"display_content\";s:7:\"enabled\";s:17:\"content_placement\";s:13:\"give_pre_form\";s:12:\"form_content\";s:1020:\"Neque porro quisquam est qui dolorem ipsum quia dolor sit amet, consectetur, adipisci velit, Lorem Ipsum is simply dummy text of the printing and typesetting industry.\r\n\r\nIt has survived not only five centuries, but also the leap into electronic typesetting, remaining essentially unchanged. It was popularised in the 1960s with the release of Letraset sheets containing.\r\n\r\nLorem Ipsum passages, and more recently with desktop publishing software like Aldus PageMaker including versions of Lorem Ipsum.\r\n\r\nNeque porro quisquam est qui dolorem ipsum quia dolor sit amet, consectetur, adipisci velit, Lorem Ipsum is simply dummy text of the printing and typesetting industry.\r\n\r\nIt has survived not only five centuries, but also the leap into electronic typesetting, remaining essentially unchanged. It was popularised in the 1960s with the release of Letraset sheets containing.\r\n\r\nLorem Ipsum passages, and more recently with desktop publishing software like Aldus PageMaker including versions of Lorem Ipsum.\r\n\r\n&nbsp;\";}}'),(1092,838,'_edit_last','1'),(1114,838,'_give_levels_minimum_amount','10.000000'),(1115,838,'_give_levels_maximum_amount','250.000000'),(1116,838,'_give_form_status','open'),(1117,838,'_give_display_style','buttons'),(1118,838,'_give_payment_display','modal'),(1119,838,'_give_reveal_label',''),(1120,838,'_give_checkout_label','Donate Now'),(1121,838,'_give_form_floating_labels','global'),(1122,838,'_give_display_content','enabled'),(1123,838,'_give_content_placement','give_pre_form'),(1124,838,'_give_form_content','Neque porro quisquam est qui dolorem ipsum quia dolor sit amet, consectetur, adipisci velit, Lorem Ipsum is simply dummy text of the printing and typesetting industry.\r\n\r\nIt has survived not only five centuries, but also the leap into electronic typesetting, remaining essentially unchanged. It was popularised in the 1960s with the release of Letraset sheets containing.\r\n\r\nLorem Ipsum passages, and more recently with desktop publishing software like Aldus PageMaker including versions of Lorem Ipsum.\r\n\r\nNeque porro quisquam est qui dolorem ipsum quia dolor sit amet, consectetur, adipisci velit, Lorem Ipsum is simply dummy text of the printing and typesetting industry.\r\n\r\nIt has survived not only five centuries, but also the leap into electronic typesetting, remaining essentially unchanged. It was popularised in the 1960s with the release of Letraset sheets containing.\r\n\r\nLorem Ipsum passages, and more recently with desktop publishing software like Aldus PageMaker including versions of Lorem Ipsum.\r\n\r\n&nbsp;'),(1125,838,'_give_price_option','multi'),(1126,838,'_give_set_price','1.000000'),(1127,838,'_give_custom_amount','enabled'),(1128,838,'_give_custom_amount_range_minimum','5.000000'),(1129,838,'_give_custom_amount_range_maximum','1000000.000000'),(1130,838,'_give_custom_amount_text','Custom Amount'),(1131,838,'_give_donation_levels','a:5:{i:0;a:3:{s:8:\"_give_id\";a:1:{s:8:\"level_id\";s:1:\"0\";}s:12:\"_give_amount\";s:9:\"10.000000\";s:10:\"_give_text\";s:0:\"\";}i:1;a:3:{s:8:\"_give_id\";a:1:{s:8:\"level_id\";s:1:\"1\";}s:12:\"_give_amount\";s:9:\"25.000000\";s:10:\"_give_text\";s:0:\"\";}i:2;a:3:{s:8:\"_give_id\";a:1:{s:8:\"level_id\";s:1:\"2\";}s:12:\"_give_amount\";s:9:\"50.000000\";s:10:\"_give_text\";s:0:\"\";}i:3;a:4:{s:8:\"_give_id\";a:1:{s:8:\"level_id\";s:1:\"3\";}s:12:\"_give_amount\";s:10:\"100.000000\";s:10:\"_give_text\";s:0:\"\";s:13:\"_give_default\";s:7:\"default\";}i:4;a:3:{s:8:\"_give_id\";a:1:{s:8:\"level_id\";s:1:\"5\";}s:12:\"_give_amount\";s:10:\"250.000000\";s:10:\"_give_text\";s:0:\"\";}}'),(1132,838,'_give_default_gateway','global'),(1133,838,'_give_name_title_prefix','global'),(1134,838,'_give_title_prefixes',''),(1135,838,'_give_company_field','global'),(1136,838,'_give_anonymous_donation','global'),(1137,838,'_give_donor_comment','global'),(1138,838,'_give_logged_in_only','enabled'),(1139,838,'_give_show_register_form','none'),(1140,838,'_give_goal_option','enabled'),(1141,838,'_give_goal_format','amount'),(1142,838,'_give_set_goal','32000.000000'),(1143,838,'_give_number_of_donation_goal','1'),(1144,838,'_give_number_of_donor_goal','1'),(1145,838,'_give_goal_color','#2bc253'),(1146,838,'_give_close_form_when_goal_achieved','disabled'),(1147,838,'_give_form_goal_achieved_message','Thank you to all our donors, we have met our fundraising goal.'),(1148,838,'_give_terms_option','global'),(1149,838,'_give_agree_label',''),(1150,838,'_give_agree_text','Acceptance of any contribution, gift or grant is at the discretion of the Alone Covid 19. The Alone Covid 19 will not accept any gift unless it can be used or expended consistently with the purpose and mission of the Alone Covid 19.\r\n\r\nNo irrevocable gift, whether outright or life-income in character, will be accepted if under any reasonable set of circumstances the gift would jeopardize the donor’s financial security.\r\n\r\nThe Alone Covid 19 will refrain from providing advice about the tax or other treatment of gifts and will encourage donors to seek guidance from their own professional advisers to assist them in the process of making their donation.\r\n\r\nThe Alone Covid 19 will accept donations of cash or publicly traded securities. Gifts of in-kind services will be accepted at the discretion of the Alone Covid 19.\r\n\r\nCertain other gifts, real property, personal property, in-kind gifts, non-liquid securities, and contributions whose sources are not transparent or whose use is restricted in some manner, must be reviewed prior to acceptance due to the special obligations raised or liabilities they may pose for Alone Covid 19.\r\n\r\nThe Alone Covid 19 will provide acknowledgments to donors meeting tax requirements for property received by the charity as a gift. However, except for gifts of cash and publicly traded securities, no value shall be ascribed to any receipt or other form of substantiation of a gift received by Alone Covid 19.\r\n\r\nThe Alone Covid 19 will respect the intent of the donor relating to gifts for restricted purposes and those relating to the desire to remain anonymous. With respect to anonymous gifts, the Alone Covid 19 will restrict information about the donor to only those staff members with a need to know.\r\n\r\nThe Alone Covid 19 will not compensate, whether through commissions, finders\' fees, or other means, any third party for directing a gift or a donor to the Alone Covid 19.'),(1151,838,'_give_customize_offline_donations','global'),(1152,838,'_give_offline_donation_enable_billing_fields_single','disabled'),(1153,838,'_give_offline_checkout_notes','To make an offline donation toward this cause, follow these steps::\r\n<ol>\r\n 	<li>Write a check payable to \"{sitename}\"</li>\r\n 	<li>On the memo line of the check, indicate that the donation is for \"{sitename}\"</li>\r\n 	<li>Mail your check to:</li>\r\n</ol>\r\n{offline_mailing_address}\r\n\r\nYour tax-deductible donation is greatly appreciated!'),(1154,838,'give_stripe_per_form_accounts','disabled'),(1155,838,'_give_email_options','global'),(1156,838,'_give_email_template','default'),(1157,838,'_give_email_logo',''),(1158,838,'_give_from_name','Alone Covid 19'),(1159,838,'_give_from_email','quocvietht03@gmail.com'),(1160,838,'_give_new-donation_notification','global'),(1161,838,'_give_new-donation_email_subject','New Donation - #{payment_id}'),(1162,838,'_give_new-donation_email_header','New Donation!'),(1163,838,'_give_new-donation_email_message','Hi there,\r\n\r\nThis email is to inform you that a new donation has been made on your website: {site_url}.\r\n\r\n<strong>Donor:</strong> {name}\r\n<strong>Donation:</strong> {donation}\r\n<strong>Amount:</strong> {amount}\r\n<strong>Payment Method:</strong> {payment_method}\r\n\r\nThank you,\r\n\r\n{sitename}'),(1164,838,'_give_new-donation_email_content_type','text/html'),(1165,838,'_give_new-donation_recipient','a:1:{i:0;a:1:{s:5:\"email\";s:22:\"quocvietht03@gmail.com\";}}'),(1166,838,'_give_donation-receipt_notification','global'),(1167,838,'_give_donation-receipt_email_subject','Donation Receipt'),(1168,838,'_give_donation-receipt_email_header','Donation Receipt'),(1169,838,'_give_donation-receipt_email_message','Dear {name},\r\n\r\nThank you for your donation. Your generosity is appreciated! Here are the details of your donation:\r\n\r\n<strong>Donor:</strong> {fullname}\r\n<strong>Donation:</strong> {donation}\r\n<strong>Donation Date:</strong> {date}\r\n<strong>Amount:</strong> {amount}\r\n<strong>Payment Method:</strong> {payment_method}\r\n<strong>Payment ID:</strong> {payment_id}\r\n\r\n{receipt_link}\r\n\r\nSincerely,\r\n{sitename}'),(1170,838,'_give_donation-receipt_email_content_type','text/html'),(1171,838,'_give_new-offline-donation_notification','global'),(1172,838,'_give_new-offline-donation_email_subject','New Pending Donation'),(1173,838,'_give_new-offline-donation_email_header','New Offline Donation!'),(1174,838,'_give_new-offline-donation_email_message','Hi there,\r\n\r\nThis email is to inform you that a new donation has been made on your website: {site_url}.\r\n\r\n<strong>Donor:</strong> {name}\r\n<strong>Donation:</strong> {donation}\r\n<strong>Amount:</strong> {amount}\r\n<strong>Payment Method:</strong> {payment_method}\r\n\r\nThank you,\r\n\r\n{sitename}'),(1175,838,'_give_new-offline-donation_email_content_type','text/html'),(1176,838,'_give_new-offline-donation_recipient','a:1:{i:0;a:1:{s:5:\"email\";s:22:\"quocvietht03@gmail.com\";}}'),(1177,838,'_give_offline-donation-instruction_notification','global'),(1178,838,'_give_offline-donation-instruction_email_subject','{donation} - Offline Donation Instructions'),(1179,838,'_give_offline-donation-instruction_email_header','Offline Donation Instructions'),(1180,838,'_give_offline-donation-instruction_email_message','Hi {name},\r\n\r\nThank you for letting us know that you\'re mailing a check! Your generosity is greatly appreciated. Here are those steps again:\r\n<ol>\r\n 	<li>Write a check payable to \"{sitename}\"</li>\r\n 	<li>On the memo line of the check, indicate that the donation is for \"{form_title}\"</li>\r\n 	<li>Mail your check to:</li>\r\n</ol>\r\n{offline_mailing_address}\r\n\r\nOnce we receive the check, we will mark it as complete in our system, which will generate an email receipt for your records. Please contact us with any questions you may have!\r\n\r\nThanks in advance!\r\n\r\n{sitename}'),(1181,838,'_give_offline-donation-instruction_email_content_type','text/html'),(1182,838,'_give_form_goal_progress','50.31'),(1309,118,'_edit_lock','1623461694:1'),(1310,118,'_give_form_template','legacy'),(1311,118,'_give_legacy_form_template_settings','a:1:{s:16:\"display_settings\";a:8:{s:13:\"display_style\";s:7:\"buttons\";s:15:\"payment_display\";s:5:\"modal\";s:12:\"reveal_label\";s:0:\"\";s:14:\"checkout_label\";s:10:\"Donate Now\";s:20:\"form_floating_labels\";s:6:\"global\";s:15:\"display_content\";s:7:\"enabled\";s:17:\"content_placement\";s:13:\"give_pre_form\";s:12:\"form_content\";s:1527:\"Neque porro quisquam est qui dolorem ipsum quia dolor sit amet, consectetur, adipisci velit, Lorem Ipsum is simply dummy text of the printing and typesetting industry.\r\n\r\nIt has survived not only five centuries, but also the leap into electronic typesetting, remaining essentially unchanged. It was popularised in the 1960s with the release of Letraset sheets containing.\r\n\r\nLorem Ipsum passages, and more recently with desktop publishing software like Aldus PageMaker including versions of Lorem Ipsum.\r\n\r\nNeque porro quisquam est qui dolorem ipsum quia dolor sit amet, consectetur, adipisci velit, Lorem Ipsum is simply dummy text of the printing and typesetting industry.\r\n\r\nIt has survived not only five centuries, but also the leap into electronic typesetting, remaining essentially unchanged. It was popularised in the 1960s with the release of Letraset sheets containing.\r\n\r\nLorem Ipsum passages, and more recently with desktop publishing software like Aldus PageMaker including versions of Lorem Ipsum.\r\n\r\nNeque porro quisquam est qui dolorem ipsum quia dolor sit amet, consectetur, adipisci velit, Lorem Ipsum is simply dummy text of the printing and typesetting industry.\r\n\r\nIt has survived not only five centuries, but also the leap into electronic typesetting, remaining essentially unchanged. It was popularised in the 1960s with the release of Letraset sheets containing.\r\n\r\nLorem Ipsum passages, and more recently with desktop publishing software like Aldus PageMaker including versions of Lorem Ipsum.\r\n\r\n&nbsp;\";}}'),(1312,110,'_edit_lock','1628919400:1'),(1313,110,'_give_form_template','legacy'),(1314,110,'_give_legacy_form_template_settings','a:1:{s:16:\"display_settings\";a:8:{s:13:\"display_style\";s:7:\"buttons\";s:15:\"payment_display\";s:5:\"modal\";s:12:\"reveal_label\";s:0:\"\";s:14:\"checkout_label\";s:10:\"Donate Now\";s:20:\"form_floating_labels\";s:6:\"global\";s:15:\"display_content\";s:7:\"enabled\";s:17:\"content_placement\";s:13:\"give_pre_form\";s:12:\"form_content\";s:888:\"Neque porro quisquam est qui dolorem ipsum quia dolor sit amet, consectetur, adipisci velit, Lorem Ipsum is simply dummy text of the printing and typesetting industry.\r\n\r\nIt has survived not only five centuries, but also the leap into electronic typesetting, remaining essentially unchanged. It was popularised in the 1960s with the release of Letraset sheets containing.\r\n\r\nNeque porro quisquam est qui dolorem ipsum quia dolor sit amet, consectetur, adipisci velit, Lorem Ipsum is simply dummy text of the printing and typesetting industry.\r\n\r\nIt has survived not only five centuries, but also the leap into electronic typesetting, remaining essentially unchanged. It was popularised in the 1960s with the release of Letraset sheets containing.\r\n\r\nLorem Ipsum passages, and more recently with desktop publishing software like Aldus PageMaker including versions of Lorem Ipsum.\r\n\r\n&nbsp;\";}}'),(1315,98,'_edit_lock','1689978140:2'),(1316,98,'_give_form_template','legacy'),(1317,98,'_give_legacy_form_template_settings','a:2:{s:16:\"display_settings\";a:8:{s:13:\"display_style\";s:7:\"buttons\";s:15:\"payment_display\";s:5:\"modal\";s:12:\"reveal_label\";s:0:\"\";s:14:\"checkout_label\";s:23:\"Faire un don maintenant\";s:20:\"form_floating_labels\";s:6:\"global\";s:15:\"display_content\";s:7:\"enabled\";s:17:\"content_placement\";s:13:\"give_pre_form\";s:12:\"form_content\";s:899:\"Neque porro quisquam est qui dolorem ipsum quia dolor sit amet, consectetur, adipisci velit, Lorem Ipsum is simply dummy text of the printing and typesetting industry.\r\n\r\nIt has survived not only five centuries, but also the leap into electronic typesetting, remaining essentially unchanged. It was popularised in the 1960s with the release of Letraset sheets containing.\r\n\r\nLorem Ipsum passages, and more recently with desktop publishing software like Aldus PageMaker including versions of Lorem Ipsum.\r\n\r\nLorem Ipsum passages, and more recently with desktop publishing software like Aldus PageMaker including versions of Lorem Ipsum.\r\n\r\nLorem Ipsum passages, and more recently with desktop publishing software like Aldus PageMaker including versions of Lorem Ipsum.\r\n\r\nLorem Ipsum passages, and more recently with desktop publishing software like Aldus PageMaker including versions of Lorem Ipsum.\";}s:19:\"payment_information\";a:3:{s:24:\"donation_summary_enabled\";s:8:\"disabled\";s:24:\"donation_summary_heading\";s:35:\"Here\'s what you\'re about to donate:\";s:25:\"donation_summary_location\";s:32:\"give_donation_form_before_submit\";}}'),(1318,98,'_edit_last','2'),(1340,98,'_give_levels_minimum_amount','10.000000'),(1341,98,'_give_levels_maximum_amount','250.000000'),(1342,98,'_give_form_status','open'),(1343,98,'_give_display_style','buttons'),(1344,98,'_give_payment_display','modal'),(1345,98,'_give_reveal_label',''),(1346,98,'_give_checkout_label','Faire un don maintenant'),(1347,98,'_give_form_floating_labels','global'),(1348,98,'_give_display_content','enabled'),(1349,98,'_give_content_placement','give_pre_form'),(1350,98,'_give_form_content','Neque porro quisquam est qui dolorem ipsum quia dolor sit amet, consectetur, adipisci velit, Lorem Ipsum is simply dummy text of the printing and typesetting industry.\r\n\r\nIt has survived not only five centuries, but also the leap into electronic typesetting, remaining essentially unchanged. It was popularised in the 1960s with the release of Letraset sheets containing.\r\n\r\nLorem Ipsum passages, and more recently with desktop publishing software like Aldus PageMaker including versions of Lorem Ipsum.\r\n\r\nLorem Ipsum passages, and more recently with desktop publishing software like Aldus PageMaker including versions of Lorem Ipsum.\r\n\r\nLorem Ipsum passages, and more recently with desktop publishing software like Aldus PageMaker including versions of Lorem Ipsum.\r\n\r\nLorem Ipsum passages, and more recently with desktop publishing software like Aldus PageMaker including versions of Lorem Ipsum.'),(1351,98,'_give_price_option','multi'),(1352,98,'_give_set_price','1.000000'),(1353,98,'_give_custom_amount','enabled'),(1354,98,'_give_custom_amount_range_minimum','5.000000'),(1355,98,'_give_custom_amount_range_maximum','1000000.000000'),(1356,98,'_give_custom_amount_text','Custom Amount'),(1357,98,'_give_donation_levels','a:5:{i:0;a:3:{s:8:\"_give_id\";a:1:{s:8:\"level_id\";s:1:\"0\";}s:12:\"_give_amount\";s:9:\"10.000000\";s:10:\"_give_text\";s:0:\"\";}i:1;a:3:{s:8:\"_give_id\";a:1:{s:8:\"level_id\";s:1:\"1\";}s:12:\"_give_amount\";s:9:\"25.000000\";s:10:\"_give_text\";s:0:\"\";}i:2;a:3:{s:8:\"_give_id\";a:1:{s:8:\"level_id\";s:1:\"2\";}s:12:\"_give_amount\";s:9:\"50.000000\";s:10:\"_give_text\";s:0:\"\";}i:3;a:4:{s:8:\"_give_id\";a:1:{s:8:\"level_id\";s:1:\"3\";}s:12:\"_give_amount\";s:10:\"100.000000\";s:10:\"_give_text\";s:0:\"\";s:13:\"_give_default\";s:7:\"default\";}i:4;a:3:{s:8:\"_give_id\";a:1:{s:8:\"level_id\";s:1:\"5\";}s:12:\"_give_amount\";s:10:\"250.000000\";s:10:\"_give_text\";s:0:\"\";}}'),(1358,98,'_give_default_gateway','global'),(1359,98,'_give_name_title_prefix','global'),(1360,98,'_give_title_prefixes',''),(1361,98,'_give_company_field','global'),(1362,98,'_give_anonymous_donation','global'),(1363,98,'_give_donor_comment','global'),(1364,98,'_give_logged_in_only','enabled'),(1365,98,'_give_show_register_form','none'),(1366,98,'_give_goal_option','enabled'),(1367,98,'_give_goal_format','amount'),(1368,98,'_give_set_goal','18000.000000'),(1369,98,'_give_number_of_donation_goal','1'),(1370,98,'_give_number_of_donor_goal','1'),(1371,98,'_give_goal_color','#2bc253'),(1372,98,'_give_close_form_when_goal_achieved','disabled'),(1373,98,'_give_form_goal_achieved_message','Thank you to all our donors, we have met our fundraising goal.'),(1374,98,'_give_terms_option','global'),(1375,98,'_give_agree_label',''),(1376,98,'_give_agree_text','Acceptance of any contribution, gift or grant is at the discretion of the Alone Covid 19. The Alone Covid 19 will not accept any gift unless it can be used or expended consistently with the purpose and mission of the Alone Covid 19.\r\n\r\nNo irrevocable gift, whether outright or life-income in character, will be accepted if under any reasonable set of circumstances the gift would jeopardize the donor’s financial security.\r\n\r\nThe Alone Covid 19 will refrain from providing advice about the tax or other treatment of gifts and will encourage donors to seek guidance from their own professional advisers to assist them in the process of making their donation.\r\n\r\nThe Alone Covid 19 will accept donations of cash or publicly traded securities. Gifts of in-kind services will be accepted at the discretion of the Alone Covid 19.\r\n\r\nCertain other gifts, real property, personal property, in-kind gifts, non-liquid securities, and contributions whose sources are not transparent or whose use is restricted in some manner, must be reviewed prior to acceptance due to the special obligations raised or liabilities they may pose for Alone Covid 19.\r\n\r\nThe Alone Covid 19 will provide acknowledgments to donors meeting tax requirements for property received by the charity as a gift. However, except for gifts of cash and publicly traded securities, no value shall be ascribed to any receipt or other form of substantiation of a gift received by Alone Covid 19.\r\n\r\nThe Alone Covid 19 will respect the intent of the donor relating to gifts for restricted purposes and those relating to the desire to remain anonymous. With respect to anonymous gifts, the Alone Covid 19 will restrict information about the donor to only those staff members with a need to know.\r\n\r\nThe Alone Covid 19 will not compensate, whether through commissions, finders\' fees, or other means, any third party for directing a gift or a donor to the Alone Covid 19.'),(1377,98,'_give_customize_offline_donations','global'),(1378,98,'_give_offline_donation_enable_billing_fields_single','disabled'),(1379,98,'_give_offline_checkout_notes','To make an offline donation toward this cause, follow these steps::\r\n<ol>\r\n 	<li>Write a check payable to \"{sitename}\"</li>\r\n 	<li>On the memo line of the check, indicate that the donation is for \"{sitename}\"</li>\r\n 	<li>Mail your check to:</li>\r\n</ol>\r\n{offline_mailing_address}\r\n\r\nYour tax-deductible donation is greatly appreciated!'),(1380,98,'give_stripe_per_form_accounts','disabled'),(1381,98,'_give_email_options','global'),(1382,98,'_give_email_template','default'),(1383,98,'_give_email_logo',''),(1384,98,'_give_from_name','Alone Covid 19'),(1385,98,'_give_from_email','quocvietht03@gmail.com'),(1386,98,'_give_new-donation_notification','global'),(1387,98,'_give_new-donation_email_subject','New Donation - #{payment_id}'),(1388,98,'_give_new-donation_email_header','New Donation!'),(1389,98,'_give_new-donation_email_message','Hi there,\r\n\r\nThis email is to inform you that a new donation has been made on your website: {site_url}.\r\n\r\n<strong>Donor:</strong> {name}\r\n<strong>Donation:</strong> {donation}\r\n<strong>Amount:</strong> {amount}\r\n<strong>Payment Method:</strong> {payment_method}\r\n\r\nThank you,\r\n\r\n{sitename}'),(1390,98,'_give_new-donation_email_content_type','text/html'),(1391,98,'_give_new-donation_recipient','a:1:{i:0;a:1:{s:5:\"email\";s:22:\"quocvietht03@gmail.com\";}}'),(1392,98,'_give_donation-receipt_notification','global'),(1393,98,'_give_donation-receipt_email_subject','Donation Receipt'),(1394,98,'_give_donation-receipt_email_header','Donation Receipt'),(1395,98,'_give_donation-receipt_email_message','Dear {name},\r\n\r\nThank you for your donation. Your generosity is appreciated! Here are the details of your donation:\r\n\r\n<strong>Donor:</strong> {fullname}\r\n<strong>Donation:</strong> {donation}\r\n<strong>Donation Date:</strong> {date}\r\n<strong>Amount:</strong> {amount}\r\n<strong>Payment Method:</strong> {payment_method}\r\n<strong>Payment ID:</strong> {payment_id}\r\n\r\n{receipt_link}\r\n\r\nSincerely,\r\n{sitename}'),(1396,98,'_give_donation-receipt_email_content_type','text/html'),(1397,98,'_give_new-offline-donation_notification','global'),(1398,98,'_give_new-offline-donation_email_subject','New Pending Donation'),(1399,98,'_give_new-offline-donation_email_header','New Offline Donation!'),(1400,98,'_give_new-offline-donation_email_message','Hi there,\r\n\r\nThis email is to inform you that a new donation has been made on your website: {site_url}.\r\n\r\n<strong>Donor:</strong> {name}\r\n<strong>Donation:</strong> {donation}\r\n<strong>Amount:</strong> {amount}\r\n<strong>Payment Method:</strong> {payment_method}\r\n\r\nThank you,\r\n\r\n{sitename}'),(1401,98,'_give_new-offline-donation_email_content_type','text/html'),(1402,98,'_give_new-offline-donation_recipient','a:1:{i:0;a:1:{s:5:\"email\";s:22:\"quocvietht03@gmail.com\";}}'),(1403,98,'_give_offline-donation-instruction_notification','global'),(1404,98,'_give_offline-donation-instruction_email_subject','{donation} - Offline Donation Instructions'),(1405,98,'_give_offline-donation-instruction_email_header','Offline Donation Instructions'),(1406,98,'_give_offline-donation-instruction_email_message','Hi {name},\r\n\r\nThank you for letting us know that you\'re mailing a check! Your generosity is greatly appreciated. Here are those steps again:\r\n<ol>\r\n 	<li>Write a check payable to \"{sitename}\"</li>\r\n 	<li>On the memo line of the check, indicate that the donation is for \"{form_title}\"</li>\r\n 	<li>Mail your check to:</li>\r\n</ol>\r\n{offline_mailing_address}\r\n\r\nOnce we receive the check, we will mark it as complete in our system, which will generate an email receipt for your records. Please contact us with any questions you may have!\r\n\r\nThanks in advance!\r\n\r\n{sitename}'),(1407,98,'_give_offline-donation-instruction_email_content_type','text/html'),(1408,98,'_give_form_goal_progress','56.67'),(1530,839,'give_style_display_field','1'),(1691,118,'_edit_last','1'),(1692,118,'give_style_display_field','3'),(1714,118,'_give_levels_minimum_amount','10.000000'),(1715,118,'_give_levels_maximum_amount','100.000000'),(1716,118,'_give_form_status','open'),(1717,118,'_give_display_style','buttons'),(1718,118,'_give_payment_display','modal'),(1719,118,'_give_reveal_label',''),(1720,118,'_give_checkout_label','Donate Now'),(1721,118,'_give_form_floating_labels','global'),(1722,118,'_give_display_content','enabled'),(1723,118,'_give_content_placement','give_pre_form'),(1724,118,'_give_form_content','Neque porro quisquam est qui dolorem ipsum quia dolor sit amet, consectetur, adipisci velit, Lorem Ipsum is simply dummy text of the printing and typesetting industry.\r\n\r\nIt has survived not only five centuries, but also the leap into electronic typesetting, remaining essentially unchanged. It was popularised in the 1960s with the release of Letraset sheets containing.\r\n\r\nLorem Ipsum passages, and more recently with desktop publishing software like Aldus PageMaker including versions of Lorem Ipsum.\r\n\r\nNeque porro quisquam est qui dolorem ipsum quia dolor sit amet, consectetur, adipisci velit, Lorem Ipsum is simply dummy text of the printing and typesetting industry.\r\n\r\nIt has survived not only five centuries, but also the leap into electronic typesetting, remaining essentially unchanged. It was popularised in the 1960s with the release of Letraset sheets containing.\r\n\r\nLorem Ipsum passages, and more recently with desktop publishing software like Aldus PageMaker including versions of Lorem Ipsum.\r\n\r\nNeque porro quisquam est qui dolorem ipsum quia dolor sit amet, consectetur, adipisci velit, Lorem Ipsum is simply dummy text of the printing and typesetting industry.\r\n\r\nIt has survived not only five centuries, but also the leap into electronic typesetting, remaining essentially unchanged. It was popularised in the 1960s with the release of Letraset sheets containing.\r\n\r\nLorem Ipsum passages, and more recently with desktop publishing software like Aldus PageMaker including versions of Lorem Ipsum.\r\n\r\n&nbsp;'),(1725,118,'_give_price_option','multi'),(1726,118,'_give_set_price','1.000000'),(1727,118,'_give_custom_amount','enabled'),(1728,118,'_give_custom_amount_range_minimum','5.000000'),(1729,118,'_give_custom_amount_range_maximum','1000000.000000'),(1730,118,'_give_custom_amount_text','Custom Amount'),(1731,118,'_give_donation_levels','a:4:{i:0;a:3:{s:8:\"_give_id\";a:1:{s:8:\"level_id\";s:1:\"0\";}s:12:\"_give_amount\";s:9:\"10.000000\";s:10:\"_give_text\";s:0:\"\";}i:1;a:3:{s:8:\"_give_id\";a:1:{s:8:\"level_id\";s:1:\"1\";}s:12:\"_give_amount\";s:9:\"25.000000\";s:10:\"_give_text\";s:0:\"\";}i:2;a:3:{s:8:\"_give_id\";a:1:{s:8:\"level_id\";s:1:\"2\";}s:12:\"_give_amount\";s:9:\"50.000000\";s:10:\"_give_text\";s:0:\"\";}i:3;a:4:{s:8:\"_give_id\";a:1:{s:8:\"level_id\";s:1:\"3\";}s:12:\"_give_amount\";s:10:\"100.000000\";s:10:\"_give_text\";s:0:\"\";s:13:\"_give_default\";s:7:\"default\";}}'),(1732,118,'_give_default_gateway','global'),(1733,118,'_give_name_title_prefix','global'),(1734,118,'_give_title_prefixes',''),(1735,118,'_give_company_field','global'),(1736,118,'_give_anonymous_donation','global'),(1737,118,'_give_donor_comment','global'),(1738,118,'_give_logged_in_only','enabled'),(1739,118,'_give_show_register_form','none'),(1740,118,'_give_goal_option','enabled'),(1741,118,'_give_goal_format','amount'),(1742,118,'_give_set_goal','12000.000000'),(1743,118,'_give_number_of_donation_goal','1'),(1744,118,'_give_number_of_donor_goal','1'),(1745,118,'_give_goal_color','#2bc253'),(1746,118,'_give_close_form_when_goal_achieved','disabled'),(1747,118,'_give_form_goal_achieved_message','Thank you to all our donors, we have met our fundraising goal.'),(1748,118,'_give_terms_option','global'),(1749,118,'_give_agree_label',''),(1750,118,'_give_agree_text','Acceptance of any contribution, gift or grant is at the discretion of the Alone Covid 19. The Alone Covid 19 will not accept any gift unless it can be used or expended consistently with the purpose and mission of the Alone Covid 19.\r\n\r\nNo irrevocable gift, whether outright or life-income in character, will be accepted if under any reasonable set of circumstances the gift would jeopardize the donor’s financial security.\r\n\r\nThe Alone Covid 19 will refrain from providing advice about the tax or other treatment of gifts and will encourage donors to seek guidance from their own professional advisers to assist them in the process of making their donation.\r\n\r\nThe Alone Covid 19 will accept donations of cash or publicly traded securities. Gifts of in-kind services will be accepted at the discretion of the Alone Covid 19.\r\n\r\nCertain other gifts, real property, personal property, in-kind gifts, non-liquid securities, and contributions whose sources are not transparent or whose use is restricted in some manner, must be reviewed prior to acceptance due to the special obligations raised or liabilities they may pose for Alone Covid 19.\r\n\r\nThe Alone Covid 19 will provide acknowledgments to donors meeting tax requirements for property received by the charity as a gift. However, except for gifts of cash and publicly traded securities, no value shall be ascribed to any receipt or other form of substantiation of a gift received by Alone Covid 19.\r\n\r\nThe Alone Covid 19 will respect the intent of the donor relating to gifts for restricted purposes and those relating to the desire to remain anonymous. With respect to anonymous gifts, the Alone Covid 19 will restrict information about the donor to only those staff members with a need to know.\r\n\r\nThe Alone Covid 19 will not compensate, whether through commissions, finders\' fees, or other means, any third party for directing a gift or a donor to the Alone Covid 19.'),(1751,118,'_give_customize_offline_donations','global'),(1752,118,'_give_offline_donation_enable_billing_fields_single','disabled'),(1753,118,'_give_offline_checkout_notes','To make an offline donation toward this cause, follow these steps::\r\n<ol>\r\n 	<li>Write a check payable to \"{sitename}\"</li>\r\n 	<li>On the memo line of the check, indicate that the donation is for \"{sitename}\"</li>\r\n 	<li>Mail your check to:</li>\r\n</ol>\r\n{offline_mailing_address}\r\n\r\nYour tax-deductible donation is greatly appreciated!'),(1754,118,'give_stripe_per_form_accounts','disabled'),(1755,118,'_give_email_options','global'),(1756,118,'_give_email_template','default'),(1757,118,'_give_email_logo',''),(1758,118,'_give_from_name','Alone Covid 19'),(1759,118,'_give_from_email','quocvietht03@gmail.com'),(1760,118,'_give_new-donation_notification','global'),(1761,118,'_give_new-donation_email_subject','New Donation - #{payment_id}'),(1762,118,'_give_new-donation_email_header','New Donation!'),(1763,118,'_give_new-donation_email_message','Hi there,\r\n\r\nThis email is to inform you that a new donation has been made on your website: {site_url}.\r\n\r\n<strong>Donor:</strong> {name}\r\n<strong>Donation:</strong> {donation}\r\n<strong>Amount:</strong> {amount}\r\n<strong>Payment Method:</strong> {payment_method}\r\n\r\nThank you,\r\n\r\n{sitename}'),(1764,118,'_give_new-donation_email_content_type','text/html'),(1765,118,'_give_new-donation_recipient','a:1:{i:0;a:1:{s:5:\"email\";s:22:\"quocvietht03@gmail.com\";}}'),(1766,118,'_give_donation-receipt_notification','global'),(1767,118,'_give_donation-receipt_email_subject','Donation Receipt'),(1768,118,'_give_donation-receipt_email_header','Donation Receipt'),(1769,118,'_give_donation-receipt_email_message','Dear {name},\r\n\r\nThank you for your donation. Your generosity is appreciated! Here are the details of your donation:\r\n\r\n<strong>Donor:</strong> {fullname}\r\n<strong>Donation:</strong> {donation}\r\n<strong>Donation Date:</strong> {date}\r\n<strong>Amount:</strong> {amount}\r\n<strong>Payment Method:</strong> {payment_method}\r\n<strong>Payment ID:</strong> {payment_id}\r\n\r\n{receipt_link}\r\n\r\nSincerely,\r\n{sitename}'),(1770,118,'_give_donation-receipt_email_content_type','text/html'),(1771,118,'_give_new-offline-donation_notification','global'),(1772,118,'_give_new-offline-donation_email_subject','New Pending Donation'),(1773,118,'_give_new-offline-donation_email_header','New Offline Donation!'),(1774,118,'_give_new-offline-donation_email_message','Hi there,\r\n\r\nThis email is to inform you that a new donation has been made on your website: {site_url}.\r\n\r\n<strong>Donor:</strong> {name}\r\n<strong>Donation:</strong> {donation}\r\n<strong>Amount:</strong> {amount}\r\n<strong>Payment Method:</strong> {payment_method}\r\n\r\nThank you,\r\n\r\n{sitename}'),(1775,118,'_give_new-offline-donation_email_content_type','text/html'),(1776,118,'_give_new-offline-donation_recipient','a:1:{i:0;a:1:{s:5:\"email\";s:22:\"quocvietht03@gmail.com\";}}'),(1777,118,'_give_offline-donation-instruction_notification','global'),(1778,118,'_give_offline-donation-instruction_email_subject','{donation} - Offline Donation Instructions'),(1779,118,'_give_offline-donation-instruction_email_header','Offline Donation Instructions'),(1780,118,'_give_offline-donation-instruction_email_message','Hi {name},\r\n\r\nThank you for letting us know that you\'re mailing a check! Your generosity is greatly appreciated. Here are those steps again:\r\n<ol>\r\n 	<li>Write a check payable to \"{sitename}\"</li>\r\n 	<li>On the memo line of the check, indicate that the donation is for \"{form_title}\"</li>\r\n 	<li>Mail your check to:</li>\r\n</ol>\r\n{offline_mailing_address}\r\n\r\nOnce we receive the check, we will mark it as complete in our system, which will generate an email receipt for your records. Please contact us with any questions you may have!\r\n\r\nThanks in advance!\r\n\r\n{sitename}'),(1781,118,'_give_offline-donation-instruction_email_content_type','text/html'),(1782,118,'_give_form_goal_progress','8359.29'),(1783,839,'slide_template',''),(1784,839,'rs_page_bg_color',''),(1885,839,'_wp_old_slug','wuhan-people-has-died-from-coronavirus'),(1927,838,'rs_page_bg_color',''),(1928,838,'give_style_display_field','2'),(1950,838,'_yoast_wpseo_primary_give_forms_category','241'),(1993,838,'_thumbnail_id','14401'),(1998,838,'_yoast_wpseo_content_score','30'),(2035,838,'_wp_old_slug','britons-infected-with-coronavirus-in-france'),(2056,118,'slide_template',''),(2057,118,'rs_page_bg_color',''),(2079,118,'_wp_old_slug','3-new-cases-confirmed-in-singapore'),(2080,118,'_yoast_wpseo_primary_give_forms_category','242'),(2102,110,'_edit_last','1'),(2104,110,'rs_page_bg_color',''),(2105,110,'give_style_display_field','4'),(2127,110,'_wp_old_slug','we-dont-know-about-the-coronavirus'),(2128,110,'_give_levels_minimum_amount','10.000000'),(2129,110,'_give_levels_maximum_amount','250.000000'),(2130,110,'_give_form_status','open'),(2131,110,'_give_display_style','buttons'),(2132,110,'_give_payment_display','modal'),(2133,110,'_give_reveal_label',''),(2134,110,'_give_checkout_label','Donate Now'),(2135,110,'_give_form_floating_labels','global'),(2136,110,'_give_display_content','enabled'),(2137,110,'_give_content_placement','give_pre_form'),(2138,110,'_give_form_content','Neque porro quisquam est qui dolorem ipsum quia dolor sit amet, consectetur, adipisci velit, Lorem Ipsum is simply dummy text of the printing and typesetting industry.\r\n\r\nIt has survived not only five centuries, but also the leap into electronic typesetting, remaining essentially unchanged. It was popularised in the 1960s with the release of Letraset sheets containing.\r\n\r\nNeque porro quisquam est qui dolorem ipsum quia dolor sit amet, consectetur, adipisci velit, Lorem Ipsum is simply dummy text of the printing and typesetting industry.\r\n\r\nIt has survived not only five centuries, but also the leap into electronic typesetting, remaining essentially unchanged. It was popularised in the 1960s with the release of Letraset sheets containing.\r\n\r\nLorem Ipsum passages, and more recently with desktop publishing software like Aldus PageMaker including versions of Lorem Ipsum.\r\n\r\n&nbsp;'),(2139,110,'_give_price_option','multi'),(2140,110,'_give_set_price','1.000000'),(2141,110,'_give_custom_amount','enabled'),(2142,110,'_give_custom_amount_range_minimum','5.000000'),(2143,110,'_give_custom_amount_range_maximum','1000000.000000'),(2144,110,'_give_custom_amount_text','Custom Amount'),(2145,110,'_give_donation_levels','a:5:{i:0;a:3:{s:8:\"_give_id\";a:1:{s:8:\"level_id\";s:1:\"0\";}s:12:\"_give_amount\";s:9:\"10.000000\";s:10:\"_give_text\";s:0:\"\";}i:1;a:3:{s:8:\"_give_id\";a:1:{s:8:\"level_id\";s:1:\"1\";}s:12:\"_give_amount\";s:9:\"25.000000\";s:10:\"_give_text\";s:0:\"\";}i:2;a:3:{s:8:\"_give_id\";a:1:{s:8:\"level_id\";s:1:\"2\";}s:12:\"_give_amount\";s:9:\"50.000000\";s:10:\"_give_text\";s:0:\"\";}i:3;a:4:{s:8:\"_give_id\";a:1:{s:8:\"level_id\";s:1:\"3\";}s:12:\"_give_amount\";s:10:\"100.000000\";s:10:\"_give_text\";s:0:\"\";s:13:\"_give_default\";s:7:\"default\";}i:4;a:3:{s:8:\"_give_id\";a:1:{s:8:\"level_id\";s:1:\"5\";}s:12:\"_give_amount\";s:10:\"250.000000\";s:10:\"_give_text\";s:0:\"\";}}'),(2146,110,'_give_default_gateway','global'),(2147,110,'_give_name_title_prefix','global'),(2148,110,'_give_title_prefixes',''),(2149,110,'_give_company_field','global'),(2150,110,'_give_anonymous_donation','global'),(2151,110,'_give_donor_comment','global'),(2152,110,'_give_logged_in_only','enabled'),(2153,110,'_give_show_register_form','none'),(2154,110,'_give_goal_option','enabled'),(2155,110,'_give_goal_format','amount'),(2156,110,'_give_set_goal','24000.000000'),(2157,110,'_give_number_of_donation_goal','1'),(2158,110,'_give_number_of_donor_goal','1'),(2159,110,'_give_goal_color','#2bc253'),(2160,110,'_give_close_form_when_goal_achieved','disabled'),(2161,110,'_give_form_goal_achieved_message','Thank you to all our donors, we have met our fundraising goal.'),(2162,110,'_give_terms_option','global'),(2163,110,'_give_agree_label',''),(2164,110,'_give_agree_text','Acceptance of any contribution, gift or grant is at the discretion of the Alone Covid 19. The Alone Covid 19 will not accept any gift unless it can be used or expended consistently with the purpose and mission of the Alone Covid 19.\r\n\r\nNo irrevocable gift, whether outright or life-income in character, will be accepted if under any reasonable set of circumstances the gift would jeopardize the donor’s financial security.\r\n\r\nThe Alone Covid 19 will refrain from providing advice about the tax or other treatment of gifts and will encourage donors to seek guidance from their own professional advisers to assist them in the process of making their donation.\r\n\r\nThe Alone Covid 19 will accept donations of cash or publicly traded securities. Gifts of in-kind services will be accepted at the discretion of the Alone Covid 19.\r\n\r\nCertain other gifts, real property, personal property, in-kind gifts, non-liquid securities, and contributions whose sources are not transparent or whose use is restricted in some manner, must be reviewed prior to acceptance due to the special obligations raised or liabilities they may pose for Alone Covid 19.\r\n\r\nThe Alone Covid 19 will provide acknowledgments to donors meeting tax requirements for property received by the charity as a gift. However, except for gifts of cash and publicly traded securities, no value shall be ascribed to any receipt or other form of substantiation of a gift received by Alone Covid 19.\r\n\r\nThe Alone Covid 19 will respect the intent of the donor relating to gifts for restricted purposes and those relating to the desire to remain anonymous. With respect to anonymous gifts, the Alone Covid 19 will restrict information about the donor to only those staff members with a need to know.\r\n\r\nThe Alone Covid 19 will not compensate, whether through commissions, finders\' fees, or other means, any third party for directing a gift or a donor to the Alone Covid 19.'),(2165,110,'_give_customize_offline_donations','global'),(2166,110,'_give_offline_donation_enable_billing_fields_single','disabled'),(2167,110,'_give_offline_checkout_notes','To make an offline donation toward this cause, follow these steps::\r\n<ol>\r\n 	<li>Write a check payable to \"{sitename}\"</li>\r\n 	<li>On the memo line of the check, indicate that the donation is for \"{sitename}\"</li>\r\n 	<li>Mail your check to:</li>\r\n</ol>\r\n{offline_mailing_address}\r\n\r\nYour tax-deductible donation is greatly appreciated!'),(2168,110,'give_stripe_per_form_accounts','disabled'),(2169,110,'_give_email_options','global'),(2170,110,'_give_email_template','default'),(2171,110,'_give_email_logo',''),(2172,110,'_give_from_name','Alone Covid 19'),(2173,110,'_give_from_email','quocvietht03@gmail.com'),(2174,110,'_give_new-donation_notification','global'),(2175,110,'_give_new-donation_email_subject','New Donation - #{payment_id}'),(2176,110,'_give_new-donation_email_header','New Donation!'),(2177,110,'_give_new-donation_email_message','Hi there,\r\n\r\nThis email is to inform you that a new donation has been made on your website: {site_url}.\r\n\r\n<strong>Donor:</strong> {name}\r\n<strong>Donation:</strong> {donation}\r\n<strong>Amount:</strong> {amount}\r\n<strong>Payment Method:</strong> {payment_method}\r\n\r\nThank you,\r\n\r\n{sitename}'),(2178,110,'_give_new-donation_email_content_type','text/html'),(2179,110,'_give_new-donation_recipient','a:1:{i:0;a:1:{s:5:\"email\";s:22:\"quocvietht03@gmail.com\";}}'),(2180,110,'_give_donation-receipt_notification','global'),(2181,110,'_give_donation-receipt_email_subject','Donation Receipt'),(2182,110,'_give_donation-receipt_email_header','Donation Receipt'),(2183,110,'_give_donation-receipt_email_message','Dear {name},\r\n\r\nThank you for your donation. Your generosity is appreciated! Here are the details of your donation:\r\n\r\n<strong>Donor:</strong> {fullname}\r\n<strong>Donation:</strong> {donation}\r\n<strong>Donation Date:</strong> {date}\r\n<strong>Amount:</strong> {amount}\r\n<strong>Payment Method:</strong> {payment_method}\r\n<strong>Payment ID:</strong> {payment_id}\r\n\r\n{receipt_link}\r\n\r\nSincerely,\r\n{sitename}'),(2184,110,'_give_donation-receipt_email_content_type','text/html'),(2185,110,'_give_new-offline-donation_notification','global'),(2186,110,'_give_new-offline-donation_email_subject','New Pending Donation'),(2187,110,'_give_new-offline-donation_email_header','New Offline Donation!'),(2188,110,'_give_new-offline-donation_email_message','Hi there,\r\n\r\nThis email is to inform you that a new donation has been made on your website: {site_url}.\r\n\r\n<strong>Donor:</strong> {name}\r\n<strong>Donation:</strong> {donation}\r\n<strong>Amount:</strong> {amount}\r\n<strong>Payment Method:</strong> {payment_method}\r\n\r\nThank you,\r\n\r\n{sitename}'),(2189,110,'_give_new-offline-donation_email_content_type','text/html'),(2190,110,'_give_new-offline-donation_recipient','a:1:{i:0;a:1:{s:5:\"email\";s:22:\"quocvietht03@gmail.com\";}}'),(2191,110,'_give_offline-donation-instruction_notification','global'),(2192,110,'_give_offline-donation-instruction_email_subject','{donation} - Offline Donation Instructions'),(2193,110,'_give_offline-donation-instruction_email_header','Offline Donation Instructions'),(2194,110,'_give_offline-donation-instruction_email_message','Hi {name},\r\n\r\nThank you for letting us know that you\'re mailing a check! Your generosity is greatly appreciated. Here are those steps again:\r\n<ol>\r\n 	<li>Write a check payable to \"{sitename}\"</li>\r\n 	<li>On the memo line of the check, indicate that the donation is for \"{form_title}\"</li>\r\n 	<li>Mail your check to:</li>\r\n</ol>\r\n{offline_mailing_address}\r\n\r\nOnce we receive the check, we will mark it as complete in our system, which will generate an email receipt for your records. Please contact us with any questions you may have!\r\n\r\nThanks in advance!\r\n\r\n{sitename}'),(2195,110,'_give_offline-donation-instruction_email_content_type','text/html'),(2196,110,'_give_form_goal_progress','42.13'),(2218,98,'slide_template',''),(2219,98,'rs_page_bg_color',''),(2220,98,'give_style_display_field',''),(2242,98,'_wp_old_slug','coronavirus-70-more-cases-on-japan-cruise-ship'),(2243,98,'_yoast_wpseo_primary_give_forms_category','243'),(2265,110,'_yoast_wpseo_primary_give_forms_category','244'),(2369,118,'_thumbnail_id','2948'),(2374,118,'_yoast_wpseo_content_score','30'),(2391,110,'_thumbnail_id','14378'),(2396,110,'_yoast_wpseo_content_score','30'),(2413,98,'_thumbnail_id','2949'),(2419,7164,'inline_featured_image','0'),(2420,7164,'_give_form_sales','12'),(2421,7164,'_give_form_earnings','28425'),(2422,7164,'_edit_lock','1690015148:2'),(2423,7164,'_give_form_template','legacy'),(2424,7164,'_give_legacy_form_template_settings','a:2:{s:16:\"display_settings\";a:8:{s:13:\"display_style\";s:7:\"buttons\";s:15:\"payment_display\";s:5:\"modal\";s:12:\"reveal_label\";s:0:\"\";s:14:\"checkout_label\";s:23:\"Faire un don maintenant\";s:20:\"form_floating_labels\";s:6:\"global\";s:15:\"display_content\";s:7:\"enabled\";s:17:\"content_placement\";s:13:\"give_pre_form\";s:12:\"form_content\";s:2541:\"Neque porro quisquam est qui dolorem ipsum quia dolor sit amet, consectetur, adipisci velit, Lorem Ipsum is simply dummy text of the printing and typesetting industry.\r\n\r\nIt has survived not only five centuries, but also the leap into electronic typesetting, remaining essentially unchanged. It was popularised in the 1960s with the release of Letraset sheets containing.\r\n\r\nLorem Ipsum passages, and more recently with desktop publishing software like Aldus PageMaker including versions of Lorem Ipsum.\r\n\r\nNeque porro quisquam est qui dolorem ipsum quia dolor sit amet, consectetur, adipisci velit, Lorem Ipsum is simply dummy text of the printing and typesetting industry.\r\n\r\nIt has survived not only five centuries, but also the leap into electronic typesetting, remaining essentially unchanged. It was popularised in the 1960s with the release of Letraset sheets containing.\r\n\r\nLorem Ipsum passages, and more recently with desktop publishing software like Aldus PageMaker including versions of Lorem Ipsum.\r\n\r\nNeque porro quisquam est qui dolorem ipsum quia dolor sit amet, consectetur, adipisci velit, Lorem Ipsum is simply dummy text of the printing and typesetting industry.\r\n\r\nIt has survived not only five centuries, but also the leap into electronic typesetting, remaining essentially unchanged. It was popularised in the 1960s with the release of Letraset sheets containing.\r\n\r\nLorem Ipsum passages, and more recently with desktop publishing software like Aldus PageMaker including versions of Lorem Ipsum.\r\n\r\nNeque porro quisquam est qui dolorem ipsum quia dolor sit amet, consectetur, adipisci velit, Lorem Ipsum is simply dummy text of the printing and typesetting industry.\r\n\r\nIt has survived not only five centuries, but also the leap into electronic typesetting, remaining essentially unchanged. It was popularised in the 1960s with the release of Letraset sheets containing.\r\n\r\nLorem Ipsum passages, and more recently with desktop publishing software like Aldus PageMaker including versions of Lorem Ipsum.\r\n\r\nNeque porro quisquam est qui dolorem ipsum quia dolor sit amet, consectetur, adipisci velit, Lorem Ipsum is simply dummy text of the printing and typesetting industry.\r\n\r\nIt has survived not only five centuries, but also the leap into electronic typesetting, remaining essentially unchanged. It was popularised in the 1960s with the release of Letraset sheets containing.\r\n\r\nLorem Ipsum passages, and more recently with desktop publishing software like Aldus PageMaker including versions of Lorem Ipsum.\r\n\r\n&nbsp;\";}s:19:\"payment_information\";a:3:{s:24:\"donation_summary_enabled\";s:8:\"disabled\";s:24:\"donation_summary_heading\";s:35:\"Here\'s what you\'re about to donate:\";s:25:\"donation_summary_location\";s:32:\"give_donation_form_before_submit\";}}'),(2425,7164,'_edit_last','2'),(2426,7164,'_give_levels_minimum_amount','5000.000000'),(2427,7164,'_give_levels_maximum_amount','250000.000000'),(2428,7164,'_give_form_status','open'),(2429,7164,'_give_display_style','buttons'),(2430,7164,'_give_payment_display','modal'),(2431,7164,'_give_reveal_label',''),(2432,7164,'_give_checkout_label','Faire un don maintenant'),(2433,7164,'_give_form_floating_labels','global'),(2434,7164,'_give_display_content','enabled'),(2435,7164,'_give_content_placement','give_pre_form'),(2436,7164,'_give_form_content','Neque porro quisquam est qui dolorem ipsum quia dolor sit amet, consectetur, adipisci velit, Lorem Ipsum is simply dummy text of the printing and typesetting industry.\r\n\r\nIt has survived not only five centuries, but also the leap into electronic typesetting, remaining essentially unchanged. It was popularised in the 1960s with the release of Letraset sheets containing.\r\n\r\nLorem Ipsum passages, and more recently with desktop publishing software like Aldus PageMaker including versions of Lorem Ipsum.\r\n\r\nNeque porro quisquam est qui dolorem ipsum quia dolor sit amet, consectetur, adipisci velit, Lorem Ipsum is simply dummy text of the printing and typesetting industry.\r\n\r\nIt has survived not only five centuries, but also the leap into electronic typesetting, remaining essentially unchanged. It was popularised in the 1960s with the release of Letraset sheets containing.\r\n\r\nLorem Ipsum passages, and more recently with desktop publishing software like Aldus PageMaker including versions of Lorem Ipsum.\r\n\r\nNeque porro quisquam est qui dolorem ipsum quia dolor sit amet, consectetur, adipisci velit, Lorem Ipsum is simply dummy text of the printing and typesetting industry.\r\n\r\nIt has survived not only five centuries, but also the leap into electronic typesetting, remaining essentially unchanged. It was popularised in the 1960s with the release of Letraset sheets containing.\r\n\r\nLorem Ipsum passages, and more recently with desktop publishing software like Aldus PageMaker including versions of Lorem Ipsum.\r\n\r\nNeque porro quisquam est qui dolorem ipsum quia dolor sit amet, consectetur, adipisci velit, Lorem Ipsum is simply dummy text of the printing and typesetting industry.\r\n\r\nIt has survived not only five centuries, but also the leap into electronic typesetting, remaining essentially unchanged. It was popularised in the 1960s with the release of Letraset sheets containing.\r\n\r\nLorem Ipsum passages, and more recently with desktop publishing software like Aldus PageMaker including versions of Lorem Ipsum.\r\n\r\nNeque porro quisquam est qui dolorem ipsum quia dolor sit amet, consectetur, adipisci velit, Lorem Ipsum is simply dummy text of the printing and typesetting industry.\r\n\r\nIt has survived not only five centuries, but also the leap into electronic typesetting, remaining essentially unchanged. It was popularised in the 1960s with the release of Letraset sheets containing.\r\n\r\nLorem Ipsum passages, and more recently with desktop publishing software like Aldus PageMaker including versions of Lorem Ipsum.\r\n\r\n&nbsp;'),(2437,7164,'_give_price_option','multi'),(2438,7164,'_give_set_price','1.000000'),(2439,7164,'_give_custom_amount','enabled'),(2440,7164,'_give_custom_amount_range_minimum','50.000000'),(2441,7164,'_give_custom_amount_range_maximum','1000000.000000'),(2442,7164,'_give_custom_amount_text','Montant personnalisé'),(2443,7164,'_give_donation_levels','a:5:{i:0;a:4:{s:8:\"_give_id\";a:1:{s:8:\"level_id\";s:1:\"0\";}s:12:\"_give_amount\";s:11:\"5000.000000\";s:10:\"_give_text\";s:0:\"\";s:13:\"_give_default\";s:7:\"default\";}i:1;a:3:{s:8:\"_give_id\";a:1:{s:8:\"level_id\";s:1:\"1\";}s:12:\"_give_amount\";s:12:\"10000.000000\";s:10:\"_give_text\";s:0:\"\";}i:2;a:3:{s:8:\"_give_id\";a:1:{s:8:\"level_id\";s:1:\"2\";}s:12:\"_give_amount\";s:12:\"50000.000000\";s:10:\"_give_text\";s:0:\"\";}i:3;a:3:{s:8:\"_give_id\";a:1:{s:8:\"level_id\";s:1:\"3\";}s:12:\"_give_amount\";s:13:\"100000.000000\";s:10:\"_give_text\";s:0:\"\";}i:4;a:3:{s:8:\"_give_id\";a:1:{s:8:\"level_id\";s:1:\"5\";}s:12:\"_give_amount\";s:13:\"250000.000000\";s:10:\"_give_text\";s:0:\"\";}}'),(2444,7164,'_give_default_gateway','global'),(2445,7164,'_give_name_title_prefix','global'),(2446,7164,'_give_title_prefixes',''),(2447,7164,'_give_company_field','global'),(2448,7164,'_give_anonymous_donation','global'),(2449,7164,'_give_donor_comment','global'),(2450,7164,'_give_logged_in_only','enabled'),(2451,7164,'_give_show_register_form','none'),(2452,7164,'_give_goal_option','enabled'),(2453,7164,'_give_goal_format','amount'),(2454,7164,'_give_set_goal','50000.000000'),(2455,7164,'_give_number_of_donation_goal','1'),(2456,7164,'_give_number_of_donor_goal','1'),(2457,7164,'_give_goal_color','#2bc253'),(2458,7164,'_give_close_form_when_goal_achieved','disabled'),(2459,7164,'_give_form_goal_achieved_message','Thank you to all our donors, we have met our fundraising goal.'),(2460,7164,'_give_terms_option','disabled'),(2461,7164,'_give_agree_label',''),(2462,7164,'_give_agree_text','Acceptance of any contribution, gift or grant is at the discretion of the Alone Covid 19. The Alone Covid 19 will not accept any gift unless it can be used or expended consistently with the purpose and mission of the Alone Covid 19.\r\n\r\nNo irrevocable gift, whether outright or life-income in character, will be accepted if under any reasonable set of circumstances the gift would jeopardize the donor’s financial security.\r\n\r\nThe Alone Covid 19 will refrain from providing advice about the tax or other treatment of gifts and will encourage donors to seek guidance from their own professional advisers to assist them in the process of making their donation.\r\n\r\nThe Alone Covid 19 will accept donations of cash or publicly traded securities. Gifts of in-kind services will be accepted at the discretion of the Alone Covid 19.\r\n\r\nCertain other gifts, real property, personal property, in-kind gifts, non-liquid securities, and contributions whose sources are not transparent or whose use is restricted in some manner, must be reviewed prior to acceptance due to the special obligations raised or liabilities they may pose for Alone Covid 19.\r\n\r\nThe Alone Covid 19 will provide acknowledgments to donors meeting tax requirements for property received by the charity as a gift. However, except for gifts of cash and publicly traded securities, no value shall be ascribed to any receipt or other form of substantiation of a gift received by Alone Covid 19.\r\n\r\nThe Alone Covid 19 will respect the intent of the donor relating to gifts for restricted purposes and those relating to the desire to remain anonymous. With respect to anonymous gifts, the Alone Covid 19 will restrict information about the donor to only those staff members with a need to know.\r\n\r\nThe Alone Covid 19 will not compensate, whether through commissions, finders\' fees, or other means, any third party for directing a gift or a donor to the Alone Covid 19.'),(2463,7164,'_give_customize_offline_donations','global'),(2464,7164,'_give_offline_donation_enable_billing_fields_single','disabled'),(2465,7164,'_give_offline_checkout_notes','To make an offline donation toward this cause, follow these steps::\r\n<ol>\r\n 	<li>Write a check payable to \"{sitename}\"</li>\r\n 	<li>On the memo line of the check, indicate that the donation is for \"{sitename}\"</li>\r\n 	<li>Mail your check to:</li>\r\n</ol>\r\n{offline_mailing_address}\r\n\r\nYour tax-deductible donation is greatly appreciated!'),(2466,7164,'give_stripe_per_form_accounts','disabled'),(2467,7164,'_give_email_options','global'),(2468,7164,'_give_email_template','default'),(2469,7164,'_give_email_logo',''),(2470,7164,'_give_from_name','Alone Covid 19'),(2471,7164,'_give_from_email','quocvietht03@gmail.com'),(2472,7164,'_give_new-donation_notification','global'),(2473,7164,'_give_new-donation_email_subject','New Donation - #{payment_id}'),(2474,7164,'_give_new-donation_email_header','New Donation!'),(2475,7164,'_give_new-donation_email_message','Hi there,\r\n\r\nThis email is to inform you that a new donation has been made on your website: {site_url}.\r\n\r\n<strong>Donor:</strong> {name}\r\n<strong>Donation:</strong> {donation}\r\n<strong>Amount:</strong> {amount}\r\n<strong>Payment Method:</strong> {payment_method}\r\n\r\nThank you,\r\n\r\n{sitename}'),(2476,7164,'_give_new-donation_email_content_type','text/html'),(2477,7164,'_give_new-donation_recipient','a:1:{i:0;a:1:{s:5:\"email\";s:22:\"quocvietht03@gmail.com\";}}'),(2478,7164,'_give_donation-receipt_notification','global'),(2479,7164,'_give_donation-receipt_email_subject','Donation Receipt'),(2480,7164,'_give_donation-receipt_email_header','Donation Receipt'),(2481,7164,'_give_donation-receipt_email_message','Dear {name},\r\n\r\nThank you for your donation. Your generosity is appreciated! Here are the details of your donation:\r\n\r\n<strong>Donor:</strong> {fullname}\r\n<strong>Donation:</strong> {donation}\r\n<strong>Donation Date:</strong> {date}\r\n<strong>Amount:</strong> {amount}\r\n<strong>Payment Method:</strong> {payment_method}\r\n<strong>Payment ID:</strong> {payment_id}\r\n\r\n{receipt_link}\r\n\r\nSincerely,\r\n{sitename}'),(2482,7164,'_give_donation-receipt_email_content_type','text/html'),(2483,7164,'_give_new-offline-donation_notification','global'),(2484,7164,'_give_new-offline-donation_email_subject','New Pending Donation'),(2485,7164,'_give_new-offline-donation_email_header','New Offline Donation!'),(2486,7164,'_give_new-offline-donation_email_message','Hi there,\r\n\r\nThis email is to inform you that a new donation has been made on your website: {site_url}.\r\n\r\n<strong>Donor:</strong> {name}\r\n<strong>Donation:</strong> {donation}\r\n<strong>Amount:</strong> {amount}\r\n<strong>Payment Method:</strong> {payment_method}\r\n\r\nThank you,\r\n\r\n{sitename}'),(2487,7164,'_give_new-offline-donation_email_content_type','text/html'),(2488,7164,'_give_new-offline-donation_recipient','a:1:{i:0;a:1:{s:5:\"email\";s:22:\"quocvietht03@gmail.com\";}}'),(2489,7164,'_give_offline-donation-instruction_notification','global'),(2490,7164,'_give_offline-donation-instruction_email_subject','{donation} - Offline Donation Instructions'),(2491,7164,'_give_offline-donation-instruction_email_header','Offline Donation Instructions'),(2492,7164,'_give_offline-donation-instruction_email_message','Hi {name},\r\n\r\nThank you for letting us know that you\'re mailing a check! Your generosity is greatly appreciated. Here are those steps again:\r\n<ol>\r\n 	<li>Write a check payable to \"{sitename}\"</li>\r\n 	<li>On the memo line of the check, indicate that the donation is for \"{form_title}\"</li>\r\n 	<li>Mail your check to:</li>\r\n</ol>\r\n{offline_mailing_address}\r\n\r\nOnce we receive the check, we will mark it as complete in our system, which will generate an email receipt for your records. Please contact us with any questions you may have!\r\n\r\nThanks in advance!\r\n\r\n{sitename}'),(2493,7164,'_give_offline-donation-instruction_email_content_type','text/html'),(2494,7164,'_give_form_goal_progress','56.85'),(2495,7164,'_thumbnail_id','2968'),(2497,7164,'_yoast_wpseo_primary_give_forms_category','240'),(2498,7164,'give_style_display_field',''),(2499,7164,'slide_template',''),(2500,7164,'rs_page_bg_color',''),(2501,7164,'_wp_old_slug','wuhan-people-has-died-from-coronavirus'),(2507,7164,'_yoast_wpseo_estimated-reading-time-minutes','0'),(2523,7164,'_wp_old_slug','a-new-album-by-rebecca-help-poor-people'),(2544,7164,'_cff_oembed_done_checking','1'),(2545,839,'_cff_oembed_done_checking','1'),(2546,838,'_cff_oembed_done_checking','1'),(2547,118,'_cff_oembed_done_checking','1'),(2548,110,'_cff_oembed_done_checking','1'),(2549,98,'_cff_oembed_done_checking','1'),(2550,839,'inline_featured_image','0'),(2556,839,'_yoast_wpseo_estimated-reading-time-minutes','0'),(2572,838,'inline_featured_image','0'),(2578,838,'_yoast_wpseo_estimated-reading-time-minutes',''),(2594,118,'inline_featured_image','0'),(2600,118,'_yoast_wpseo_estimated-reading-time-minutes',''),(2616,110,'inline_featured_image','0'),(2622,110,'_yoast_wpseo_estimated-reading-time-minutes',''),(2983,98,'_yoast_wpseo_estimated-reading-time-minutes','0'),(2999,98,'inline_featured_image','0'),(3240,11397,'inline_featured_image','0'),(3241,11397,'give_style_display_field',''),(3242,11398,'inline_featured_image','0'),(3243,11398,'give_style_display_field',''),(3246,11400,'inline_featured_image','0'),(3247,11400,'give_style_display_field',''),(3248,11401,'inline_featured_image','0'),(3249,11401,'give_style_display_field',''),(3260,839,'_yoast_wpseo_wordproof_timestamp',''),(3271,839,'_wp_old_slug','a-new-album-by-rebecca-help-poor-people'),(3272,839,'_give_last_name_field_required','global'),(3273,839,'_give_form_grid_option','default'),(3274,839,'_give_form_grid_redirect_url',''),(3275,839,'_give_form_grid_donate_button_text',''),(3276,839,'_give_donation-processing-receipt_notification','global'),(3277,839,'_give_donation-processing-receipt_email_subject','Donation Processing Receipt'),(3278,839,'_give_donation-processing-receipt_email_header','Donation Processing Receipt'),(3279,839,'_give_donation-processing-receipt_email_message','Cher(e) {name} !\r\n\r\nThank you for your donation. Your payment is currently being processed and you will receive a final email receipt once it has completed. Your generosity is appreciated!\r\n\r\nVoici les détails de votre don :\r\n\r\n<strong>Donateur :</strong> {fullname}\r\n<strong>Don :</strong> {donation}\r\n<strong>Date du don :</strong> {date}\r\n<strong>Montant :</strong> {amount}\r\n<strong>Moyen de paiement :</strong> {payment_method}\r\n<strong>ID du paiement :</strong> {payment_id}\r\n\r\n{receipt_link}\r\n\r\nSincerely\r\n{sitename}'),(3280,839,'_give_donation-processing-receipt_email_content_type','text/html'),(3396,98,'_yoast_wpseo_wordproof_timestamp',''),(3407,98,'_give_last_name_field_required','global'),(3408,98,'_give_form_grid_option','default'),(3409,98,'_give_form_grid_redirect_url',''),(3410,98,'_give_form_grid_donate_button_text',''),(3411,98,'_give_donation-processing-receipt_notification','global'),(3412,98,'_give_donation-processing-receipt_email_subject','Donation Processing Receipt'),(3413,98,'_give_donation-processing-receipt_email_header','Donation Processing Receipt'),(3414,98,'_give_donation-processing-receipt_email_message','Cher(e) {name} !\r\n\r\nThank you for your donation. Your payment is currently being processed and you will receive a final email receipt once it has completed. Your generosity is appreciated!\r\n\r\nVoici les détails de votre don :\r\n\r\n<strong>Donateur :</strong> {fullname}\r\n<strong>Don :</strong> {donation}\r\n<strong>Date du don :</strong> {date}\r\n<strong>Montant :</strong> {amount}\r\n<strong>Moyen de paiement :</strong> {payment_method}\r\n<strong>ID du paiement :</strong> {payment_id}\r\n\r\n{receipt_link}\r\n\r\nSincerely\r\n{sitename}'),(3415,98,'_give_donation-processing-receipt_email_content_type','text/html'),(3447,7164,'_yoast_wpseo_wordproof_timestamp',''),(3458,7164,'_give_last_name_field_required','global'),(3459,7164,'_give_form_grid_option','default'),(3460,7164,'_give_form_grid_redirect_url',''),(3461,7164,'_give_form_grid_donate_button_text',''),(3462,7164,'_give_donation-processing-receipt_notification','global'),(3463,7164,'_give_donation-processing-receipt_email_subject','Donation Processing Receipt'),(3464,7164,'_give_donation-processing-receipt_email_header','Donation Processing Receipt'),(3465,7164,'_give_donation-processing-receipt_email_message','Cher(e) {name} !\r\n\r\nThank you for your donation. Your payment is currently being processed and you will receive a final email receipt once it has completed. Your generosity is appreciated!\r\n\r\nVoici les détails de votre don :\r\n\r\n<strong>Donateur :</strong> {fullname}\r\n<strong>Don :</strong> {donation}\r\n<strong>Date du don :</strong> {date}\r\n<strong>Montant :</strong> {amount}\r\n<strong>Moyen de paiement :</strong> {payment_method}\r\n<strong>ID du paiement :</strong> {payment_id}\r\n\r\n{receipt_link}\r\n\r\nSincerely\r\n{sitename}'),(3466,7164,'_give_donation-processing-receipt_email_content_type','text/html'),(3677,7164,'_wp_trash_meta_status','publish'),(3678,7164,'_wp_trash_meta_time','1690019677'),(3679,7164,'_wp_desired_post_slug','help-to-raise-valuable-donations-for-kids-2'),(3680,838,'_wp_trash_meta_status','publish'),(3681,838,'_wp_trash_meta_time','1690019677'),(3682,838,'_wp_desired_post_slug','south-african-pre-primary-school-build'),(3683,118,'_wp_trash_meta_status','publish'),(3684,118,'_wp_trash_meta_time','1690019677'),(3685,118,'_wp_desired_post_slug','our-donation-is-hope-for-poor-childrens'),(3686,110,'_wp_trash_meta_status','publish'),(3687,110,'_wp_trash_meta_time','1690019677'),(3688,110,'_wp_desired_post_slug','charitable-donations-a-human-services'),(3689,98,'_wp_trash_meta_status','publish'),(3690,98,'_wp_trash_meta_time','1690019677'),(3691,98,'_wp_desired_post_slug','help-to-raise-valuable-donations-for-kids'),(3692,17991,'give_style_display_field',''),(3693,17992,'give_style_display_field',''),(3694,17991,'_edit_lock','1690028391:2'),(3695,17991,'_edit_last','2'),(3696,17993,'give_style_display_field',''),(3697,17994,'give_style_display_field',''),(3698,17993,'_edit_lock','1690028391:2'),(3699,17993,'_edit_last','2'),(3742,18003,'_give_form_sales','0'),(3743,18003,'_give_form_earnings','0'),(3744,18003,'_edit_lock','1690031010:2'),(3745,18003,'_give_form_template','legacy'),(3746,18003,'_give_legacy_form_template_settings','a:2:{s:16:\"display_settings\";a:8:{s:13:\"display_style\";s:7:\"buttons\";s:15:\"payment_display\";s:5:\"modal\";s:12:\"reveal_label\";s:0:\"\";s:14:\"checkout_label\";s:17:\"Donnez maintenant\";s:20:\"form_floating_labels\";s:6:\"global\";s:15:\"display_content\";s:7:\"enabled\";s:17:\"content_placement\";s:13:\"give_pre_form\";s:12:\"form_content\";s:822:\"Nous sommes déterminés à apporter un changement significatif dans la vie des populations démunies en leur offrant un accès durable à l\'eau potable. Dans de nombreuses régions du monde, l\'accès à l\'eau potable est un luxe rare. Ensemble, nous pouvons faire la différence et mettre fin à cette crise en offrant une eau propre et sûre à ceux qui en ont le plus besoin.\r\n\r\nNotre vision est de sauver des vies en éliminant les risques liés à l\'eau contaminée et de donner aux enfants et aux familles les moyens de se développer en bonne santé et de réaliser leur plein potentiel.\r\n\r\n<strong>Votre don aujourd\'hui sauvera des vies et contribuera à la création d\'un avenir plus digne et plus prospère pour tous. Ensemble, faisons jaillir la source de l\'espoir. Merci de soutenir notre noble cause.</strong>\";}s:19:\"payment_information\";a:3:{s:24:\"donation_summary_enabled\";s:8:\"disabled\";s:24:\"donation_summary_heading\";s:35:\"Here\'s what you\'re about to donate:\";s:25:\"donation_summary_location\";s:32:\"give_donation_form_before_submit\";}}'),(3747,18003,'_edit_last','2'),(3748,18003,'_give_levels_minimum_amount','20000.000000'),(3749,18003,'_give_levels_maximum_amount','1000000.000000'),(3750,18003,'_give_form_status','open'),(3751,18003,'_give_display_style','buttons'),(3752,18003,'_give_payment_display','modal'),(3753,18003,'_give_reveal_label',''),(3754,18003,'_give_checkout_label','Donnez maintenant'),(3755,18003,'_give_form_floating_labels','global'),(3756,18003,'_give_display_content','enabled'),(3757,18003,'_give_content_placement','give_pre_form'),(3758,18003,'_give_form_content','Nous sommes déterminés à apporter un changement significatif dans la vie des populations démunies en leur offrant un accès durable à l\'eau potable. Dans de nombreuses régions du monde, l\'accès à l\'eau potable est un luxe rare. Ensemble, nous pouvons faire la différence et mettre fin à cette crise en offrant une eau propre et sûre à ceux qui en ont le plus besoin.\r\n\r\nNotre vision est de sauver des vies en éliminant les risques liés à l\'eau contaminée et de donner aux enfants et aux familles les moyens de se développer en bonne santé et de réaliser leur plein potentiel.\r\n\r\n<strong>Votre don aujourd\'hui sauvera des vies et contribuera à la création d\'un avenir plus digne et plus prospère pour tous. Ensemble, faisons jaillir la source de l\'espoir. Merci de soutenir notre noble cause.</strong>'),(3759,18003,'_give_price_option','multi'),(3760,18003,'_give_set_price','1.000000'),(3761,18003,'_give_custom_amount','enabled'),(3762,18003,'_give_custom_amount_range_minimum','20000.000000'),(3763,18003,'_give_custom_amount_range_maximum','5000000.000000'),(3764,18003,'_give_custom_amount_text','Ecrivez votre montant'),(3765,18003,'_give_donation_levels','a:6:{i:0;a:4:{s:8:\"_give_id\";a:1:{s:8:\"level_id\";s:1:\"0\";}s:12:\"_give_amount\";s:12:\"20000.000000\";s:10:\"_give_text\";s:0:\"\";s:13:\"_give_default\";s:7:\"default\";}i:1;a:3:{s:8:\"_give_id\";a:1:{s:8:\"level_id\";s:1:\"1\";}s:12:\"_give_amount\";s:12:\"50000.000000\";s:10:\"_give_text\";s:0:\"\";}i:2;a:3:{s:8:\"_give_id\";a:1:{s:8:\"level_id\";s:1:\"2\";}s:12:\"_give_amount\";s:13:\"100000.000000\";s:10:\"_give_text\";s:0:\"\";}i:3;a:3:{s:8:\"_give_id\";a:1:{s:8:\"level_id\";s:1:\"3\";}s:12:\"_give_amount\";s:13:\"200000.000000\";s:10:\"_give_text\";s:0:\"\";}i:4;a:3:{s:8:\"_give_id\";a:1:{s:8:\"level_id\";s:1:\"5\";}s:12:\"_give_amount\";s:13:\"500000.000000\";s:10:\"_give_text\";s:0:\"\";}i:5;a:3:{s:8:\"_give_id\";a:1:{s:8:\"level_id\";s:1:\"6\";}s:12:\"_give_amount\";s:14:\"1000000.000000\";s:10:\"_give_text\";s:0:\"\";}}'),(3766,18003,'_give_default_gateway','global'),(3767,18003,'_give_name_title_prefix','global'),(3768,18003,'_give_title_prefixes',''),(3769,18003,'_give_company_field','global'),(3770,18003,'_give_anonymous_donation','global'),(3771,18003,'_give_donor_comment','global'),(3772,18003,'_give_logged_in_only','enabled'),(3773,18003,'_give_show_register_form','none'),(3774,18003,'_give_goal_option','enabled'),(3775,18003,'_give_goal_format','amount'),(3776,18003,'_give_set_goal','10000000.000000'),(3777,18003,'_give_number_of_donation_goal','1'),(3778,18003,'_give_number_of_donor_goal','1'),(3779,18003,'_give_goal_color','#2bc253'),(3780,18003,'_give_close_form_when_goal_achieved','disabled'),(3781,18003,'_give_form_goal_achieved_message','Thank you to all our donors, we have met our fundraising goal.'),(3782,18003,'_give_terms_option','enabled'),(3783,18003,'_give_agree_label','Acceptez-vous les termes ?'),(3784,18003,'_give_agree_text','<strong>Termes et Conditions de Collecte de Dons pour l\'ONG ASEP Bénin</strong>\r\n<ol>\r\n 	<li><strong>Introduction</strong></li>\r\n</ol>\r\n1.1 En utilisant notre plateforme de collecte de dons, vous acceptez les présents Termes et Conditions dans leur intégralité. Ces Termes et Conditions régissent votre utilisation de la plateforme de collecte de dons pour l\'ONG ASEP Bénin, ci-après dénommée \"la Plateforme\".\r\n\r\n1.2 L\'ONG ASEP Bénin se réserve le droit de modifier ces Termes et Conditions à tout moment sans préavis. Les modifications prendront effet dès leur publication sur la Plateforme. En continuant à utiliser la Plateforme après de telles modifications, vous acceptez d\'être lié par les Termes et Conditions révisés.\r\n<ol start=\"2\">\r\n 	<li><strong>Collecte de Dons</strong></li>\r\n</ol>\r\n2.1 En faisant un don à l\'ONG ASEP Bénin via la Plateforme, vous confirmez que vous êtes légalement autorisé à effectuer des transactions financières. Vous devez être âgé d\'au moins 18 ans ou avoir l\'autorisation de vos parents ou tuteurs légaux pour faire un don.\r\n\r\n2.2 Lorsque vous faites un don à l\'ONG ASEP Bénin, vous acceptez que votre don soit utilisé conformément à la mission de l\'organisation et aux projets spécifiques en cours. Nous nous engageons à utiliser les dons de manière transparente et responsable dans le cadre de nos activités caritatives.\r\n\r\n2.3 Vous comprenez que l\'ONG ASEP Bénin ne peut garantir que les fonds collectés atteindront un objectif spécifique, et que les dons peuvent être utilisés pour des projets similaires ou pour répondre aux besoins les plus urgents de l\'ONG.\r\n<ol start=\"3\">\r\n 	<li><strong>Sécurité des Données</strong></li>\r\n</ol>\r\n3.1 Lorsque vous effectuez un don via la Plateforme, vos informations personnelles et financières seront traitées de manière sécurisée et conformément à notre Politique de Confidentialité.\r\n\r\n3.2 L\'ONG ASEP Bénin ne stocke pas les informations de carte de crédit sur la Plateforme. Les transactions financières sont gérées par des tiers de confiance, et toutes les informations sensibles sont cryptées pour assurer la sécurité.\r\n<ol start=\"4\">\r\n 	<li><strong>Annulation et Remboursement</strong></li>\r\n</ol>\r\n4.1 Vous avez le droit d\'annuler votre don avant qu\'il ne soit traité et confirmé. Une fois que le don est confirmé, il ne peut généralement pas être annulé ou remboursé. Cependant, si vous avez des questions ou des problèmes concernant votre don, veuillez nous contacter rapidement pour que nous puissions vous aider.\r\n<ol start=\"5\">\r\n 	<li><strong>Responsabilités et Limitations</strong></li>\r\n</ol>\r\n5.1 L\'ONG ASEP Bénin s\'efforce de maintenir la Plateforme opérationnelle et sécurisée. Cependant, nous ne pouvons garantir une disponibilité continue ou une absence d\'erreurs. Nous ne serons pas tenus responsables des pertes ou dommages résultant de l\'utilisation de la Plateforme.\r\n\r\n5.2 Vous reconnaissez que toute information fournie sur la Plateforme concernant nos projets et activités est sujette à changement. Nous nous réservons le droit de modifier, suspendre ou mettre fin à tout projet sans préavis.\r\n<ol start=\"6\">\r\n 	<li><strong>Loi applicable</strong></li>\r\n</ol>\r\n6.1 Ces Termes et Conditions de Collecte de Dons sont régis par les lois de la République du Bénin. Tout litige découlant de l\'utilisation de la Plateforme sera soumis à la juridiction exclusive des tribunaux compétents du Bénin.'),(3785,18003,'_give_customize_offline_donations','global'),(3786,18003,'_give_offline_donation_enable_billing_fields_single','disabled'),(3787,18003,'_give_offline_checkout_notes','To make an offline donation toward this cause, follow these steps::\r\n<ol>\r\n 	<li>Write a check payable to \"{sitename}\"</li>\r\n 	<li>On the memo line of the check, indicate that the donation is for \"{sitename}\"</li>\r\n 	<li>Mail your check to:</li>\r\n</ol>\r\n{offline_mailing_address}\r\n\r\nYour tax-deductible donation is greatly appreciated!'),(3788,18003,'give_stripe_per_form_accounts','disabled'),(3789,18003,'_give_email_options','global'),(3790,18003,'_give_email_template','default'),(3791,18003,'_give_email_logo',''),(3792,18003,'_give_from_name','Alone Covid 19'),(3793,18003,'_give_from_email','quocvietht03@gmail.com'),(3794,18003,'_give_new-donation_notification','global'),(3795,18003,'_give_new-donation_email_subject','New Donation - #{payment_id}'),(3796,18003,'_give_new-donation_email_header','New Donation!'),(3797,18003,'_give_new-donation_email_message','Hi there,\r\n\r\nThis email is to inform you that a new donation has been made on your website: {site_url}.\r\n\r\n<strong>Donor:</strong> {name}\r\n<strong>Donation:</strong> {donation}\r\n<strong>Amount:</strong> {amount}\r\n<strong>Payment Method:</strong> {payment_method}\r\n\r\nThank you,\r\n\r\n{sitename}'),(3798,18003,'_give_new-donation_email_content_type','text/html'),(3799,18003,'_give_new-donation_recipient','a:1:{i:0;a:1:{s:5:\"email\";s:22:\"quocvietht03@gmail.com\";}}'),(3800,18003,'_give_donation-receipt_notification','global'),(3801,18003,'_give_donation-receipt_email_subject','Donation Receipt'),(3802,18003,'_give_donation-receipt_email_header','Donation Receipt'),(3803,18003,'_give_donation-receipt_email_message','Dear {name},\r\n\r\nThank you for your donation. Your generosity is appreciated! Here are the details of your donation:\r\n\r\n<strong>Donor:</strong> {fullname}\r\n<strong>Donation:</strong> {donation}\r\n<strong>Donation Date:</strong> {date}\r\n<strong>Amount:</strong> {amount}\r\n<strong>Payment Method:</strong> {payment_method}\r\n<strong>Payment ID:</strong> {payment_id}\r\n\r\n{receipt_link}\r\n\r\nSincerely,\r\n{sitename}'),(3804,18003,'_give_donation-receipt_email_content_type','text/html'),(3805,18003,'_give_new-offline-donation_notification','global'),(3806,18003,'_give_new-offline-donation_email_subject','New Pending Donation'),(3807,18003,'_give_new-offline-donation_email_header','New Offline Donation!'),(3808,18003,'_give_new-offline-donation_email_message','Hi there,\r\n\r\nThis email is to inform you that a new donation has been made on your website: {site_url}.\r\n\r\n<strong>Donor:</strong> {name}\r\n<strong>Donation:</strong> {donation}\r\n<strong>Amount:</strong> {amount}\r\n<strong>Payment Method:</strong> {payment_method}\r\n\r\nThank you,\r\n\r\n{sitename}'),(3809,18003,'_give_new-offline-donation_email_content_type','text/html'),(3810,18003,'_give_new-offline-donation_recipient','a:1:{i:0;a:1:{s:5:\"email\";s:22:\"quocvietht03@gmail.com\";}}'),(3811,18003,'_give_offline-donation-instruction_notification','global'),(3812,18003,'_give_offline-donation-instruction_email_subject','{donation} - Offline Donation Instructions'),(3813,18003,'_give_offline-donation-instruction_email_header','Offline Donation Instructions'),(3814,18003,'_give_offline-donation-instruction_email_message','Hi {name},\r\n\r\nThank you for letting us know that you\'re mailing a check! Your generosity is greatly appreciated. Here are those steps again:\r\n<ol>\r\n 	<li>Write a check payable to \"{sitename}\"</li>\r\n 	<li>On the memo line of the check, indicate that the donation is for \"{form_title}\"</li>\r\n 	<li>Mail your check to:</li>\r\n</ol>\r\n{offline_mailing_address}\r\n\r\nOnce we receive the check, we will mark it as complete in our system, which will generate an email receipt for your records. Please contact us with any questions you may have!\r\n\r\nThanks in advance!\r\n\r\n{sitename}'),(3815,18003,'_give_offline-donation-instruction_email_content_type','text/html'),(3816,18003,'_give_form_goal_progress','0'),(3817,18003,'_thumbnail_id','17995'),(3818,18003,'_yoast_wpseo_primary_give_forms_category','310'),(3819,18003,'give_style_display_field','1'),(3820,18003,'slide_template',''),(3821,18003,'rs_page_bg_color',''),(3822,18003,'_wp_old_slug','wuhan-people-has-died-from-coronavirus'),(3823,18003,'_cff_oembed_done_checking','1'),(3824,18003,'inline_featured_image','0'),(3825,18003,'_yoast_wpseo_estimated-reading-time-minutes','0'),(3826,18003,'_yoast_wpseo_wordproof_timestamp',''),(3827,18003,'_wp_old_slug','a-new-album-by-rebecca-help-poor-people'),(3828,18003,'_give_last_name_field_required','global'),(3829,18003,'_give_form_grid_option','default'),(3830,18003,'_give_form_grid_redirect_url',''),(3831,18003,'_give_form_grid_donate_button_text',''),(3832,18003,'_give_donation-processing-receipt_notification','global'),(3833,18003,'_give_donation-processing-receipt_email_subject','Donation Processing Receipt'),(3834,18003,'_give_donation-processing-receipt_email_header','Donation Processing Receipt'),(3835,18003,'_give_donation-processing-receipt_email_message','Cher(e) {name} !\r\n\r\nThank you for your donation. Your payment is currently being processed and you will receive a final email receipt once it has completed. Your generosity is appreciated!\r\n\r\nVoici les détails de votre don :\r\n\r\n<strong>Donateur :</strong> {fullname}\r\n<strong>Don :</strong> {donation}\r\n<strong>Date du don :</strong> {date}\r\n<strong>Montant :</strong> {amount}\r\n<strong>Moyen de paiement :</strong> {payment_method}\r\n<strong>ID du paiement :</strong> {payment_id}\r\n\r\n{receipt_link}\r\n\r\nSincerely\r\n{sitename}'),(3836,18003,'_give_donation-processing-receipt_email_content_type','text/html'),(3869,18004,'_give_form_sales','0'),(3870,18004,'_give_form_earnings','0'),(3871,18004,'_edit_lock','1690030676:2'),(3872,18004,'_give_form_template','legacy'),(3873,18004,'_give_legacy_form_template_settings','a:2:{s:16:\"display_settings\";a:8:{s:13:\"display_style\";s:7:\"buttons\";s:15:\"payment_display\";s:5:\"modal\";s:12:\"reveal_label\";s:0:\"\";s:14:\"checkout_label\";s:17:\"Donnez maintenant\";s:20:\"form_floating_labels\";s:6:\"global\";s:15:\"display_content\";s:7:\"enabled\";s:17:\"content_placement\";s:13:\"give_pre_form\";s:12:\"form_content\";s:1077:\"Ensemble, nous pouvons faire une réelle différence dans la vie de milliers de personnes vivant dans un pays pauvre en leur offrant un accès à une nutrition adéquate. Dans ce pays où tant de familles luttent quotidiennement pour se nourrir, nous voulons faire la différence en leur fournissant des repas équilibrés, des ressources éducatives et des opportunités pour un avenir meilleur. Joignez-vous à nous pour apporter un changement positif et durable dans la vie des plus vulnérables.\r\n\r\nLa campagne \"Nourrir l\'Avenir\" vise à combattre la malnutrition et la faim qui sévissent dans ce pays pauvre. Notre objectif est de fournir une alimentation équilibrée et nutritive aux enfants, aux familles et aux communautés touchées par la pauvreté. Nous croyons que la nutrition est la base d\'une vie saine et d\'un avenir prometteur pour les générations futures.\r\n\r\n<strong>Votre don aujourd\'hui nourrira des vies et créera un avenir plus brillant pour tous. Ensemble, nous pouvons réaliser des miracles. Merci de nous soutenir dans cette noble cause.</strong>\";}s:19:\"payment_information\";a:3:{s:24:\"donation_summary_enabled\";s:8:\"disabled\";s:24:\"donation_summary_heading\";s:35:\"Here\'s what you\'re about to donate:\";s:25:\"donation_summary_location\";s:32:\"give_donation_form_before_submit\";}}'),(3874,18004,'_edit_last','2'),(3875,18004,'_give_levels_minimum_amount','5000.000000'),(3876,18004,'_give_levels_maximum_amount','500000.000000'),(3877,18004,'_give_form_status','open'),(3878,18004,'_give_display_style','buttons'),(3879,18004,'_give_payment_display','modal'),(3880,18004,'_give_reveal_label',''),(3881,18004,'_give_checkout_label','Donnez maintenant'),(3882,18004,'_give_form_floating_labels','global'),(3883,18004,'_give_display_content','enabled'),(3884,18004,'_give_content_placement','give_pre_form'),(3885,18004,'_give_form_content','Ensemble, nous pouvons faire une réelle différence dans la vie de milliers de personnes vivant dans un pays pauvre en leur offrant un accès à une nutrition adéquate. Dans ce pays où tant de familles luttent quotidiennement pour se nourrir, nous voulons faire la différence en leur fournissant des repas équilibrés, des ressources éducatives et des opportunités pour un avenir meilleur. Joignez-vous à nous pour apporter un changement positif et durable dans la vie des plus vulnérables.\r\n\r\nLa campagne \"Nourrir l\'Avenir\" vise à combattre la malnutrition et la faim qui sévissent dans ce pays pauvre. Notre objectif est de fournir une alimentation équilibrée et nutritive aux enfants, aux familles et aux communautés touchées par la pauvreté. Nous croyons que la nutrition est la base d\'une vie saine et d\'un avenir prometteur pour les générations futures.\r\n\r\n<strong>Votre don aujourd\'hui nourrira des vies et créera un avenir plus brillant pour tous. Ensemble, nous pouvons réaliser des miracles. Merci de nous soutenir dans cette noble cause.</strong>'),(3886,18004,'_give_price_option','multi'),(3887,18004,'_give_set_price','1.000000'),(3888,18004,'_give_custom_amount','enabled'),(3889,18004,'_give_custom_amount_range_minimum','5000.000000'),(3890,18004,'_give_custom_amount_range_maximum','500000.000000'),(3891,18004,'_give_custom_amount_text','Ecrivez votre montant'),(3892,18004,'_give_donation_levels','a:5:{i:0;a:3:{s:8:\"_give_id\";a:1:{s:8:\"level_id\";s:1:\"0\";}s:12:\"_give_amount\";s:11:\"5000.000000\";s:10:\"_give_text\";s:0:\"\";}i:1;a:3:{s:8:\"_give_id\";a:1:{s:8:\"level_id\";s:1:\"1\";}s:12:\"_give_amount\";s:12:\"10000.000000\";s:10:\"_give_text\";s:0:\"\";}i:2;a:3:{s:8:\"_give_id\";a:1:{s:8:\"level_id\";s:1:\"2\";}s:12:\"_give_amount\";s:12:\"50000.000000\";s:10:\"_give_text\";s:0:\"\";}i:3;a:3:{s:8:\"_give_id\";a:1:{s:8:\"level_id\";s:1:\"3\";}s:12:\"_give_amount\";s:13:\"100000.000000\";s:10:\"_give_text\";s:0:\"\";}i:4;a:3:{s:8:\"_give_id\";a:1:{s:8:\"level_id\";s:1:\"5\";}s:12:\"_give_amount\";s:13:\"500000.000000\";s:10:\"_give_text\";s:0:\"\";}}'),(3893,18004,'_give_default_gateway','global'),(3894,18004,'_give_name_title_prefix','global'),(3895,18004,'_give_title_prefixes',''),(3896,18004,'_give_company_field','global'),(3897,18004,'_give_anonymous_donation','global'),(3898,18004,'_give_donor_comment','global'),(3899,18004,'_give_logged_in_only','enabled'),(3900,18004,'_give_show_register_form','none'),(3901,18004,'_give_goal_option','enabled'),(3902,18004,'_give_goal_format','amount'),(3903,18004,'_give_set_goal','10000000.000000'),(3904,18004,'_give_number_of_donation_goal','1'),(3905,18004,'_give_number_of_donor_goal','1'),(3906,18004,'_give_goal_color','#2bc253'),(3907,18004,'_give_close_form_when_goal_achieved','disabled'),(3908,18004,'_give_form_goal_achieved_message','Thank you to all our donors, we have met our fundraising goal.'),(3909,18004,'_give_terms_option','enabled'),(3910,18004,'_give_agree_label','Acceptez-vous les termes ?'),(3911,18004,'_give_agree_text','<strong>Termes et Conditions de Collecte de Dons pour l\'ONG ASEP Bénin</strong>\r\n<ol>\r\n 	<li><strong>Introduction</strong></li>\r\n</ol>\r\n1.1 En utilisant notre plateforme de collecte de dons, vous acceptez les présents Termes et Conditions dans leur intégralité. Ces Termes et Conditions régissent votre utilisation de la plateforme de collecte de dons pour l\'ONG ASEP Bénin, ci-après dénommée \"la Plateforme\".\r\n\r\n1.2 L\'ONG ASEP Bénin se réserve le droit de modifier ces Termes et Conditions à tout moment sans préavis. Les modifications prendront effet dès leur publication sur la Plateforme. En continuant à utiliser la Plateforme après de telles modifications, vous acceptez d\'être lié par les Termes et Conditions révisés.\r\n<ol start=\"2\">\r\n 	<li><strong>Collecte de Dons</strong></li>\r\n</ol>\r\n2.1 En faisant un don à l\'ONG ASEP Bénin via la Plateforme, vous confirmez que vous êtes légalement autorisé à effectuer des transactions financières. Vous devez être âgé d\'au moins 18 ans ou avoir l\'autorisation de vos parents ou tuteurs légaux pour faire un don.\r\n\r\n2.2 Lorsque vous faites un don à l\'ONG ASEP Bénin, vous acceptez que votre don soit utilisé conformément à la mission de l\'organisation et aux projets spécifiques en cours. Nous nous engageons à utiliser les dons de manière transparente et responsable dans le cadre de nos activités caritatives.\r\n\r\n2.3 Vous comprenez que l\'ONG ASEP Bénin ne peut garantir que les fonds collectés atteindront un objectif spécifique, et que les dons peuvent être utilisés pour des projets similaires ou pour répondre aux besoins les plus urgents de l\'ONG.\r\n<ol start=\"3\">\r\n 	<li><strong>Sécurité des Données</strong></li>\r\n</ol>\r\n3.1 Lorsque vous effectuez un don via la Plateforme, vos informations personnelles et financières seront traitées de manière sécurisée et conformément à notre Politique de Confidentialité.\r\n\r\n3.2 L\'ONG ASEP Bénin ne stocke pas les informations de carte de crédit sur la Plateforme. Les transactions financières sont gérées par des tiers de confiance, et toutes les informations sensibles sont cryptées pour assurer la sécurité.\r\n<ol start=\"4\">\r\n 	<li><strong>Annulation et Remboursement</strong></li>\r\n</ol>\r\n4.1 Vous avez le droit d\'annuler votre don avant qu\'il ne soit traité et confirmé. Une fois que le don est confirmé, il ne peut généralement pas être annulé ou remboursé. Cependant, si vous avez des questions ou des problèmes concernant votre don, veuillez nous contacter rapidement pour que nous puissions vous aider.\r\n<ol start=\"5\">\r\n 	<li><strong>Responsabilités et Limitations</strong></li>\r\n</ol>\r\n5.1 L\'ONG ASEP Bénin s\'efforce de maintenir la Plateforme opérationnelle et sécurisée. Cependant, nous ne pouvons garantir une disponibilité continue ou une absence d\'erreurs. Nous ne serons pas tenus responsables des pertes ou dommages résultant de l\'utilisation de la Plateforme.\r\n\r\n5.2 Vous reconnaissez que toute information fournie sur la Plateforme concernant nos projets et activités est sujette à changement. Nous nous réservons le droit de modifier, suspendre ou mettre fin à tout projet sans préavis.\r\n<ol start=\"6\">\r\n 	<li><strong>Loi applicable</strong></li>\r\n</ol>\r\n6.1 Ces Termes et Conditions de Collecte de Dons sont régis par les lois de la République du Bénin. Tout litige découlant de l\'utilisation de la Plateforme sera soumis à la juridiction exclusive des tribunaux compétents du Bénin.'),(3912,18004,'_give_customize_offline_donations','global'),(3913,18004,'_give_offline_donation_enable_billing_fields_single','disabled'),(3914,18004,'_give_offline_checkout_notes','To make an offline donation toward this cause, follow these steps::\r\n<ol>\r\n 	<li>Write a check payable to \"{sitename}\"</li>\r\n 	<li>On the memo line of the check, indicate that the donation is for \"{sitename}\"</li>\r\n 	<li>Mail your check to:</li>\r\n</ol>\r\n{offline_mailing_address}\r\n\r\nYour tax-deductible donation is greatly appreciated!'),(3915,18004,'give_stripe_per_form_accounts','disabled'),(3916,18004,'_give_email_options','global'),(3917,18004,'_give_email_template','default'),(3918,18004,'_give_email_logo',''),(3919,18004,'_give_from_name','Alone Covid 19'),(3920,18004,'_give_from_email','quocvietht03@gmail.com'),(3921,18004,'_give_new-donation_notification','global'),(3922,18004,'_give_new-donation_email_subject','New Donation - #{payment_id}'),(3923,18004,'_give_new-donation_email_header','New Donation!'),(3924,18004,'_give_new-donation_email_message','Hi there,\r\n\r\nThis email is to inform you that a new donation has been made on your website: {site_url}.\r\n\r\n<strong>Donor:</strong> {name}\r\n<strong>Donation:</strong> {donation}\r\n<strong>Amount:</strong> {amount}\r\n<strong>Payment Method:</strong> {payment_method}\r\n\r\nThank you,\r\n\r\n{sitename}'),(3925,18004,'_give_new-donation_email_content_type','text/html'),(3926,18004,'_give_new-donation_recipient','a:1:{i:0;a:1:{s:5:\"email\";s:22:\"quocvietht03@gmail.com\";}}'),(3927,18004,'_give_donation-receipt_notification','global'),(3928,18004,'_give_donation-receipt_email_subject','Donation Receipt'),(3929,18004,'_give_donation-receipt_email_header','Donation Receipt'),(3930,18004,'_give_donation-receipt_email_message','Dear {name},\r\n\r\nThank you for your donation. Your generosity is appreciated! Here are the details of your donation:\r\n\r\n<strong>Donor:</strong> {fullname}\r\n<strong>Donation:</strong> {donation}\r\n<strong>Donation Date:</strong> {date}\r\n<strong>Amount:</strong> {amount}\r\n<strong>Payment Method:</strong> {payment_method}\r\n<strong>Payment ID:</strong> {payment_id}\r\n\r\n{receipt_link}\r\n\r\nSincerely,\r\n{sitename}'),(3931,18004,'_give_donation-receipt_email_content_type','text/html'),(3932,18004,'_give_new-offline-donation_notification','global'),(3933,18004,'_give_new-offline-donation_email_subject','New Pending Donation'),(3934,18004,'_give_new-offline-donation_email_header','New Offline Donation!'),(3935,18004,'_give_new-offline-donation_email_message','Hi there,\r\n\r\nThis email is to inform you that a new donation has been made on your website: {site_url}.\r\n\r\n<strong>Donor:</strong> {name}\r\n<strong>Donation:</strong> {donation}\r\n<strong>Amount:</strong> {amount}\r\n<strong>Payment Method:</strong> {payment_method}\r\n\r\nThank you,\r\n\r\n{sitename}'),(3936,18004,'_give_new-offline-donation_email_content_type','text/html'),(3937,18004,'_give_new-offline-donation_recipient','a:1:{i:0;a:1:{s:5:\"email\";s:22:\"quocvietht03@gmail.com\";}}'),(3938,18004,'_give_offline-donation-instruction_notification','global'),(3939,18004,'_give_offline-donation-instruction_email_subject','{donation} - Offline Donation Instructions'),(3940,18004,'_give_offline-donation-instruction_email_header','Offline Donation Instructions'),(3941,18004,'_give_offline-donation-instruction_email_message','Hi {name},\r\n\r\nThank you for letting us know that you\'re mailing a check! Your generosity is greatly appreciated. Here are those steps again:\r\n<ol>\r\n 	<li>Write a check payable to \"{sitename}\"</li>\r\n 	<li>On the memo line of the check, indicate that the donation is for \"{form_title}\"</li>\r\n 	<li>Mail your check to:</li>\r\n</ol>\r\n{offline_mailing_address}\r\n\r\nOnce we receive the check, we will mark it as complete in our system, which will generate an email receipt for your records. Please contact us with any questions you may have!\r\n\r\nThanks in advance!\r\n\r\n{sitename}'),(3942,18004,'_give_offline-donation-instruction_email_content_type','text/html'),(3943,18004,'_give_form_goal_progress','0'),(3944,18004,'_thumbnail_id','18008'),(3945,18004,'_yoast_wpseo_primary_give_forms_category','310'),(3946,18004,'give_style_display_field','1'),(3947,18004,'slide_template',''),(3948,18004,'rs_page_bg_color',''),(3949,18004,'_wp_old_slug','wuhan-people-has-died-from-coronavirus'),(3950,18004,'_cff_oembed_done_checking','1'),(3951,18004,'inline_featured_image','0'),(3952,18004,'_yoast_wpseo_estimated-reading-time-minutes','0'),(3953,18004,'_yoast_wpseo_wordproof_timestamp',''),(3954,18004,'_wp_old_slug','a-new-album-by-rebecca-help-poor-people'),(3955,18004,'_give_last_name_field_required','global'),(3956,18004,'_give_form_grid_option','default'),(3957,18004,'_give_form_grid_redirect_url',''),(3958,18004,'_give_form_grid_donate_button_text',''),(3959,18004,'_give_donation-processing-receipt_notification','global'),(3960,18004,'_give_donation-processing-receipt_email_subject','Donation Processing Receipt'),(3961,18004,'_give_donation-processing-receipt_email_header','Donation Processing Receipt'),(3962,18004,'_give_donation-processing-receipt_email_message','Cher(e) {name} !\r\n\r\nThank you for your donation. Your payment is currently being processed and you will receive a final email receipt once it has completed. Your generosity is appreciated!\r\n\r\nVoici les détails de votre don :\r\n\r\n<strong>Donateur :</strong> {fullname}\r\n<strong>Don :</strong> {donation}\r\n<strong>Date du don :</strong> {date}\r\n<strong>Montant :</strong> {amount}\r\n<strong>Moyen de paiement :</strong> {payment_method}\r\n<strong>ID du paiement :</strong> {payment_id}\r\n\r\n{receipt_link}\r\n\r\nSincerely\r\n{sitename}'),(3963,18004,'_give_donation-processing-receipt_email_content_type','text/html'),(3996,17993,'_wp_trash_meta_status','draft'),(3997,17993,'_wp_trash_meta_time','1690028374'),(3998,17993,'_wp_desired_post_slug',''),(3999,17991,'_wp_trash_meta_status','draft'),(4000,17991,'_wp_trash_meta_time','1690028374'),(4001,17991,'_wp_desired_post_slug',''),(4023,18004,'_wp_old_slug','don-de-kits-scolaires-pour-les-orphelins-et-enfants-vulnerables'),(4087,18003,'_wp_old_slug','don-de-kits-scolaires-pour-les-orphelins-et-enfants-vulnerables');

--
